CRAN Package Check Results for Package acc

Last updated on 2020-09-25 16:50:00 CEST.

Flavor Version Tinstall Tcheck Ttotal Status Flags
r-devel-linux-x86_64-debian-clang 1.3.3 71.79 73.52 145.31 OK
r-devel-linux-x86_64-debian-gcc 1.3.3 50.80 55.89 106.69 OK
r-devel-linux-x86_64-fedora-clang 1.3.3 195.10 NOTE
r-devel-linux-x86_64-fedora-gcc 1.3.3 176.81 NOTE
r-devel-windows-ix86+x86_64 1.3.3 163.00 144.00 307.00 OK
r-patched-linux-x86_64 1.3.3 54.87 68.17 123.04 OK
r-patched-solaris-x86 1.3.3 194.00 OK
r-release-linux-x86_64 1.3.3 55.46 67.66 123.12 OK
r-release-macos-x86_64 1.3.3 OK
r-release-windows-ix86+x86_64 1.3.3 145.00 144.00 289.00 OK
r-oldrel-macos-x86_64 1.3.3 OK
r-oldrel-windows-ix86+x86_64 1.3.3 144.00 129.00 273.00 OK

Check Details

Version: 1.3.3
Check: compiled code
Result: NOTE
    File ‘acc/libs/acc.so’:
     Found no calls to: ‘R_registerRoutines’, ‘R_useDynamicSymbols’
    
    It is good practice to register native routines and to disable symbol
    search.
    
    See ‘Writing portable packages’ in the ‘Writing R Extensions’ manual.
Flavors: r-devel-linux-x86_64-fedora-clang, r-devel-linux-x86_64-fedora-gcc