CRAN Package Check Results for Package accelmissing

Last updated on 2021-01-16 03:49:36 CET.

Flavor Version Tinstall Tcheck Ttotal Status Flags
r-devel-linux-x86_64-debian-clang 1.4 7.21 65.55 72.76 NOTE
r-devel-linux-x86_64-debian-gcc 1.4 5.51 54.04 59.55 NOTE
r-devel-linux-x86_64-fedora-clang 1.4 96.58 NOTE
r-devel-linux-x86_64-fedora-gcc 1.4 83.31 NOTE
r-devel-windows-ix86+x86_64 1.4 9.00 69.00 78.00 OK
r-patched-linux-x86_64 1.4 6.69 62.44 69.13 NOTE
r-patched-solaris-x86 1.4 125.10 NOTE
r-release-linux-x86_64 1.4 7.35 61.80 69.15 NOTE
r-release-macos-x86_64 1.4 OK
r-release-windows-ix86+x86_64 1.4 14.00 70.00 84.00 OK
r-oldrel-macos-x86_64 1.4 OK
r-oldrel-windows-ix86+x86_64 1.4 9.00 65.00 74.00 OK

Check Details

Version: 1.4
Check: for non-standard things in the check directory
Result: NOTE
    Found the following files/directories:
     'acceldata2.RData'
Flavors: r-devel-linux-x86_64-debian-clang, r-devel-linux-x86_64-debian-gcc, r-devel-linux-x86_64-fedora-clang, r-devel-linux-x86_64-fedora-gcc, r-patched-linux-x86_64, r-patched-solaris-x86, r-release-linux-x86_64