CRAN Package Check Results for Package accrual

Last updated on 2019-11-18 20:47:11 CET.

Flavor Version Tinstall Tcheck Ttotal Status Flags
r-devel-linux-x86_64-debian-clang 1.3 9.23 70.68 79.91 OK
r-devel-linux-x86_64-debian-gcc 1.3 7.53 56.36 63.89 OK
r-devel-linux-x86_64-fedora-clang 1.3 94.06 OK
r-devel-linux-x86_64-fedora-gcc 1.3 97.34 OK
r-devel-windows-ix86+x86_64 1.3 27.00 104.00 131.00 OK
r-patched-linux-x86_64 1.3 7.63 66.78 74.41 OK
r-patched-solaris-x86 1.3 149.90 OK
r-release-linux-x86_64 1.3 8.50 67.10 75.60 OK
r-release-windows-ix86+x86_64 1.3 15.00 107.00 122.00 OK
r-release-osx-x86_64 1.3 FAIL
r-oldrel-windows-ix86+x86_64 1.3 13.00 104.00 117.00 OK
r-oldrel-osx-x86_64 1.3 OK

Check Details

Version: 1.3
Check: whether package can be installed
Result: FAIL
    
Flavor: r-release-osx-x86_64