CRAN Package Check Results for Package acrt

Last updated on 2019-11-18 20:47:11 CET.

Flavor Version Tinstall Tcheck Ttotal Status Flags
r-devel-linux-x86_64-debian-clang 1.0.1 63.91 27.74 91.65 OK
r-devel-linux-x86_64-debian-gcc 1.0.1 47.09 23.43 70.52 OK
r-devel-linux-x86_64-fedora-clang 1.0.1 140.40 NOTE
r-devel-linux-x86_64-fedora-gcc 1.0.1 124.77 NOTE
r-devel-windows-ix86+x86_64 1.0.1 149.00 79.00 228.00 OK
r-patched-linux-x86_64 1.0.1 47.22 27.17 74.39 OK
r-patched-solaris-x86 1.0.1 117.50 OK
r-release-linux-x86_64 1.0.1 51.39 27.24 78.63 OK
r-release-windows-ix86+x86_64 1.0.1 106.00 78.00 184.00 OK
r-release-osx-x86_64 1.0.1 NOTE
r-oldrel-windows-ix86+x86_64 1.0.1 97.00 79.00 176.00 OK
r-oldrel-osx-x86_64 1.0.1 NOTE

Check Details

Version: 1.0.1
Check: installed package size
Result: NOTE
     installed size is 6.9Mb
     sub-directories of 1Mb or more:
     libs 6.7Mb
Flavors: r-devel-linux-x86_64-fedora-clang, r-release-osx-x86_64, r-oldrel-osx-x86_64

Version: 1.0.1
Check: compiled code
Result: NOTE
    File ‘acrt/libs/acrt.so’:
     Found no calls to: ‘R_registerRoutines’, ‘R_useDynamicSymbols’
    
    It is good practice to register native routines and to disable symbol
    search.
    
    See ‘Writing portable packages’ in the ‘Writing R Extensions’ manual.
Flavors: r-devel-linux-x86_64-fedora-clang, r-devel-linux-x86_64-fedora-gcc