CRAN Package Check Results for Package acrt

Last updated on 2020-06-06 04:48:38 CEST.

Flavor Version Tinstall Tcheck Ttotal Status Flags
r-devel-linux-x86_64-debian-clang 1.0.1 72.00 28.93 100.93 OK
r-devel-linux-x86_64-debian-gcc 1.0.1 50.13 24.22 74.35 OK
r-devel-linux-x86_64-fedora-clang 1.0.1 143.93 NOTE
r-devel-linux-x86_64-fedora-gcc 1.0.1 120.70 NOTE
r-devel-windows-ix86+x86_64 1.0.1 163.00 101.00 264.00 OK
r-patched-linux-x86_64 1.0.1 52.99 30.73 83.72 OK
r-patched-solaris-x86 1.0.1 118.20 OK
r-release-linux-x86_64 1.0.1 53.75 30.03 83.78 OK
r-release-osx-x86_64 1.0.1 NOTE
r-release-windows-ix86+x86_64 1.0.1 155.00 91.00 246.00 OK
r-oldrel-osx-x86_64 1.0.1 NOTE
r-oldrel-windows-ix86+x86_64 1.0.1 161.00 59.00 220.00 OK

Check Details

Version: 1.0.1
Check: installed package size
Result: NOTE
     installed size is 7.2Mb
     sub-directories of 1Mb or more:
     libs 7.0Mb
Flavors: r-devel-linux-x86_64-fedora-clang, r-release-osx-x86_64, r-oldrel-osx-x86_64

Version: 1.0.1
Check: compiled code
Result: NOTE
    File ‘acrt/libs/acrt.so’:
     Found no calls to: ‘R_registerRoutines’, ‘R_useDynamicSymbols’
    
    It is good practice to register native routines and to disable symbol
    search.
    
    See ‘Writing portable packages’ in the ‘Writing R Extensions’ manual.
Flavors: r-devel-linux-x86_64-fedora-clang, r-devel-linux-x86_64-fedora-gcc