CRAN Package Check Results for Package acs

Last updated on 2020-06-06 04:48:38 CEST.

Flavor Version Tinstall Tcheck Ttotal Status Flags
r-devel-linux-x86_64-debian-clang 2.1.4 10.17 49.69 59.86 OK
r-devel-linux-x86_64-debian-gcc 2.1.4 8.19 38.89 47.08 OK
r-devel-linux-x86_64-fedora-clang 2.1.4 80.53 NOTE
r-devel-linux-x86_64-fedora-gcc 2.1.4 70.74 NOTE
r-devel-windows-ix86+x86_64 2.1.4 29.00 67.00 96.00 OK
r-patched-linux-x86_64 2.1.4 8.31 51.08 59.39 OK
r-patched-solaris-x86 2.1.4 103.80 OK
r-release-linux-x86_64 2.1.4 9.78 50.13 59.91 OK
r-release-osx-x86_64 2.1.4 OK
r-release-windows-ix86+x86_64 2.1.4 25.00 83.00 108.00 OK
r-oldrel-osx-x86_64 2.1.4 OK
r-oldrel-windows-ix86+x86_64 2.1.4 22.00 60.00 82.00 OK

Check Details

Version: 2.1.4
Check: top-level files
Result: NOTE
    ‘configure’: /bin/bash is not portable
Flavors: r-devel-linux-x86_64-fedora-clang, r-devel-linux-x86_64-fedora-gcc