CRAN Package Check Results for Package acs

Last updated on 2019-11-18 20:47:11 CET.

Flavor Version Tinstall Tcheck Ttotal Status Flags
r-devel-linux-x86_64-debian-clang 2.1.4 9.05 47.38 56.43 OK
r-devel-linux-x86_64-debian-gcc 2.1.4 6.76 38.15 44.91 OK
r-devel-linux-x86_64-fedora-clang 2.1.4 65.23 NOTE
r-devel-linux-x86_64-fedora-gcc 2.1.4 67.78 NOTE
r-devel-windows-ix86+x86_64 2.1.4 21.00 81.00 102.00 OK
r-patched-linux-x86_64 2.1.4 7.16 44.57 51.73 OK
r-patched-solaris-x86 2.1.4 98.40 OK
r-release-linux-x86_64 2.1.4 7.23 44.53 51.76 OK
r-release-windows-ix86+x86_64 2.1.4 14.00 80.00 94.00 OK
r-release-osx-x86_64 2.1.4 OK
r-oldrel-windows-ix86+x86_64 2.1.4 10.00 76.00 86.00 OK
r-oldrel-osx-x86_64 2.1.4 OK

Check Details

Version: 2.1.4
Check: top-level files
Result: NOTE
    ‘configure’: /bin/bash is not portable
Flavors: r-devel-linux-x86_64-fedora-clang, r-devel-linux-x86_64-fedora-gcc