CRAN Package Check Results for Package acss.data

Last updated on 2019-11-21 23:48:33 CET.

Flavor Version Tinstall Tcheck Ttotal Status Flags
r-devel-linux-x86_64-debian-clang 1.0 164.07 87.61 251.68 OK
r-devel-linux-x86_64-debian-gcc 1.0 146.31 77.61 223.92 OK
r-devel-linux-x86_64-fedora-clang 1.0 353.09 NOTE
r-devel-linux-x86_64-fedora-gcc 1.0 358.96 OK
r-devel-windows-ix86+x86_64 1.0 242.00 96.00 338.00 NOTE
r-devel-windows-ix86+x86_64-gcc8 1.0 260.00 91.00 351.00 NOTE
r-patched-linux-x86_64 1.0 167.37 85.74 253.11 OK
r-patched-solaris-x86 1.0 761.70 NOTE
r-release-linux-x86_64 1.0 165.90 87.21 253.11 OK
r-release-windows-ix86+x86_64 1.0 232.00 112.00 344.00 NOTE
r-release-osx-x86_64 1.0 NOTE
r-oldrel-windows-ix86+x86_64 1.0 213.00 83.00 296.00 NOTE
r-oldrel-osx-x86_64 1.0 NOTE

Check Details

Version: 1.0
Check: installed package size
Result: NOTE
     installed size is 13.7Mb
     sub-directories of 1Mb or more:
     R 13.6Mb
Flavors: r-devel-linux-x86_64-fedora-clang, r-devel-windows-ix86+x86_64, r-devel-windows-ix86+x86_64-gcc8, r-patched-solaris-x86, r-release-windows-ix86+x86_64, r-release-osx-x86_64, r-oldrel-windows-ix86+x86_64, r-oldrel-osx-x86_64