CRAN Package Check Results for Package acss.data

Last updated on 2020-09-30 08:48:36 CEST.

Flavor Version Tinstall Tcheck Ttotal Status Flags
r-devel-linux-x86_64-debian-clang 1.0 164.73 99.05 263.78 OK
r-devel-linux-x86_64-debian-gcc 1.0 153.62 84.83 238.45 OK
r-devel-linux-x86_64-fedora-clang 1.0 387.73 NOTE
r-devel-linux-x86_64-fedora-gcc 1.0 359.49 OK
r-devel-windows-ix86+x86_64 1.0 239.00 100.00 339.00 NOTE
r-patched-linux-x86_64 1.0 168.53 87.77 256.30 OK
r-patched-solaris-x86 1.0 818.50 NOTE
r-release-linux-x86_64 1.0 160.16 89.31 249.47 OK
r-release-macos-x86_64 1.0 NOTE
r-release-windows-ix86+x86_64 1.0 205.00 89.00 294.00 NOTE
r-oldrel-macos-x86_64 1.0 NOTE
r-oldrel-windows-ix86+x86_64 1.0 232.00 112.00 344.00 NOTE

Check Details

Version: 1.0
Check: installed package size
Result: NOTE
     installed size is 14.0Mb
     sub-directories of 1Mb or more:
     R 13.9Mb
Flavors: r-devel-linux-x86_64-fedora-clang, r-devel-windows-ix86+x86_64, r-patched-solaris-x86, r-release-macos-x86_64, r-release-windows-ix86+x86_64, r-oldrel-macos-x86_64, r-oldrel-windows-ix86+x86_64