CRAN Package Check Results for Package adagio

Last updated on 2020-06-06 04:48:39 CEST.

Flavor Version Tinstall Tcheck Ttotal Status Flags
r-devel-linux-x86_64-debian-clang 0.7.1 5.29 28.43 33.72 OK
r-devel-linux-x86_64-debian-gcc 0.7.1 4.41 21.78 26.19 OK
r-devel-linux-x86_64-fedora-clang 0.7.1 49.87 NOTE
r-devel-linux-x86_64-fedora-gcc 0.7.1 41.19 NOTE
r-devel-windows-ix86+x86_64 0.7.1 18.00 53.00 71.00 OK
r-patched-linux-x86_64 0.7.1 4.87 28.57 33.44 OK
r-patched-solaris-x86 0.7.1 67.70 OK
r-release-linux-x86_64 0.7.1 5.65 28.55 34.20 OK
r-release-osx-x86_64 0.7.1 OK
r-release-windows-ix86+x86_64 0.7.1 13.00 51.00 64.00 OK
r-oldrel-osx-x86_64 0.7.1 OK
r-oldrel-windows-ix86+x86_64 0.7.1 14.00 66.00 80.00 OK

Check Details

Version: 0.7.1
Check: compiled code
Result: NOTE
    File ‘adagio/libs/adagio.so’:
     Found no calls to: ‘R_registerRoutines’, ‘R_useDynamicSymbols’
    
    It is good practice to register native routines and to disable symbol
    search.
    
    See ‘Writing portable packages’ in the ‘Writing R Extensions’ manual.
Flavors: r-devel-linux-x86_64-fedora-clang, r-devel-linux-x86_64-fedora-gcc