CRAN Package Check Results for Package adagio

Last updated on 2019-11-18 20:47:11 CET.

Flavor Version Tinstall Tcheck Ttotal Status Flags
r-devel-linux-x86_64-debian-clang 0.7.1 5.41 27.08 32.49 OK
r-devel-linux-x86_64-debian-gcc 0.7.1 3.65 21.44 25.09 OK
r-devel-linux-x86_64-fedora-clang 0.7.1 38.93 NOTE
r-devel-linux-x86_64-fedora-gcc 0.7.1 39.85 NOTE
r-devel-windows-ix86+x86_64 0.7.1 12.00 49.00 61.00 OK
r-patched-linux-x86_64 0.7.1 4.72 25.95 30.67 OK
r-patched-solaris-x86 0.7.1 59.00 OK
r-release-linux-x86_64 0.7.1 4.66 26.15 30.81 OK
r-release-windows-ix86+x86_64 0.7.1 14.00 66.00 80.00 OK
r-release-osx-x86_64 0.7.1 OK
r-oldrel-windows-ix86+x86_64 0.7.1 10.00 42.00 52.00 OK
r-oldrel-osx-x86_64 0.7.1 OK

Check Details

Version: 0.7.1
Check: compiled code
Result: NOTE
    File ‘adagio/libs/adagio.so’:
     Found no calls to: ‘R_registerRoutines’, ‘R_useDynamicSymbols’
    
    It is good practice to register native routines and to disable symbol
    search.
    
    See ‘Writing portable packages’ in the ‘Writing R Extensions’ manual.
Flavors: r-devel-linux-x86_64-fedora-clang, r-devel-linux-x86_64-fedora-gcc