CRAN Package Check Results for Package adamethods

Last updated on 2020-12-01 23:48:21 CET.

Flavor Version Tinstall Tcheck Ttotal Status Flags
r-devel-linux-x86_64-debian-clang 1.2.1 23.73 138.88 162.61 OK
r-devel-linux-x86_64-debian-gcc 1.2.1 15.92 110.92 126.84 OK
r-devel-linux-x86_64-fedora-clang 1.2.1 207.20 OK
r-devel-linux-x86_64-fedora-gcc 1.2.1 188.08 OK
r-devel-windows-ix86+x86_64 1.2.1 38.00 169.00 207.00 OK
r-patched-linux-x86_64 1.2.1 14.03 131.23 145.26 OK
r-patched-solaris-x86 1.2.1 267.20 OK
r-release-linux-x86_64 1.2.1 13.77 130.86 144.63 OK
r-release-macos-x86_64 1.2.1 OK
r-release-windows-ix86+x86_64 1.2.1 27.00 125.00 152.00 OK
r-oldrel-macos-x86_64 1.2.1 WARN
r-oldrel-windows-ix86+x86_64 1.2.1 38.00 157.00 195.00 OK

Check Details

Version: 1.2.1
Check: whether package can be installed
Result: WARN
    Found the following significant warnings:
     Warning: 'rgl.init' failed, running with 'rgl.useNULL = TRUE'.
Flavor: r-oldrel-macos-x86_64