CRAN Package Check Results for Package adamethods

Last updated on 2019-11-21 19:48:32 CET.

Flavor Version Tinstall Tcheck Ttotal Status Flags
r-devel-linux-x86_64-debian-clang 1.2 15.69 116.25 131.94 OK
r-devel-linux-x86_64-debian-gcc 1.2 13.57 93.92 107.49 OK
r-devel-linux-x86_64-fedora-clang 1.2 114.61 OK
r-devel-linux-x86_64-fedora-gcc 1.2 156.97 OK
r-devel-windows-ix86+x86_64 1.2 57.00 194.00 251.00 OK
r-devel-windows-ix86+x86_64-gcc8 1.2 48.00 133.00 181.00 OK
r-patched-linux-x86_64 1.2 15.18 110.49 125.67 OK
r-patched-solaris-x86 1.2 237.00 OK
r-release-linux-x86_64 1.2 15.03 109.51 124.54 OK
r-release-windows-ix86+x86_64 1.2 68.00 200.00 268.00 OK
r-release-osx-x86_64 1.2 WARN
r-oldrel-windows-ix86+x86_64 1.2 17.00 218.00 235.00 OK
r-oldrel-osx-x86_64 1.2 WARN

Check Details

Version: 1.2
Check: whether package can be installed
Result: WARN
    Found the following significant warnings:
     Warning: 'rgl_init' failed, running with rgl.useNULL = TRUE
Flavors: r-release-osx-x86_64, r-oldrel-osx-x86_64