CRAN Package Check Results for Package adaptMT

Last updated on 2020-05-31 00:46:58 CEST.

Flavor Version Tinstall Tcheck Ttotal Status Flags
r-devel-linux-x86_64-debian-clang 1.0.0 3.89 270.79 274.68 OK
r-devel-linux-x86_64-debian-gcc 1.0.0 2.60 196.16 198.76 OK
r-devel-linux-x86_64-fedora-clang 1.0.0 331.94 OK
r-devel-linux-x86_64-fedora-gcc 1.0.0 323.45 OK
r-devel-windows-ix86+x86_64 1.0.0 10.00 351.00 361.00 OK
r-patched-linux-x86_64 1.0.0 3.84 262.03 265.87 OK
r-patched-solaris-x86 1.0.0 604.40 OK
r-release-linux-x86_64 1.0.0 3.39 266.15 269.54 OK
r-release-osx-x86_64 1.0.0 OK
r-release-windows-ix86+x86_64 1.0.0 9.00 306.00 315.00 OK
r-oldrel-osx-x86_64 1.0.0 WARN
r-oldrel-windows-ix86+x86_64 1.0.0 9.00 337.00 346.00 OK

Check Details

Version: 1.0.0
Check: re-building of vignette outputs
Result: WARN
    Error(s) in re-building vignettes:
     ...
    --- re-building ‘adapt_demo.Rmd’ using rmarkdown
    Warning in engine$weave(file, quiet = quiet, encoding = enc) :
     Pandoc (>= 1.12.3) and/or pandoc-citeproc not available. Falling back to R Markdown v1.
    Error: processing vignette 'adapt_demo.Rmd' failed with diagnostics:
    there is no package called 'stringi'
    --- failed re-building ‘adapt_demo.Rmd’
    
    SUMMARY: processing the following file failed:
     ‘adapt_demo.Rmd’
    
    Error: Vignette re-building failed.
    Execution halted
Flavor: r-oldrel-osx-x86_64