CRAN Package Check Results for Package adaptMT

Last updated on 2019-11-18 20:47:11 CET.

Flavor Version Tinstall Tcheck Ttotal Status Flags
r-devel-linux-x86_64-debian-clang 1.0.0 3.52 274.27 277.79 OK
r-devel-linux-x86_64-debian-gcc 1.0.0 2.64 197.42 200.06 OK
r-devel-linux-x86_64-fedora-clang 1.0.0 325.55 OK
r-devel-linux-x86_64-fedora-gcc 1.0.0 331.46 OK
r-devel-windows-ix86+x86_64 1.0.0 10.00 372.00 382.00 OK
r-patched-linux-x86_64 1.0.0 2.73 260.51 263.24 OK
r-patched-solaris-x86 1.0.0 581.30 OK
r-release-linux-x86_64 1.0.0 2.96 266.53 269.49 OK
r-release-windows-ix86+x86_64 1.0.0 10.00 290.00 300.00 OK
r-release-osx-x86_64 1.0.0 WARN
r-oldrel-windows-ix86+x86_64 1.0.0 6.00 296.00 302.00 OK
r-oldrel-osx-x86_64 1.0.0 OK

Check Details

Version: 1.0.0
Check: re-building of vignette outputs
Result: WARN
    Error(s) in re-building vignettes:
     ...
    --- re-building ‘adapt_demo.Rmd’ using rmarkdown
    Warning in engine$weave(file, quiet = quiet, encoding = enc) :
     Pandoc (>= 1.12.3) and/or pandoc-citeproc not available. Falling back to R Markdown v1.
    Error: processing vignette 'adapt_demo.Rmd' failed with diagnostics:
    there is no package called 'stringi'
    --- failed re-building ‘adapt_demo.Rmd’
    
    SUMMARY: processing the following file failed:
     ‘adapt_demo.Rmd’
    
    Error: Vignette re-building failed.
    Execution halted
Flavor: r-release-osx-x86_64