CRAN Package Check Results for Package addhazard

Last updated on 2018-09-25 20:47:37 CEST.

Flavor Version Tinstall Tcheck Ttotal Status Flags
r-devel-linux-x86_64-debian-clang 1.1.0 4.62 61.66 66.28 OK
r-devel-linux-x86_64-debian-gcc 1.1.0 3.84 47.92 51.76 OK
r-devel-linux-x86_64-fedora-clang 1.1.0 76.19 OK
r-devel-linux-x86_64-fedora-gcc 1.1.0 78.89 OK
r-devel-windows-ix86+x86_64 1.1.0 11.00 97.00 108.00 OK
r-patched-linux-x86_64 1.1.0 4.52 32.49 37.01 NOTE
r-patched-solaris-x86 1.1.0 103.20 OK
r-release-linux-x86_64 1.1.0 4.21 50.21 54.42 NOTE
r-release-windows-ix86+x86_64 1.1.0 12.00 78.00 90.00 OK
r-release-osx-x86_64 1.1.0 OK
r-oldrel-windows-ix86+x86_64 1.1.0 7.00 85.00 92.00 OK
r-oldrel-osx-x86_64 1.1.0 OK

Check Details

Version: 1.1.0
Check: DESCRIPTION meta-information
Result: NOTE
    Dependence on R version ‘3.3.1’ not with patchlevel 0
Flavors: r-patched-linux-x86_64, r-release-linux-x86_64