CRAN Package Check Results for Package addhazard

Last updated on 2018-12-12 10:50:54 CET.

Flavor Version Tinstall Tcheck Ttotal Status Flags
r-devel-linux-x86_64-debian-clang 1.1.0 5.04 53.34 58.38 OK
r-devel-linux-x86_64-debian-gcc 1.1.0 4.35 42.32 46.67 OK
r-devel-linux-x86_64-fedora-clang 1.1.0 69.93 OK
r-devel-linux-x86_64-fedora-gcc 1.1.0 64.97 OK
r-devel-windows-ix86+x86_64 1.1.0 10.00 66.00 76.00 OK
r-patched-linux-x86_64 1.1.0 3.88 50.79 54.67 NOTE
r-patched-solaris-x86 1.1.0 107.70 OK
r-release-linux-x86_64 1.1.0 4.23 50.25 54.48 NOTE
r-release-windows-ix86+x86_64 1.1.0 10.00 83.00 93.00 OK
r-release-osx-x86_64 1.1.0 OK
r-oldrel-windows-ix86+x86_64 1.1.0 7.00 81.00 88.00 OK
r-oldrel-osx-x86_64 1.1.0 OK

Check Details

Version: 1.1.0
Check: DESCRIPTION meta-information
Result: NOTE
    Dependence on R version ‘3.3.1’ not with patchlevel 0
Flavors: r-patched-linux-x86_64, r-release-linux-x86_64