CRAN Package Check Results for Package additivityTests

Last updated on 2020-09-30 16:47:19 CEST.

Flavor Version Tinstall Tcheck Ttotal Status Flags
r-devel-linux-x86_64-debian-clang 1.1-4 2.17 39.20 41.37 NOTE
r-devel-linux-x86_64-debian-gcc 1.1-4 1.85 29.02 30.87 NOTE
r-devel-linux-x86_64-fedora-clang 1.1-4 60.87 NOTE
r-devel-linux-x86_64-fedora-gcc 1.1-4 47.85 NOTE
r-devel-windows-ix86+x86_64 1.1-4 6.00 55.00 61.00 NOTE
r-patched-linux-x86_64 1.1-4 2.18 37.17 39.35 NOTE
r-patched-solaris-x86 1.1-4 67.60 NOTE
r-release-linux-x86_64 1.1-4 2.02 37.33 39.35 NOTE
r-release-macos-x86_64 1.1-4 NOTE
r-release-windows-ix86+x86_64 1.1-4 5.00 58.00 63.00 NOTE
r-oldrel-macos-x86_64 1.1-4 NOTE
r-oldrel-windows-ix86+x86_64 1.1-4 16.00 65.00 81.00 NOTE

Check Details

Version: 1.1-4
Check: R code for possible problems
Result: NOTE
    critical.values: no visible global function definition for 'rnorm'
    critical.values: no visible global function definition for 'quantile'
    mandel.test: no visible global function definition for 'qf'
    mtukey.test : p.test: no visible global function definition for 'qf'
    mtukey.test: no visible binding for global variable 'quantile'
    mtukey.test: no visible global function definition for 'rnorm'
    tukey.test: no visible global function definition for 'qf'
    Undefined global functions or variables:
     qf quantile rnorm
    Consider adding
     importFrom("stats", "qf", "quantile", "rnorm")
    to your NAMESPACE file.
Flavors: r-devel-linux-x86_64-debian-clang, r-devel-linux-x86_64-debian-gcc, r-devel-linux-x86_64-fedora-clang, r-devel-linux-x86_64-fedora-gcc, r-devel-windows-ix86+x86_64, r-patched-linux-x86_64, r-patched-solaris-x86, r-release-linux-x86_64, r-release-macos-x86_64, r-release-windows-ix86+x86_64, r-oldrel-macos-x86_64, r-oldrel-windows-ix86+x86_64