CRAN Package Check Results for Package ade4

Last updated on 2020-12-01 23:48:21 CET.

Flavor Version Tinstall Tcheck Ttotal Status Flags
r-devel-linux-x86_64-debian-clang 1.7-16 65.84 329.09 394.93 OK
r-devel-linux-x86_64-debian-gcc 1.7-16 35.81 244.38 280.19 OK
r-devel-linux-x86_64-fedora-clang 1.7-16 479.68 NOTE
r-devel-linux-x86_64-fedora-gcc 1.7-16 446.25 NOTE
r-devel-windows-ix86+x86_64 1.7-16 82.00 627.00 709.00 NOTE
r-patched-linux-x86_64 1.7-16 40.21 308.27 348.48 OK
r-patched-solaris-x86 1.7-16 563.40 NOTE
r-release-linux-x86_64 1.7-16 43.77 307.78 351.55 OK
r-release-macos-x86_64 1.7-16 NOTE
r-release-windows-ix86+x86_64 1.7-16 73.00 497.00 570.00 NOTE
r-oldrel-macos-x86_64 1.7-16 NOTE
r-oldrel-windows-ix86+x86_64 1.7-16 69.00 600.00 669.00 NOTE

Check Details

Version: 1.7-16
Check: installed package size
Result: NOTE
     installed size is 7.8Mb
     sub-directories of 1Mb or more:
     R 1.4Mb
     data 2.8Mb
     pictures 2.1Mb
Flavors: r-devel-linux-x86_64-fedora-clang, r-devel-windows-ix86+x86_64, r-patched-solaris-x86, r-release-macos-x86_64, r-release-windows-ix86+x86_64, r-oldrel-macos-x86_64, r-oldrel-windows-ix86+x86_64

Version: 1.7-16
Check: dependencies in R code
Result: NOTE
    Namespace in Imports field not imported from: ‘sp’
     All declared Imports should be used.
Flavors: r-devel-linux-x86_64-fedora-clang, r-devel-linux-x86_64-fedora-gcc, r-patched-solaris-x86, r-release-macos-x86_64

Version: 1.7-16
Check: dependencies in R code
Result: NOTE
    No protocol specified
    No protocol specified
    No protocol specified
    No protocol specified
    Namespace in Imports field not imported from: ‘sp’
     All declared Imports should be used.
Flavor: r-oldrel-macos-x86_64