CRAN Package Check Results for Package ade4

Last updated on 2019-11-21 23:48:33 CET.

Flavor Version Tinstall Tcheck Ttotal Status Flags
r-devel-linux-x86_64-debian-clang 1.7-13 47.16 290.78 337.94 OK
r-devel-linux-x86_64-debian-gcc 1.7-13 38.22 229.55 267.77 OK
r-devel-linux-x86_64-fedora-clang 1.7-13 384.65 NOTE
r-devel-linux-x86_64-fedora-gcc 1.7-13 406.03 OK
r-devel-windows-ix86+x86_64 1.7-13 91.00 600.00 691.00 NOTE
r-devel-windows-ix86+x86_64-gcc8 1.7-13 91.00 453.00 544.00 NOTE
r-patched-linux-x86_64 1.7-13 39.19 276.19 315.38 OK
r-patched-solaris-x86 1.7-13 519.60 NOTE
r-release-linux-x86_64 1.7-13 38.72 280.48 319.20 OK
r-release-windows-ix86+x86_64 1.7-13 68.00 635.00 703.00 NOTE
r-release-osx-x86_64 1.7-13 NOTE
r-oldrel-windows-ix86+x86_64 1.7-13 94.00 309.00 403.00 NOTE
r-oldrel-osx-x86_64 1.7-13 NOTE

Check Details

Version: 1.7-13
Check: installed package size
Result: NOTE
     installed size is 7.8Mb
     sub-directories of 1Mb or more:
     R 1.4Mb
     data 2.8Mb
     pictures 2.1Mb
Flavors: r-devel-linux-x86_64-fedora-clang, r-devel-windows-ix86+x86_64, r-devel-windows-ix86+x86_64-gcc8, r-patched-solaris-x86, r-release-windows-ix86+x86_64, r-release-osx-x86_64, r-oldrel-windows-ix86+x86_64, r-oldrel-osx-x86_64