CRAN Package Check Results for Package adegraphics

Last updated on 2019-11-12 20:48:54 CET.

Flavor Version Tinstall Tcheck Ttotal Status Flags
r-devel-linux-x86_64-debian-clang 1.0-15 29.17 315.03 344.20 OK
r-devel-linux-x86_64-debian-gcc 1.0-15 24.95 232.42 257.37 OK
r-devel-linux-x86_64-fedora-clang 1.0-15 391.18 OK
r-devel-linux-x86_64-fedora-gcc 1.0-15 395.15 OK
r-devel-windows-ix86+x86_64 1.0-15 56.00 422.00 478.00 OK
r-patched-linux-x86_64 1.0-15 25.95 299.19 325.14 OK
r-patched-solaris-x86 1.0-15 508.60 NOTE
r-release-linux-x86_64 1.0-15 26.20 300.87 327.07 OK
r-release-windows-ix86+x86_64 1.0-15 51.00 325.00 376.00 OK
r-release-osx-x86_64 1.0-15 OK
r-oldrel-windows-ix86+x86_64 1.0-15 33.00 318.00 351.00 OK
r-oldrel-osx-x86_64 1.0-15 OK

Check Details

Version: 1.0-15
Check: installed package size
Result: NOTE
     installed size is 5.1Mb
     sub-directories of 1Mb or more:
     R 1.5Mb
     doc 3.0Mb
Flavor: r-patched-solaris-x86