CRAN Package Check Results for Package adehabitatMA

Last updated on 2020-12-01 23:48:21 CET.

Flavor Version Tinstall Tcheck Ttotal Status Flags
r-devel-linux-x86_64-debian-clang 0.3.14 10.70 60.02 70.72 OK
r-devel-linux-x86_64-debian-gcc 0.3.14 6.28 46.02 52.30 OK
r-devel-linux-x86_64-fedora-clang 0.3.14 87.45 NOTE
r-devel-linux-x86_64-fedora-gcc 0.3.14 76.66 NOTE
r-devel-windows-ix86+x86_64 0.3.14 19.00 102.00 121.00 OK
r-patched-linux-x86_64 0.3.14 8.86 57.11 65.97 OK
r-patched-solaris-x86 0.3.14 111.30 NOTE
r-release-linux-x86_64 0.3.14 8.52 56.81 65.33 OK
r-release-macos-x86_64 0.3.14 NOTE
r-release-windows-ix86+x86_64 0.3.14 22.00 84.00 106.00 OK
r-oldrel-macos-x86_64 0.3.14 NOTE
r-oldrel-windows-ix86+x86_64 0.3.14 13.00 96.00 109.00 OK

Check Details

Version: 0.3.14
Check: dependencies in R code
Result: NOTE
    Namespace in Imports field not imported from: ‘filehash’
     All declared Imports should be used.
Flavors: r-devel-linux-x86_64-fedora-clang, r-devel-linux-x86_64-fedora-gcc, r-patched-solaris-x86, r-release-macos-x86_64

Version: 0.3.14
Check: dependencies in R code
Result: NOTE
    No protocol specified
    No protocol specified
    No protocol specified
    No protocol specified
    Namespace in Imports field not imported from: ‘filehash’
     All declared Imports should be used.
Flavor: r-oldrel-macos-x86_64