CRAN Package Check Results for Package adehabitatMA

Last updated on 2019-11-21 23:48:33 CET.

Flavor Version Tinstall Tcheck Ttotal Status Flags
r-devel-linux-x86_64-debian-clang 0.3.13 8.26 52.06 60.32 OK
r-devel-linux-x86_64-debian-gcc 0.3.13 5.98 41.96 47.94 OK
r-devel-linux-x86_64-fedora-clang 0.3.13 72.65 NOTE
r-devel-linux-x86_64-fedora-gcc 0.3.13 72.75 NOTE
r-devel-windows-ix86+x86_64 0.3.13 35.00 118.00 153.00 OK
r-devel-windows-ix86+x86_64-gcc8 0.3.13 23.00 88.00 111.00 OK
r-patched-linux-x86_64 0.3.13 5.45 49.31 54.76 OK
r-patched-solaris-x86 0.3.13 100.70 NOTE
r-release-linux-x86_64 0.3.13 5.48 49.45 54.93 OK
r-release-windows-ix86+x86_64 0.3.13 15.00 116.00 131.00 OK
r-release-osx-x86_64 0.3.13 NOTE
r-oldrel-windows-ix86+x86_64 0.3.13 12.00 109.00 121.00 OK
r-oldrel-osx-x86_64 0.3.13 NOTE

Check Details

Version: 0.3.13
Check: dependencies in R code
Result: NOTE
    Namespace in Imports field not imported from: ‘filehash’
     All declared Imports should be used.
Flavors: r-devel-linux-x86_64-fedora-clang, r-devel-linux-x86_64-fedora-gcc, r-patched-solaris-x86, r-release-osx-x86_64, r-oldrel-osx-x86_64