CRAN Package Check Results for Package adespatial

Last updated on 2020-05-31 00:46:59 CEST.

Flavor Version Tinstall Tcheck Ttotal Status Flags
r-devel-linux-x86_64-debian-clang 0.3-8 33.34 436.88 470.22 OK
r-devel-linux-x86_64-debian-gcc 0.3-8 29.83 327.17 357.00 OK
r-devel-linux-x86_64-fedora-clang 0.3-8 545.12 OK
r-devel-linux-x86_64-fedora-gcc 0.3-8 546.45 OK
r-devel-windows-ix86+x86_64 0.3-8 94.00 727.00 821.00 OK
r-patched-linux-x86_64 0.3-8 24.64 426.76 451.40 OK
r-patched-solaris-x86 0.3-8 832.70 OK
r-release-linux-x86_64 0.3-8 24.17 423.38 447.55 OK
r-release-osx-x86_64 0.3-8 WARN
r-release-windows-ix86+x86_64 0.3-8 72.00 614.00 686.00 OK
r-oldrel-osx-x86_64 0.3-8 OK
r-oldrel-windows-ix86+x86_64 0.3-8 67.00 569.00 636.00 OK

Check Details

Version: 0.3-8
Check: re-building of vignette outputs
Result: WARN
    Error(s) in re-building vignettes:
     ...
    --- re-building ‘tutorial.Rmd’ using rmarkdown
    dyld: lazy symbol binding failed: Symbol not found: ____chkstk_darwin
     Referenced from: /usr/local/bin/pandoc (which was built for Mac OS X 10.15)
     Expected in: /usr/lib/libSystem.B.dylib
    
    dyld: Symbol not found: ____chkstk_darwin
     Referenced from: /usr/local/bin/pandoc (which was built for Mac OS X 10.15)
     Expected in: /usr/lib/libSystem.B.dylib
    
    Error: processing vignette 'tutorial.Rmd' failed with diagnostics:
    pandoc document conversion failed with error 6
    --- failed re-building ‘tutorial.Rmd’
    
    SUMMARY: processing the following file failed:
     ‘tutorial.Rmd’
    
    Error: Vignette re-building failed.
    Execution halted
Flavor: r-release-osx-x86_64