CRAN Package Check Results for Package adiv

Last updated on 2020-05-31 00:46:59 CEST.

Flavor Version Tinstall Tcheck Ttotal Status Flags
r-devel-linux-x86_64-debian-clang 2.0 40.52 339.52 380.04 OK
r-devel-linux-x86_64-debian-gcc 2.0 33.79 252.90 286.69 OK
r-devel-linux-x86_64-fedora-clang 2.0 485.79 OK
r-devel-linux-x86_64-fedora-gcc 2.0 443.99 OK
r-devel-windows-ix86+x86_64 2.0 95.00 458.00 553.00 OK
r-patched-linux-x86_64 2.0 30.13 332.29 362.42 OK
r-patched-solaris-x86 2.0 640.10 OK
r-release-linux-x86_64 2.0 31.54 330.83 362.37 OK
r-release-osx-x86_64 2.0 OK
r-release-windows-ix86+x86_64 2.0 79.00 476.00 555.00 OK
r-oldrel-osx-x86_64 2.0 WARN
r-oldrel-windows-ix86+x86_64 2.0 68.00 356.00 424.00 OK

Check Details

Version: 2.0
Check: whether package can be installed
Result: WARN
    Found the following significant warnings:
     Warning: 'rgl_init' failed, running with rgl.useNULL = TRUE
Flavor: r-oldrel-osx-x86_64

Version: 2.0
Check: dependencies in R code
Result: NOTE
    No protocol specified
Flavor: r-oldrel-osx-x86_64

Version: 2.0
Check: S3 generic/method consistency
Result: WARN
    No protocol specified
    See section ‘Generic functions and methods’ in the ‘Writing R
    Extensions’ manual.
Flavor: r-oldrel-osx-x86_64

Version: 2.0
Check: replacement functions
Result: WARN
    No protocol specified
    The argument of a replacement function which corresponds to the right
    hand side must be named ‘value’.
Flavor: r-oldrel-osx-x86_64

Version: 2.0
Check: foreign function calls
Result: NOTE
    No protocol specified
    See chapter ‘System and foreign language interfaces’ in the ‘Writing R
    Extensions’ manual.
Flavor: r-oldrel-osx-x86_64

Version: 2.0
Check: R code for possible problems
Result: NOTE
    No protocol specified
Flavor: r-oldrel-osx-x86_64

Version: 2.0
Check: for missing documentation entries
Result: WARN
    No protocol specified
    All user-level objects in a package should have documentation entries.
    See chapter ‘Writing R documentation files’ in the ‘Writing R
    Extensions’ manual.
Flavor: r-oldrel-osx-x86_64

Version: 2.0
Check: for code/documentation mismatches
Result: WARN
    No protocol specified
    No protocol specified
    No protocol specified
Flavor: r-oldrel-osx-x86_64

Version: 2.0
Check: Rd \usage sections
Result: NOTE
    No protocol specified
    The \usage entries for S3 methods should use the \method markup and not
    their full name.
    See chapter ‘Writing R documentation files’ in the ‘Writing R
    Extensions’ manual.
Flavor: r-oldrel-osx-x86_64