CRAN Package Check Results for Package adjclust

Last updated on 2020-09-28 16:48:44 CEST.

Flavor Version Tinstall Tcheck Ttotal Status Flags
r-devel-linux-x86_64-debian-clang 0.5.99 10.60 142.99 153.59 OK
r-devel-linux-x86_64-debian-gcc 0.5.99 8.07 108.53 116.60 OK
r-devel-linux-x86_64-fedora-clang 0.5.99 195.60 OK
r-devel-linux-x86_64-fedora-gcc 0.5.99 180.30 OK
r-devel-windows-ix86+x86_64 0.5.99 23.00 237.00 260.00 OK
r-patched-linux-x86_64 0.5.99 9.91 133.07 142.98 OK
r-patched-solaris-x86 0.5.99 269.00 OK
r-release-linux-x86_64 0.5.99 8.90 132.12 141.02 OK
r-release-macos-x86_64 0.5.99 NOTE
r-release-windows-ix86+x86_64 0.5.99 38.00 241.00 279.00 OK
r-oldrel-macos-x86_64 0.5.99 NOTE
r-oldrel-windows-ix86+x86_64 0.5.99 20.00 234.00 254.00 OK

Check Details

Version: 0.5.99
Check: package dependencies
Result: NOTE
    Package suggested but not available for checking: ‘HiTC’
Flavors: r-release-macos-x86_64, r-oldrel-macos-x86_64