CRAN Package Check Results for Package adjclust

Last updated on 2019-11-21 23:48:33 CET.

Flavor Version Tinstall Tcheck Ttotal Status Flags
r-devel-linux-x86_64-debian-clang 0.5.7 9.30 127.47 136.77 OK
r-devel-linux-x86_64-debian-gcc 0.5.7 7.48 105.62 113.10 OK
r-devel-linux-x86_64-fedora-clang 0.5.7 160.61 OK
r-devel-linux-x86_64-fedora-gcc 0.5.7 172.39 OK
r-devel-windows-ix86+x86_64 0.5.7 38.00 245.00 283.00 OK
r-devel-windows-ix86+x86_64-gcc8 0.5.7 26.00 177.00 203.00 OK
r-patched-linux-x86_64 0.5.7 8.11 120.60 128.71 OK
r-patched-solaris-x86 0.5.7 251.50 OK
r-release-linux-x86_64 0.5.7 7.65 122.43 130.08 OK
r-release-windows-ix86+x86_64 0.5.7 29.00 172.00 201.00 OK
r-release-osx-x86_64 0.5.7 NOTE
r-oldrel-windows-ix86+x86_64 0.5.7 14.00 158.00 172.00 OK
r-oldrel-osx-x86_64 0.5.7 NOTE

Check Details

Version: 0.5.7
Check: package dependencies
Result: NOTE
    Packages suggested but not available for checking:
     'rioja', 'HiTC', 'snpStats', 'BiocGenerics'
Flavor: r-release-osx-x86_64

Version: 0.5.7
Check: Rd cross-references
Result: NOTE
    Packages unavailable to check Rd xrefs: ‘HiTC’, ‘snpStats’
Flavor: r-release-osx-x86_64

Version: 0.5.7
Check: package dependencies
Result: NOTE
    Package suggested but not available for checking: ‘HiTC’
Flavor: r-oldrel-osx-x86_64

Version: 0.5.7
Check: Rd cross-references
Result: NOTE
    Package unavailable to check Rd xrefs: ‘HiTC’
Flavor: r-oldrel-osx-x86_64