CRAN Package Check Results for Package admisc

Last updated on 2020-09-28 16:48:44 CEST.

Flavor Version Tinstall Tcheck Ttotal Status Flags
r-devel-linux-x86_64-debian-clang 0.10 6.60 40.61 47.21 OK
r-devel-linux-x86_64-debian-gcc 0.10 3.62 31.39 35.01 OK
r-devel-linux-x86_64-fedora-clang 0.10 67.80 NOTE
r-devel-linux-x86_64-fedora-gcc 0.10 55.60 OK
r-devel-windows-ix86+x86_64 0.10 11.00 56.00 67.00 OK
r-patched-linux-x86_64 0.10 5.60 38.51 44.11 OK
r-patched-solaris-x86 0.10 73.60 OK
r-release-linux-x86_64 0.10 5.85 38.42 44.27 OK
r-release-macos-x86_64 0.10 OK
r-release-windows-ix86+x86_64 0.10 8.00 41.00 49.00 OK
r-oldrel-macos-x86_64 0.10 OK
r-oldrel-windows-ix86+x86_64 0.10 7.00 40.00 47.00 OK

Check Details

Version: 0.10
Check: Rd cross-references
Result: NOTE
    Undeclared package ‘car’ in Rd xrefs
Flavor: r-devel-linux-x86_64-fedora-clang