Last updated on 2021-01-16 03:49:36 CET.
Flavor | Version | Tinstall | Tcheck | Ttotal | Status | Flags |
---|---|---|---|---|---|---|
r-devel-linux-x86_64-debian-clang | 0.1.1 | 30.31 | 40.96 | 71.27 | OK | |
r-devel-linux-x86_64-debian-gcc | 0.1.1 | 22.28 | 31.57 | 53.85 | OK | |
r-devel-linux-x86_64-fedora-clang | 0.1.1 | 101.46 | OK | |||
r-devel-linux-x86_64-fedora-gcc | 0.1.1 | 92.38 | OK | |||
r-devel-windows-ix86+x86_64 | 0.1.1 | 48.00 | 86.00 | 134.00 | OK | |
r-patched-linux-x86_64 | 0.1.1 | 25.56 | 40.01 | 65.57 | OK | |
r-patched-solaris-x86 | 0.1.1 | 117.30 | OK | |||
r-release-linux-x86_64 | 0.1.1 | 26.18 | 40.24 | 66.42 | OK | |
r-release-macos-x86_64 | 0.1.1 | OK | ||||
r-release-windows-ix86+x86_64 | 0.1.1 | 66.00 | 83.00 | 149.00 | OK | |
r-oldrel-macos-x86_64 | 0.1.1 | WARN | ||||
r-oldrel-windows-ix86+x86_64 | 0.1.1 | 43.00 | 79.00 | 122.00 | OK |
Version: 0.1.1
Check: re-building of vignette outputs
Result: WARN
Error(s) in re-building vignettes:
...
--- re-building ‘adpss_ex.Rmd’ using rmarkdown
Warning in engine$weave(file, quiet = quiet, encoding = enc) :
Pandoc (>= 1.12.3) and/or pandoc-citeproc not available. Falling back to R Markdown v1.
Error: processing vignette 'adpss_ex.Rmd' failed with diagnostics:
there is no package called 'stringi'
--- failed re-building ‘adpss_ex.Rmd’
SUMMARY: processing the following file failed:
‘adpss_ex.Rmd’
Error: Vignette re-building failed.
Execution halted
Flavor: r-oldrel-macos-x86_64