CRAN Package Check Results for Package ads

Last updated on 2020-05-31 00:46:59 CEST.

Flavor Version Tinstall Tcheck Ttotal Status Flags
r-devel-linux-x86_64-debian-clang 1.5-3 25.43 115.41 140.84 WARN
r-devel-linux-x86_64-debian-gcc 1.5-3 19.86 87.50 107.36 WARN
r-devel-linux-x86_64-fedora-clang 1.5-3 177.40 WARN
r-devel-linux-x86_64-fedora-gcc 1.5-3 178.72 WARN
r-devel-windows-ix86+x86_64 1.5-3 62.00 208.00 270.00 WARN
r-patched-linux-x86_64 1.5-3 25.29 115.31 140.60 OK
r-patched-solaris-x86 1.5-3 258.60 OK
r-release-linux-x86_64 1.5-3 21.48 115.85 137.33 OK
r-release-osx-x86_64 1.5-3 OK
r-release-windows-ix86+x86_64 1.5-3 48.00 237.00 285.00 OK
r-oldrel-osx-x86_64 1.5-3 OK
r-oldrel-windows-ix86+x86_64 1.5-3 42.00 187.00 229.00 OK

Check Details

Version: 1.5-3
Check: whether package can be installed
Result: WARN
    Found the following significant warnings:
     Warning: S4 exports specified in 'NAMESPACE' but not defined in package 'ads'
Flavors: r-devel-linux-x86_64-debian-clang, r-devel-windows-ix86+x86_64

Version: 1.5-3
Check: whether the namespace can be loaded with stated dependencies
Result: NOTE
    Warning: S4 exports specified in 'NAMESPACE' but not defined in package 'ads'
    
    A namespace must be able to be loaded with just the base namespace
    loaded: otherwise if the namespace gets loaded by a saved object, the
    session will be unable to start.
    
    Probably some imports need to be declared in the NAMESPACE file.
Flavors: r-devel-linux-x86_64-debian-clang, r-devel-windows-ix86+x86_64, r-devel-windows-ix86+x86_64

Version: 1.5-3
Check: whether the namespace can be loaded with stated dependencies
Result: WARN
    Warning: S4 exports specified in 'NAMESPACE' but not defined in package ‘ads’
Flavors: r-devel-linux-x86_64-debian-gcc, r-devel-linux-x86_64-fedora-clang, r-devel-linux-x86_64-fedora-gcc