CRAN Package Check Results for Package afCEC

Last updated on 2020-06-06 04:48:39 CEST.

Flavor Version Tinstall Tcheck Ttotal Status Flags
r-devel-linux-x86_64-debian-clang 1.0.2 54.67 39.44 94.11 OK
r-devel-linux-x86_64-debian-gcc 1.0.2 44.69 32.49 77.18 OK
r-devel-linux-x86_64-fedora-clang 1.0.2 133.78 OK
r-devel-linux-x86_64-fedora-gcc 1.0.2 121.82 OK
r-devel-windows-ix86+x86_64 1.0.2 127.00 89.00 216.00 OK
r-patched-linux-x86_64 1.0.2 44.68 40.38 85.06 OK
r-patched-solaris-x86 1.0.2 133.00 OK
r-release-linux-x86_64 1.0.2 42.76 40.06 82.82 OK
r-release-osx-x86_64 1.0.2 OK
r-release-windows-ix86+x86_64 1.0.2 138.00 112.00 250.00 OK
r-oldrel-osx-x86_64 1.0.2 WARN
r-oldrel-windows-ix86+x86_64 1.0.2 127.00 76.00 203.00 OK

Check Details

Version: 1.0.2
Check: whether package can be installed
Result: WARN
    Found the following significant warnings:
     Warning: 'rgl_init' failed, running with rgl.useNULL = TRUE
Flavor: r-oldrel-osx-x86_64