CRAN Package Check Results for Package afCEC

Last updated on 2019-11-18 20:47:12 CET.

Flavor Version Tinstall Tcheck Ttotal Status Flags
r-devel-linux-x86_64-debian-clang 1.0.2 46.19 36.37 82.56 OK
r-devel-linux-x86_64-debian-gcc 1.0.2 40.40 29.99 70.39 OK
r-devel-linux-x86_64-fedora-clang 1.0.2 115.11 OK
r-devel-linux-x86_64-fedora-gcc 1.0.2 124.23 OK
r-devel-windows-ix86+x86_64 1.0.2 127.00 109.00 236.00 OK
r-patched-linux-x86_64 1.0.2 35.92 35.05 70.97 OK
r-patched-solaris-x86 1.0.2 120.80 OK
r-release-linux-x86_64 1.0.2 36.29 34.64 70.93 OK
r-release-windows-ix86+x86_64 1.0.2 82.00 109.00 191.00 OK
r-release-osx-x86_64 1.0.2 WARN
r-oldrel-windows-ix86+x86_64 1.0.2 68.00 125.00 193.00 OK
r-oldrel-osx-x86_64 1.0.2 OK

Check Details

Version: 1.0.2
Check: whether package can be installed
Result: WARN
    Found the following significant warnings:
     Warning: 'rgl_init' failed, running with rgl.useNULL = TRUE
Flavor: r-release-osx-x86_64