CRAN Package Check Results for Package afpt

Last updated on 2019-11-21 23:48:33 CET.

Flavor Version Tinstall Tcheck Ttotal Status Flags
r-devel-linux-x86_64-debian-clang 1.0.0 3.09 77.44 80.53 OK
r-devel-linux-x86_64-debian-gcc 1.0.0 2.68 63.02 65.70 OK
r-devel-linux-x86_64-fedora-clang 1.0.0 94.63 OK
r-devel-linux-x86_64-fedora-gcc 1.0.0 103.55 OK
r-devel-windows-ix86+x86_64 1.0.0 10.00 115.00 125.00 OK
r-devel-windows-ix86+x86_64-gcc8 1.0.0 9.00 83.00 92.00 OK
r-patched-linux-x86_64 1.0.0 2.72 75.64 78.36 OK
r-patched-solaris-x86 1.0.0 111.50 OK
r-release-linux-x86_64 1.0.0 2.74 75.83 78.57 OK
r-release-windows-ix86+x86_64 1.0.0 6.00 84.00 90.00 OK
r-release-osx-x86_64 1.0.0 WARN
r-oldrel-windows-ix86+x86_64 1.0.0 5.00 79.00 84.00 OK
r-oldrel-osx-x86_64 1.0.0 OK

Check Details

Version: 1.0.0
Check: re-building of vignette outputs
Result: WARN
    Error(s) in re-building vignettes:
    --- re-building ‘afpt-aerodynamic-model.Rmd’ using rmarkdown
    Warning in engine$weave(file, quiet = quiet, encoding = enc) :
     Pandoc (>= 1.12.3) and/or pandoc-citeproc not available. Falling back to R Markdown v1.
    Error: processing vignette 'afpt-aerodynamic-model.Rmd' failed with diagnostics:
    there is no package called 'stringi'
    --- failed re-building ‘afpt-aerodynamic-model.Rmd’
    
    --- re-building ‘afpt-basic-usage.Rmd’ using rmarkdown
    Warning in engine$weave(file, quiet = quiet, encoding = enc) :
     Pandoc (>= 1.12.3) and/or pandoc-citeproc not available. Falling back to R Markdown v1.
    Error: processing vignette 'afpt-basic-usage.Rmd' failed with diagnostics:
    there is no package called 'stringi'
    --- failed re-building ‘afpt-basic-usage.Rmd’
    
    --- re-building ‘afpt-multiple-birds.Rmd’ using rmarkdown
    Warning in engine$weave(file, quiet = quiet, encoding = enc) :
     Pandoc (>= 1.12.3) and/or pandoc-citeproc not available. Falling back to R Markdown v1.
    Error: processing vignette 'afpt-multiple-birds.Rmd' failed with diagnostics:
    there is no package called 'stringi'
    --- failed re-building ‘afpt-multiple-birds.Rmd’
    
    SUMMARY: processing the following files failed:
     ‘afpt-aerodynamic-model.Rmd’ ‘afpt-basic-usage.Rmd’
     ‘afpt-multiple-birds.Rmd’
    
    Error: Vignette re-building failed.
    Execution halted
Flavor: r-release-osx-x86_64