CRAN Package Check Results for Package aiRthermo

Last updated on 2019-11-12 20:48:54 CET.

Flavor Version Tinstall Tcheck Ttotal Status Flags
r-devel-linux-x86_64-debian-clang 1.2.1 4.30 27.03 31.33 NOTE
r-devel-linux-x86_64-debian-gcc 1.2.1 3.43 21.39 24.82 NOTE
r-devel-linux-x86_64-fedora-clang 1.2.1 38.89 NOTE
r-devel-linux-x86_64-fedora-gcc 1.2.1 37.85 NOTE
r-devel-windows-ix86+x86_64 1.2.1 11.00 51.00 62.00 OK
r-patched-linux-x86_64 1.2.1 3.59 26.31 29.90 OK
r-patched-solaris-x86 1.2.1 55.00 OK
r-release-linux-x86_64 1.2.1 3.38 26.46 29.84 OK
r-release-windows-ix86+x86_64 1.2.1 11.00 65.00 76.00 OK
r-release-osx-x86_64 1.2.1 OK
r-oldrel-windows-ix86+x86_64 1.2.1 9.00 40.00 49.00 OK
r-oldrel-osx-x86_64 1.2.1 OK

Check Details

Version: 1.2.1
Check: for non-standard things in the check directory
Result: NOTE
    Found the following files/directories:
     'stuve.pdf'
Flavors: r-devel-linux-x86_64-debian-clang, r-devel-linux-x86_64-debian-gcc, r-devel-linux-x86_64-fedora-clang, r-devel-linux-x86_64-fedora-gcc