CRAN Package Check Results for Package aiRthermo

Last updated on 2020-05-31 00:46:59 CEST.

Flavor Version Tinstall Tcheck Ttotal Status Flags
r-devel-linux-x86_64-debian-clang 1.2.1 4.63 29.22 33.85 NOTE
r-devel-linux-x86_64-debian-gcc 1.2.1 3.65 23.15 26.80 NOTE
r-devel-linux-x86_64-fedora-clang 1.2.1 41.12 NOTE
r-devel-linux-x86_64-fedora-gcc 1.2.1 40.28 NOTE
r-devel-windows-ix86+x86_64 1.2.1 16.00 73.00 89.00 OK
r-patched-linux-x86_64 1.2.1 4.62 28.90 33.52 NOTE
r-patched-solaris-x86 1.2.1 60.60 NOTE
r-release-linux-x86_64 1.2.1 4.59 28.83 33.42 NOTE
r-release-osx-x86_64 1.2.1 OK
r-release-windows-ix86+x86_64 1.2.1 12.00 49.00 61.00 OK
r-oldrel-osx-x86_64 1.2.1 OK
r-oldrel-windows-ix86+x86_64 1.2.1 11.00 65.00 76.00 OK

Check Details

Version: 1.2.1
Check: for non-standard things in the check directory
Result: NOTE
    Found the following files/directories:
     'stuve.pdf'
Flavors: r-devel-linux-x86_64-debian-clang, r-devel-linux-x86_64-debian-gcc, r-devel-linux-x86_64-fedora-clang, r-devel-linux-x86_64-fedora-gcc, r-patched-linux-x86_64, r-patched-solaris-x86, r-release-linux-x86_64