CRAN Package Check Results for Package amap

Last updated on 2019-11-18 20:47:12 CET.

Flavor Version Tinstall Tcheck Ttotal Status Flags
r-devel-linux-x86_64-debian-clang 0.8-17 7.77 29.44 37.21 OK
r-devel-linux-x86_64-debian-gcc 0.8-17 6.79 23.94 30.73 OK
r-devel-linux-x86_64-fedora-clang 0.8-17 47.78 OK
r-devel-linux-x86_64-fedora-gcc 0.8-17 50.84 OK
r-devel-windows-ix86+x86_64 0.8-17 23.00 56.00 79.00 OK
r-patched-linux-x86_64 0.8-17 7.41 28.69 36.10 OK
r-patched-solaris-x86 0.8-17 68.30 OK
r-release-linux-x86_64 0.8-17 7.49 28.35 35.84 OK
r-release-windows-ix86+x86_64 0.8-17 32.00 75.00 107.00 OK
r-release-osx-x86_64 0.8-17 NOTE
r-oldrel-windows-ix86+x86_64 0.8-16 22.00 52.00 74.00 OK
r-oldrel-osx-x86_64 0.8-17 ERROR

Check Details

Version: 0.8-17
Check: package dependencies
Result: NOTE
    Package suggested but not available for checking: ‘Biobase’
Flavor: r-release-osx-x86_64

Version: 0.8-17
Check: whether package can be installed
Result: ERROR
    Installation failed.
Flavor: r-oldrel-osx-x86_64