CRAN Package Check Results for Package ameco

Last updated on 2019-11-21 23:48:33 CET.

Flavor Version Tinstall Tcheck Ttotal Status Flags
r-devel-linux-x86_64-debian-clang 0.2.9 23.71 58.61 82.32 OK
r-devel-linux-x86_64-debian-gcc 0.2.9 24.04 50.42 74.46 OK
r-devel-linux-x86_64-fedora-clang 0.2.9 113.27 NOTE
r-devel-linux-x86_64-fedora-gcc 0.2.9 116.04 OK
r-devel-windows-ix86+x86_64 0.2.9 44.00 90.00 134.00 NOTE
r-devel-windows-ix86+x86_64-gcc8 0.2.9 43.00 69.00 112.00 NOTE
r-patched-linux-x86_64 0.2.9 22.67 59.41 82.08 OK
r-patched-solaris-x86 0.2.9 208.50 NOTE
r-release-linux-x86_64 0.2.9 22.47 58.60 81.07 OK
r-release-windows-ix86+x86_64 0.2.9 36.00 68.00 104.00 NOTE
r-release-osx-x86_64 0.2.9 NOTE
r-oldrel-windows-ix86+x86_64 0.2.9 29.00 98.00 127.00 NOTE
r-oldrel-osx-x86_64 0.2.9 NOTE

Check Details

Version: 0.2.9
Check: installed package size
Result: NOTE
     installed size is 15.8Mb
     sub-directories of 1Mb or more:
     data 15.6Mb
Flavors: r-devel-linux-x86_64-fedora-clang, r-devel-windows-ix86+x86_64, r-devel-windows-ix86+x86_64-gcc8, r-patched-solaris-x86, r-release-windows-ix86+x86_64, r-release-osx-x86_64, r-oldrel-windows-ix86+x86_64, r-oldrel-osx-x86_64