CRAN Package Check Results for Package amt

Last updated on 2020-05-31 00:46:59 CEST.

Flavor Version Tinstall Tcheck Ttotal Status Flags
r-devel-linux-x86_64-debian-clang 0.1.1 69.04 261.36 330.40 OK
r-devel-linux-x86_64-debian-gcc 0.1.1 52.53 191.58 244.11 ERROR
r-devel-linux-x86_64-fedora-clang 0.1.1 422.53 ERROR
r-devel-linux-x86_64-fedora-gcc 0.1.1 422.79 ERROR
r-devel-windows-ix86+x86_64 0.1.1 172.00 527.00 699.00 OK
r-patched-linux-x86_64 0.1.1 55.58 252.15 307.73 OK
r-patched-solaris-x86 0.1.1 517.60 ERROR
r-release-linux-x86_64 0.1.1 57.04 253.73 310.77 ERROR
r-release-osx-x86_64 0.1.1 OK
r-release-windows-ix86+x86_64 0.1.1 138.00 431.00 569.00 OK
r-oldrel-osx-x86_64 0.1.1 OK
r-oldrel-windows-ix86+x86_64 0.1.1 132.00 380.00 512.00 OK

Check Details

Version: 0.1.1
Check: tests
Result: ERROR
     Running ‘tinytest.R’ [19s/28s]
    Running the tests in ‘tests/tinytest.R’ failed.
    Complete output:
     >
     > if ( requireNamespace("tinytest", quietly=TRUE) ){
     + tinytest::test_package("amt")
     + }
    
     Attaching package: 'amt'
    
     The following object is masked from 'package:stats':
    
     filter
    
    
     Running test_crs.R.................... 0 tests
     Attaching package: 'lubridate'
    
     The following objects are masked from 'package:base':
    
     date, intersect, setdiff, union
    
    
     Running test_crs.R.................... 0 tests
     Running test_crs.R.................... 0 tests
     Running test_crs.R.................... 0 tests .t found, creating `track_xyt`.
    
     Running test_crs.R.................... 0 tests
     Running test_crs.R.................... 0 tests
     Running test_crs.R.................... 0 tests
     Running test_crs.R.................... 0 tests
     Running test_crs.R.................... 0 tests
     Running test_crs.R.................... 0 tests
     Running test_crs.R.................... 0 tests
     Running test_crs.R.................... 0 tests
     Running test_crs.R.................... 0 tests
     Running test_crs.R.................... 0 tests
     Running test_crs.R.................... 0 tests
     Running test_crs.R.................... 1 tests <1b>[0;32mOK<1b>[0m
     Running test_crs.R.................... 2 tests <1b>[0;32mOK<1b>[0m
     Running test_crs.R.................... 3 tests <1b>[0;32mOK<1b>[0m
     Running test_crs.R.................... 4 tests <1b>[0;32mOK<1b>[0m
     Running test_crs.R.................... 5 tests <1b>[0;32mOK<1b>[0m
     Running test_crs.R.................... 6 tests <1b>[0;32mOK<1b>[0m
     Running test_crs.R.................... 7 tests <1b>[0;32mOK<1b>[0m
     Running test_crs.R.................... 8 tests <1b>[0;32mOK<1b>[0m
     Running test_crs.R.................... 9 tests <1b>[0;32mOK<1b>[0m
     Running test_crs.R.................... 10 tests <1b>[0;32mOK<1b>[0m
     Running test_crs.R.................... 11 tests <1b>[0;32mOK<1b>[0m
     Running test_crs.R.................... 12 tests <1b>[0;32mOK<1b>[0m
     Running test_crs.R.................... 13 tests <1b>[0;32mOK<1b>[0m
     Running test_crs.R.................... 14 tests <1b>[0;32mOK<1b>[0m
     Running test_crs.R.................... 15 tests <1b>[0;32mOK<1b>[0m
     Running test_crs.R.................... 16 tests <1b>[0;32mOK<1b>[0m
     Running test_crs.R.................... 17 tests <1b>[0;32mOK<1b>[0m
     Running test_crs.R.................... 18 tests <1b>[0;32mOK<1b>[0m
    
     Running test_distributions.R.......... 0 tests
     Running test_distributions.R.......... 0 tests
     Running test_distributions.R.......... 0 tests
     Running test_distributions.R.......... 1 tests <1b>[0;32mOK<1b>[0m
     Running test_distributions.R.......... 2 tests <1b>[0;32mOK<1b>[0m
     Running test_distributions.R.......... 3 tests <1b>[0;32mOK<1b>[0m
     Running test_distributions.R.......... 3 tests <1b>[0;32mOK<1b>[0m
     Running test_distributions.R.......... 3 tests <1b>[0;32mOK<1b>[0m
     Running test_distributions.R.......... 3 tests <1b>[0;32mOK<1b>[0m
     Running test_distributions.R.......... 4 tests <1b>[0;32mOK<1b>[0m
     Running test_distributions.R.......... 5 tests <1b>[0;32mOK<1b>[0m
     Running test_distributions.R.......... 6 tests <1b>[0;32mOK<1b>[0m
     Running test_distributions.R.......... 7 tests <1b>[0;32mOK<1b>[0m
     Running test_distributions.R.......... 8 tests <1b>[0;32mOK<1b>[0m
     Running test_distributions.R.......... 9 tests <1b>[0;32mOK<1b>[0m
     Running test_distributions.R.......... 10 tests <1b>[0;32mOK<1b>[0m
     Running test_distributions.R.......... 11 tests <1b>[0;32mOK<1b>[0m
     Loading required package: sp
    
     Attaching package: 'sp'
    
     The following object is masked from 'package:amt':
    
     bbox
    
    
     Attaching package: 'raster'
    
     The following object is masked from 'package:amt':
    
     select
    
    
     Running test_extract_covariates.R..... 0 tests
     Running test_extract_covariates.R..... 0 tests
     Running test_extract_covariates.R..... 0 tests
     Running test_extract_covariates.R..... 0 tests
     Running test_extract_covariates.R..... 0 tests .t missing, creating `track_xy`.
    
     Running test_extract_covariates.R..... 0 tests .t found, creating `track_xyt`.
    
     Running test_extract_covariates.R..... 0 tests
     Running test_extract_covariates.R..... 0 tests
     Running test_extract_covariates.R..... 0 tests
     Running test_extract_covariates.R..... 0 tests
     Running test_extract_covariates.R..... 0 tests
     Running test_extract_covariates.R..... 1 tests <1b>[0;32mOK<1b>[0m
     Running test_extract_covariates.R..... 2 tests <1b>[0;32mOK<1b>[0m
     Running test_extract_covariates.R..... 3 tests <1b>[0;32mOK<1b>[0m
     Running test_extract_covariates.R..... 4 tests <1b>[0;32mOK<1b>[0m
     Running test_extract_covariates.R..... 5 tests <1b>[0;32mOK<1b>[0m
     Running test_extract_covariates.R..... 6 tests <1b>[0;32mOK<1b>[0m
     Running test_extract_covariates.R..... 6 tests <1b>[0;32mOK<1b>[0m
     Running test_extract_covariates.R..... 7 tests <1b>[0;32mOK<1b>[0m
     Running test_extract_covariates.R..... 8 tests <1b>[0;32mOK<1b>[0m
     Running test_extract_covariates.R..... 9 tests <1b>[0;32mOK<1b>[0m
     Running test_extract_covariates.R..... 9 tests <1b>[0;32mOK<1b>[0m
     Running test_extract_covariates.R..... 9 tests <1b>[0;32mOK<1b>[0m
     Running test_extract_covariates.R..... 10 tests <1b>[0;32mOK<1b>[0m
     Running test_extract_covariates.R..... 11 tests <1b>[0;32mOK<1b>[0m
     Running test_extract_covariates.R..... 12 tests <1b>[0;32mOK<1b>[0m
     Running test_extract_covariates.R..... 13 tests <1b>[0;32mOK<1b>[0m
     Running test_extract_covariates.R..... 14 tests <1b>[0;32mOK<1b>[0m
     Running test_extract_covariates.R..... 15 tests <1b>[0;32mOK<1b>[0m
     Running test_extract_covariates.R..... 16 tests <1b>[0;32mOK<1b>[0m
     Running test_extract_covariates.R..... 17 tests <1b>[0;32mOK<1b>[0m
     Running test_extract_covariates.R..... 18 tests <1b>[0;32mOK<1b>[0m
     Running test_extract_covariates.R..... 19 tests <1b>[0;32mOK<1b>[0m
     Running test_extract_covariates.R..... 20 tests <1b>[0;32mOK<1b>[0m
     Running test_extract_covariates.R..... 21 tests <1b>[0;32mOK<1b>[0m
     Running test_extract_covariates.R..... 22 tests <1b>[0;32mOK<1b>[0m
     Running test_extract_covariates.R..... 23 tests <1b>[0;32mOK<1b>[0m
     Running test_extract_covariates.R..... 24 tests <1b>[0;32mOK<1b>[0m
     Running test_extract_covariates.R..... 25 tests <1b>[0;32mOK<1b>[0m
     Running test_extract_covariates.R..... 26 tests <1b>[0;32mOK<1b>[0m
     Running test_extract_covariates.R..... 27 tests <1b>[0;32mOK<1b>[0m
     Running test_extract_covariates.R..... 28 tests <1b>[0;32mOK<1b>[0m
     Running test_extract_covariates.R..... 29 tests <1b>[0;32mOK<1b>[0m
     Running test_extract_covariates.R..... 30 tests <1b>[0;32mOK<1b>[0m
     Running test_extract_covariates.R..... 31 tests <1b>[0;32mOK<1b>[0m
     Running test_extract_covariates.R..... 32 tests <1b>[0;32mOK<1b>[0m
     Running test_extract_covariates.R..... 33 tests <1b>[0;32mOK<1b>[0m
     Running test_extract_covariates.R..... 34 tests <1b>[0;32mOK<1b>[0m
     Running test_extract_covariates.R..... 35 tests <1b>[0;32mOK<1b>[0m
     Running test_extract_covariates.R..... 36 tests <1b>[0;32mOK<1b>[0m
     Running test_extract_covariates.R..... 37 tests <1b>[0;32mOK<1b>[0m
     Running test_extract_covariates.R..... 38 tests <1b>[0;32mOK<1b>[0m
     Running test_extract_covariates.R..... 39 tests <1b>[0;32mOK<1b>[0m
     Running test_extract_covariates.R..... 40 tests <1b>[0;32mOK<1b>[0m
     Running test_extract_covariates.R..... 41 tests <1b>[0;32mOK<1b>[0m
     Running test_extract_covariates.R..... 42 tests <1b>[0;32mOK<1b>[0m
    
     Running test_fit_ctmm.R............... 0 tests
     Running test_fit_ctmm.R............... 0 tests .t found, creating `track_xyt`.
    
     Running test_fit_ctmm.R............... 0 tests Minimum sampling interval of 24 hours in unknown
    
     Running test_fit_ctmm.R............... 0 tests
     Running test_fit_ctmm.R............... 0 tests
     Running test_fit_ctmm.R............... 1 tests <1b>[0;32mOK<1b>[0m
     Running test_fit_ctmm.R............... 2 tests <1b>[0;32mOK<1b>[0m
    
     Running test_hr.R..................... 0 tests
     Running test_hr.R..................... 0 tests
     Running test_hr.R..................... 0 tests
     Running test_hr.R..................... 0 tests
     Running test_hr.R..................... 1 tests <1b>[0;32mOK<1b>[0m
     Running test_hr.R..................... 2 tests <1b>[0;32mOK<1b>[0m
     Running test_hr.R..................... 3 tests <1b>[0;32mOK<1b>[0m
     Running test_hr.R..................... 4 tests <1b>[0;32mOK<1b>[0m ff is invalid
    
     Running test_hr.R..................... 5 tests <1b>[0;32mOK<1b>[0m ff is invalid
    
     Running test_hr.R..................... 6 tests <1b>[0;32mOK<1b>[0m
     Running test_hr.R..................... 7 tests <1b>[0;32mOK<1b>[0m
     Running test_hr.R..................... 8 tests <1b>[0;32mOK<1b>[0m
    
     Running test_random_steps.R........... 0 tests
     Running test_random_steps.R........... 0 tests
     Running test_random_steps.R........... 1 tests <1b>[0;32mOK<1b>[0m
     Running test_random_steps.R........... 1 tests <1b>[0;32mOK<1b>[0m
     Running test_random_steps.R........... 1 tests <1b>[0;32mOK<1b>[0m
     Running test_random_steps.R........... 2 tests <1b>[0;32mOK<1b>[0m
     Running test_random_steps.R........... 2 tests <1b>[0;32mOK<1b>[0m
     Running test_random_steps.R........... 2 tests <1b>[0;32mOK<1b>[0m
     Running test_random_steps.R........... 3 tests <1b>[0;32mOK<1b>[0m
     Running test_random_steps.R........... 3 tests <1b>[0;32mOK<1b>[0m
     Running test_random_steps.R........... 3 tests <1b>[0;32mOK<1b>[0m
     Running test_random_steps.R........... 4 tests <1b>[0;32mOK<1b>[0m
     Running test_random_steps.R........... 4 tests <1b>[0;32mOK<1b>[0m
     Running test_random_steps.R........... 4 tests <1b>[0;32mOK<1b>[0m
     Running test_random_steps.R........... 5 tests <1b>[0;32mOK<1b>[0m
     Running test_random_steps.R........... 5 tests <1b>[0;32mOK<1b>[0m
     Running test_random_steps.R........... 5 tests <1b>[0;32mOK<1b>[0m
     Running test_random_steps.R........... 6 tests <1b>[0;32mOK<1b>[0m
     Running test_random_steps.R........... 6 tests <1b>[0;32mOK<1b>[0m
     Running test_random_steps.R........... 6 tests <1b>[0;32mOK<1b>[0m
     Running test_random_steps.R........... 7 tests <1b>[0;32mOK<1b>[0m
     Running test_random_steps.R........... 7 tests <1b>[0;32mOK<1b>[0m
     Running test_random_steps.R........... 7 tests <1b>[0;32mOK<1b>[0m
     Running test_random_steps.R........... 8 tests <1b>[0;32mOK<1b>[0m
     Running test_random_steps.R........... 8 tests <1b>[0;32mOK<1b>[0m
     Running test_random_steps.R........... 8 tests <1b>[0;32mOK<1b>[0m
     Running test_random_steps.R........... 9 tests <1b>[0;32mOK<1b>[0m
     Running test_random_steps.R........... 9 tests <1b>[0;32mOK<1b>[0m
     Running test_random_steps.R........... 9 tests <1b>[0;32mOK<1b>[0m
     Running test_random_steps.R........... 10 tests <1b>[0;32mOK<1b>[0m
     Running test_random_steps.R........... 10 tests <1b>[0;32mOK<1b>[0m
     Running test_random_steps.R........... 10 tests <1b>[0;32mOK<1b>[0m
     Running test_random_steps.R........... 11 tests <1b>[0;32mOK<1b>[0m
     Running test_random_steps.R........... 12 tests <1b>[0;32mOK<1b>[0m
     Running test_random_steps.R........... 13 tests <1b>[0;32mOK<1b>[0m
     Running test_random_steps.R........... 14 tests <1b>[0;32mOK<1b>[0m
     Running test_random_steps.R........... 15 tests <1b>[0;32mOK<1b>[0m
     Running test_random_steps.R........... 16 tests <1b>[0;32mOK<1b>[0m
     Running test_random_steps.R........... 17 tests <1b>[0;32mOK<1b>[0m
     Running test_random_steps.R........... 18 tests <1b>[0;32mOK<1b>[0m
     Running test_random_steps.R........... 18 tests <1b>[0;32mOK<1b>[0m .t missing, creating `track_xy`.
    
     Running test_random_steps.R........... 18 tests <1b>[0;32mOK<1b>[0m
     Running test_random_steps.R........... 18 tests <1b>[0;32mOK<1b>[0m
     Running test_random_steps.R........... 19 tests <1b>[0;32mOK<1b>[0m
     Running test_random_steps.R........... 20 tests <1b>[0;32mOK<1b>[0m
     Running test_random_steps.R........... 20 tests <1b>[0;32mOK<1b>[0m
     Running test_random_steps.R........... 21 tests <1b>[0;32mOK<1b>[0m
     Running test_random_steps.R........... 22 tests <1b>[0;32mOK<1b>[0m
     Running test_random_steps.R........... 22 tests <1b>[0;32mOK<1b>[0m
     Running test_random_steps.R........... 23 tests <1b>[0;32mOK<1b>[0m
     Running test_random_steps.R........... 24 tests <1b>[0;32mOK<1b>[0m
     Running test_random_steps.R........... 24 tests <1b>[0;32mOK<1b>[0m .t missing, creating `track_xy`.
    
     Running test_random_steps.R........... 24 tests <1b>[0;32mOK<1b>[0m
     Running test_random_steps.R........... 24 tests <1b>[0;32mOK<1b>[0m
     Running test_random_steps.R........... 24 tests <1b>[0;32mOK<1b>[0m
     Running test_random_steps.R........... 24 tests <1b>[0;32mOK<1b>[0m
     Running test_random_steps.R........... 25 tests <1b>[0;31m1 fails<1b>[0m
     Running test_random_steps.R........... 26 tests <1b>[0;31m1 fails<1b>[0m
     Running test_random_steps.R........... 26 tests <1b>[0;31m1 fails<1b>[0m .t missing, creating `track_xy`.
    
     Running test_random_steps.R........... 26 tests <1b>[0;31m1 fails<1b>[0m
     Running test_random_steps.R........... 26 tests <1b>[0;31m1 fails<1b>[0m
     Running test_random_steps.R........... 26 tests <1b>[0;31m1 fails<1b>[0m
     Running test_random_steps.R........... 27 tests <1b>[0;31m1 fails<1b>[0m
     Running test_random_steps.R........... 28 tests <1b>[0;31m1 fails<1b>[0m
    
     Running test_steps.R.................. 0 tests .t missing, creating `track_xy`.
    
     Running test_steps.R.................. 0 tests .t found, creating `track_xyt`.
    
     Running test_steps.R.................. 0 tests
     Running test_steps.R.................. 1 tests <1b>[0;32mOK<1b>[0m
     Running test_steps.R.................. 2 tests <1b>[0;32mOK<1b>[0m
     Running test_steps.R.................. 3 tests <1b>[0;32mOK<1b>[0m
     Running test_steps.R.................. 4 tests <1b>[0;32mOK<1b>[0m
     Running test_steps.R.................. 5 tests <1b>[0;32mOK<1b>[0m
     Running test_steps.R.................. 6 tests <1b>[0;32mOK<1b>[0m
     Running test_steps.R.................. 7 tests <1b>[0;32mOK<1b>[0m
     Running test_steps.R.................. 7 tests <1b>[0;32mOK<1b>[0m
     Running test_steps.R.................. 8 tests <1b>[0;32mOK<1b>[0m
     Running test_steps.R.................. 9 tests <1b>[0;32mOK<1b>[0m
     Running test_steps.R.................. 10 tests <1b>[0;32mOK<1b>[0m
    
     Running test_track.R.................. 0 tests
     Running test_track.R.................. 0 tests .t missing, creating `track_xy`.
    
     Running test_track.R.................. 0 tests .t missing, creating `track_xy`.
    
     Running test_track.R.................. 0 tests .t missing, creating `track_xy`.
    
     Running test_track.R.................. 0 tests .t missing, creating `track_xy`.
    
     Running test_track.R.................. 0 tests
     Running test_track.R.................. 0 tests
     Running test_track.R.................. 1 tests <1b>[0;32mOK<1b>[0m
     Running test_track.R.................. 2 tests <1b>[0;32mOK<1b>[0m
     Running test_track.R.................. 3 tests <1b>[0;32mOK<1b>[0m
     Running test_track.R.................. 4 tests <1b>[0;32mOK<1b>[0m
     Running test_track.R.................. 5 tests <1b>[0;32mOK<1b>[0m
     Running test_track.R.................. 6 tests <1b>[0;32mOK<1b>[0m
     Running test_track.R.................. 7 tests <1b>[0;32mOK<1b>[0m
     Running test_track.R.................. 8 tests <1b>[0;32mOK<1b>[0m
     Running test_track.R.................. 9 tests <1b>[0;32mOK<1b>[0m
     Running test_track.R.................. 9 tests <1b>[0;32mOK<1b>[0m .t found, creating `track_xyt`.
    
     Running test_track.R.................. 9 tests <1b>[0;32mOK<1b>[0m .t found, creating `track_xyt`.
    
     Running test_track.R.................. 9 tests <1b>[0;32mOK<1b>[0m .t found, creating `track_xyt`.
    
     Running test_track.R.................. 9 tests <1b>[0;32mOK<1b>[0m .t missing, creating `track_xy`.
    
     Running test_track.R.................. 9 tests <1b>[0;32mOK<1b>[0m .t missing, creating `track_xy`.
    
     Running test_track.R.................. 9 tests <1b>[0;32mOK<1b>[0m .t missing, creating `track_xy`.
    
     Running test_track.R.................. 9 tests <1b>[0;32mOK<1b>[0m
     Running test_track.R.................. 10 tests <1b>[0;32mOK<1b>[0m
     Running test_track.R.................. 11 tests <1b>[0;32mOK<1b>[0m
     Running test_track.R.................. 12 tests <1b>[0;32mOK<1b>[0m
     Running test_track.R.................. 13 tests <1b>[0;32mOK<1b>[0m
     Running test_track.R.................. 14 tests <1b>[0;32mOK<1b>[0m
     Running test_track.R.................. 15 tests <1b>[0;32mOK<1b>[0m
     Running test_track.R.................. 16 tests <1b>[0;32mOK<1b>[0m
     Running test_track.R.................. 17 tests <1b>[0;32mOK<1b>[0m
     Running test_track.R.................. 18 tests <1b>[0;32mOK<1b>[0m
     Running test_track.R.................. 19 tests <1b>[0;32mOK<1b>[0m
     Running test_track.R.................. 20 tests <1b>[0;32mOK<1b>[0m
     Running test_track.R.................. 21 tests <1b>[0;32mOK<1b>[0m
     Running test_track.R.................. 22 tests <1b>[0;32mOK<1b>[0m
     Running test_track.R.................. 23 tests <1b>[0;32mOK<1b>[0m
     Running test_track.R.................. 24 tests <1b>[0;32mOK<1b>[0m .t found, creating `track_xyt`.
    
     Running test_track.R.................. 25 tests <1b>[0;32mOK<1b>[0m .t found, creating `track_xyt`.
    
     Running test_track.R.................. 26 tests <1b>[0;32mOK<1b>[0m .t missing, creating `track_xy`.
    
     Running test_track.R.................. 27 tests <1b>[0;32mOK<1b>[0m .t missing, creating `track_xy`.
    
     Running test_track.R.................. 28 tests <1b>[0;32mOK<1b>[0m
     Running test_track.R.................. 29 tests <1b>[0;32mOK<1b>[0m
     Running test_track.R.................. 30 tests <1b>[0;32mOK<1b>[0m
     Running test_track.R.................. 31 tests <1b>[0;32mOK<1b>[0m
     Running test_track.R.................. 32 tests <1b>[0;32mOK<1b>[0m
     Running test_track.R.................. 33 tests <1b>[0;32mOK<1b>[0m
     Running test_track.R.................. 34 tests <1b>[0;32mOK<1b>[0m
     Running test_track.R.................. 35 tests <1b>[0;32mOK<1b>[0m
     Running test_track.R.................. 36 tests <1b>[0;32mOK<1b>[0m
     Running test_track.R.................. 37 tests <1b>[0;32mOK<1b>[0m
     Running test_track.R.................. 38 tests <1b>[0;32mOK<1b>[0m
     Running test_track.R.................. 39 tests <1b>[0;32mOK<1b>[0m
     Running test_track.R.................. 40 tests <1b>[0;32mOK<1b>[0m
     Running test_track.R.................. 41 tests <1b>[0;32mOK<1b>[0m
     Running test_track.R.................. 42 tests <1b>[0;32mOK<1b>[0m
     Running test_track.R.................. 43 tests <1b>[0;32mOK<1b>[0m
     Running test_track.R.................. 44 tests <1b>[0;32mOK<1b>[0m
     Running test_track.R.................. 45 tests <1b>[0;32mOK<1b>[0m
     Running test_track.R.................. 46 tests <1b>[0;32mOK<1b>[0m
     Running test_track.R.................. 47 tests <1b>[0;32mOK<1b>[0m
     Running test_track.R.................. 48 tests <1b>[0;32mOK<1b>[0m
     Running test_track.R.................. 49 tests <1b>[0;32mOK<1b>[0m
     Running test_track.R.................. 50 tests <1b>[0;32mOK<1b>[0m
     Running test_track.R.................. 51 tests <1b>[0;32mOK<1b>[0m
     Running test_track.R.................. 52 tests <1b>[0;32mOK<1b>[0m
     Running test_track.R.................. 53 tests <1b>[0;32mOK<1b>[0m
     Running test_track.R.................. 54 tests <1b>[0;32mOK<1b>[0m
     Running test_track.R.................. 55 tests <1b>[0;32mOK<1b>[0m
     Running test_track.R.................. 56 tests <1b>[0;32mOK<1b>[0m
     Running test_track.R.................. 57 tests <1b>[0;32mOK<1b>[0m
     Running test_track.R.................. 58 tests <1b>[0;32mOK<1b>[0m
     Running test_track.R.................. 59 tests <1b>[0;32mOK<1b>[0m
     Running test_track.R.................. 60 tests <1b>[0;32mOK<1b>[0m
     Running test_track.R.................. 61 tests <1b>[0;32mOK<1b>[0m
     Running test_track.R.................. 62 tests <1b>[0;32mOK<1b>[0m
     Running test_track.R.................. 63 tests <1b>[0;32mOK<1b>[0m
     Error: ----- FAILED[data]: test_random_steps.R<89--89>
     call| expect_equal(rs[1, 1:6], rs[2, 1:6])
     diff| Component "x2_": Names: 1 string mismatch
     diff| Component "y2_": Names: 1 string mismatch
     diff| Component "sl_": Names: 1 string mismatch
     diff| Component "ta_": Names: 1 string mismatch
     Execution halted
Flavor: r-devel-linux-x86_64-debian-gcc

Version: 0.1.1
Check: package dependencies
Result: NOTE
    Imports includes 25 non-default packages.
    Importing from so many packages makes the package vulnerable to any of
    them becoming unavailable. Move as many as possible to Suggests and
    use conditionally.
Flavor: r-devel-linux-x86_64-fedora-clang

Version: 0.1.1
Check: tests
Result: ERROR
     Running ‘tinytest.R’ [31s/72s]
    Running the tests in ‘tests/tinytest.R’ failed.
    Complete output:
     >
     > if ( requireNamespace("tinytest", quietly=TRUE) ){
     + tinytest::test_package("amt")
     + }
    
     Attaching package: 'amt'
    
     The following object is masked from 'package:stats':
    
     filter
    
    
     Running test_crs.R.................... 0 tests
     Attaching package: 'lubridate'
    
     The following objects are masked from 'package:base':
    
     date, intersect, setdiff, union
    
    
     Running test_crs.R.................... 0 tests
     Running test_crs.R.................... 0 tests
     Running test_crs.R.................... 0 tests .t found, creating `track_xyt`.
    
     Running test_crs.R.................... 0 tests
     Running test_crs.R.................... 0 tests
     Running test_crs.R.................... 0 tests
     Running test_crs.R.................... 0 tests
     Running test_crs.R.................... 0 tests
     Running test_crs.R.................... 0 tests
     Running test_crs.R.................... 0 tests
     Running test_crs.R.................... 0 tests
     Running test_crs.R.................... 0 tests
     Running test_crs.R.................... 0 tests
     Running test_crs.R.................... 0 tests
     Running test_crs.R.................... 1 tests <1b>[0;32mOK<1b>[0m
     Running test_crs.R.................... 2 tests <1b>[0;32mOK<1b>[0m
     Running test_crs.R.................... 3 tests <1b>[0;32mOK<1b>[0m
     Running test_crs.R.................... 4 tests <1b>[0;32mOK<1b>[0m
     Running test_crs.R.................... 5 tests <1b>[0;32mOK<1b>[0m
     Running test_crs.R.................... 6 tests <1b>[0;32mOK<1b>[0m
     Running test_crs.R.................... 7 tests <1b>[0;32mOK<1b>[0m
     Running test_crs.R.................... 8 tests <1b>[0;32mOK<1b>[0m
     Running test_crs.R.................... 9 tests <1b>[0;32mOK<1b>[0m
     Running test_crs.R.................... 10 tests <1b>[0;32mOK<1b>[0m
     Running test_crs.R.................... 11 tests <1b>[0;32mOK<1b>[0m
     Running test_crs.R.................... 12 tests <1b>[0;32mOK<1b>[0m
     Running test_crs.R.................... 13 tests <1b>[0;32mOK<1b>[0m
     Running test_crs.R.................... 14 tests <1b>[0;32mOK<1b>[0m
     Running test_crs.R.................... 15 tests <1b>[0;32mOK<1b>[0m
     Running test_crs.R.................... 16 tests <1b>[0;32mOK<1b>[0m
     Running test_crs.R.................... 17 tests <1b>[0;32mOK<1b>[0m
     Running test_crs.R.................... 18 tests <1b>[0;32mOK<1b>[0m
    
     Running test_distributions.R.......... 0 tests
     Running test_distributions.R.......... 0 tests
     Running test_distributions.R.......... 0 tests
     Running test_distributions.R.......... 1 tests <1b>[0;32mOK<1b>[0m
     Running test_distributions.R.......... 2 tests <1b>[0;32mOK<1b>[0m
     Running test_distributions.R.......... 3 tests <1b>[0;32mOK<1b>[0m
     Running test_distributions.R.......... 3 tests <1b>[0;32mOK<1b>[0m
     Running test_distributions.R.......... 3 tests <1b>[0;32mOK<1b>[0m
     Running test_distributions.R.......... 3 tests <1b>[0;32mOK<1b>[0m
     Running test_distributions.R.......... 4 tests <1b>[0;32mOK<1b>[0m
     Running test_distributions.R.......... 5 tests <1b>[0;32mOK<1b>[0m
     Running test_distributions.R.......... 6 tests <1b>[0;32mOK<1b>[0m
     Running test_distributions.R.......... 7 tests <1b>[0;32mOK<1b>[0m
     Running test_distributions.R.......... 8 tests <1b>[0;32mOK<1b>[0m
     Running test_distributions.R.......... 9 tests <1b>[0;32mOK<1b>[0m
     Running test_distributions.R.......... 10 tests <1b>[0;32mOK<1b>[0m
     Running test_distributions.R.......... 11 tests <1b>[0;32mOK<1b>[0m
     Loading required package: sp
    
     Attaching package: 'sp'
    
     The following object is masked from 'package:amt':
    
     bbox
    
    
     Attaching package: 'raster'
    
     The following object is masked from 'package:amt':
    
     select
    
    
     Running test_extract_covariates.R..... 0 tests
     Running test_extract_covariates.R..... 0 tests
     Running test_extract_covariates.R..... 0 tests
     Running test_extract_covariates.R..... 0 tests
     Running test_extract_covariates.R..... 0 tests .t missing, creating `track_xy`.
    
     Running test_extract_covariates.R..... 0 tests .t found, creating `track_xyt`.
    
     Running test_extract_covariates.R..... 0 tests
     Running test_extract_covariates.R..... 0 tests
     Running test_extract_covariates.R..... 0 tests
     Running test_extract_covariates.R..... 0 tests
     Running test_extract_covariates.R..... 0 tests
     Running test_extract_covariates.R..... 1 tests <1b>[0;32mOK<1b>[0m
     Running test_extract_covariates.R..... 2 tests <1b>[0;32mOK<1b>[0m
     Running test_extract_covariates.R..... 3 tests <1b>[0;32mOK<1b>[0m
     Running test_extract_covariates.R..... 4 tests <1b>[0;32mOK<1b>[0m
     Running test_extract_covariates.R..... 5 tests <1b>[0;32mOK<1b>[0m
     Running test_extract_covariates.R..... 6 tests <1b>[0;32mOK<1b>[0m
     Running test_extract_covariates.R..... 6 tests <1b>[0;32mOK<1b>[0m
     Running test_extract_covariates.R..... 7 tests <1b>[0;32mOK<1b>[0m
     Running test_extract_covariates.R..... 8 tests <1b>[0;32mOK<1b>[0m
     Running test_extract_covariates.R..... 9 tests <1b>[0;32mOK<1b>[0m
     Running test_extract_covariates.R..... 9 tests <1b>[0;32mOK<1b>[0m
     Running test_extract_covariates.R..... 9 tests <1b>[0;32mOK<1b>[0m
     Running test_extract_covariates.R..... 10 tests <1b>[0;32mOK<1b>[0m
     Running test_extract_covariates.R..... 11 tests <1b>[0;32mOK<1b>[0m
     Running test_extract_covariates.R..... 12 tests <1b>[0;32mOK<1b>[0m
     Running test_extract_covariates.R..... 13 tests <1b>[0;32mOK<1b>[0m
     Running test_extract_covariates.R..... 14 tests <1b>[0;32mOK<1b>[0m
     Running test_extract_covariates.R..... 15 tests <1b>[0;32mOK<1b>[0m
     Running test_extract_covariates.R..... 16 tests <1b>[0;32mOK<1b>[0m
     Running test_extract_covariates.R..... 17 tests <1b>[0;32mOK<1b>[0m
     Running test_extract_covariates.R..... 18 tests <1b>[0;32mOK<1b>[0m
     Running test_extract_covariates.R..... 19 tests <1b>[0;32mOK<1b>[0m
     Running test_extract_covariates.R..... 20 tests <1b>[0;32mOK<1b>[0m
     Running test_extract_covariates.R..... 21 tests <1b>[0;32mOK<1b>[0m
     Running test_extract_covariates.R..... 22 tests <1b>[0;32mOK<1b>[0m
     Running test_extract_covariates.R..... 23 tests <1b>[0;32mOK<1b>[0m
     Running test_extract_covariates.R..... 24 tests <1b>[0;32mOK<1b>[0m
     Running test_extract_covariates.R..... 25 tests <1b>[0;32mOK<1b>[0m
     Running test_extract_covariates.R..... 26 tests <1b>[0;32mOK<1b>[0m
     Running test_extract_covariates.R..... 27 tests <1b>[0;32mOK<1b>[0m
     Running test_extract_covariates.R..... 28 tests <1b>[0;32mOK<1b>[0m
     Running test_extract_covariates.R..... 29 tests <1b>[0;32mOK<1b>[0m
     Running test_extract_covariates.R..... 30 tests <1b>[0;32mOK<1b>[0m
     Running test_extract_covariates.R..... 31 tests <1b>[0;32mOK<1b>[0m
     Running test_extract_covariates.R..... 32 tests <1b>[0;32mOK<1b>[0m
     Running test_extract_covariates.R..... 33 tests <1b>[0;32mOK<1b>[0m
     Running test_extract_covariates.R..... 34 tests <1b>[0;32mOK<1b>[0m
     Running test_extract_covariates.R..... 35 tests <1b>[0;32mOK<1b>[0m
     Running test_extract_covariates.R..... 36 tests <1b>[0;32mOK<1b>[0m
     Running test_extract_covariates.R..... 37 tests <1b>[0;32mOK<1b>[0m
     Running test_extract_covariates.R..... 38 tests <1b>[0;32mOK<1b>[0m
     Running test_extract_covariates.R..... 39 tests <1b>[0;32mOK<1b>[0m
     Running test_extract_covariates.R..... 40 tests <1b>[0;32mOK<1b>[0m
     Running test_extract_covariates.R..... 41 tests <1b>[0;32mOK<1b>[0m
     Running test_extract_covariates.R..... 42 tests <1b>[0;32mOK<1b>[0m
    
     Running test_fit_ctmm.R............... 0 tests
     Running test_fit_ctmm.R............... 0 tests .t found, creating `track_xyt`.
    
     Running test_fit_ctmm.R............... 0 tests Minimum sampling interval of 24 hours in unknown
    
     Running test_fit_ctmm.R............... 0 tests
     Running test_fit_ctmm.R............... 0 tests
     Running test_fit_ctmm.R............... 1 tests <1b>[0;32mOK<1b>[0m
     Running test_fit_ctmm.R............... 2 tests <1b>[0;32mOK<1b>[0m
    
     Running test_hr.R..................... 0 tests
     Running test_hr.R..................... 0 tests
     Running test_hr.R..................... 0 tests
     Running test_hr.R..................... 0 tests
     Running test_hr.R..................... 1 tests <1b>[0;32mOK<1b>[0m
     Running test_hr.R..................... 2 tests <1b>[0;32mOK<1b>[0m
     Running test_hr.R..................... 3 tests <1b>[0;32mOK<1b>[0m
     Running test_hr.R..................... 4 tests <1b>[0;32mOK<1b>[0m
     Running test_hr.R..................... 5 tests <1b>[0;32mOK<1b>[0m
     Running test_hr.R..................... 6 tests <1b>[0;32mOK<1b>[0m
     Running test_hr.R..................... 7 tests <1b>[0;32mOK<1b>[0m
     Running test_hr.R..................... 8 tests <1b>[0;32mOK<1b>[0m
    
     Running test_random_steps.R........... 0 tests
     Running test_random_steps.R........... 0 tests
     Running test_random_steps.R........... 1 tests <1b>[0;32mOK<1b>[0m
     Running test_random_steps.R........... 1 tests <1b>[0;32mOK<1b>[0m
     Running test_random_steps.R........... 1 tests <1b>[0;32mOK<1b>[0m
     Running test_random_steps.R........... 2 tests <1b>[0;32mOK<1b>[0m
     Running test_random_steps.R........... 2 tests <1b>[0;32mOK<1b>[0m
     Running test_random_steps.R........... 2 tests <1b>[0;32mOK<1b>[0m
     Running test_random_steps.R........... 3 tests <1b>[0;32mOK<1b>[0m
     Running test_random_steps.R........... 3 tests <1b>[0;32mOK<1b>[0m
     Running test_random_steps.R........... 3 tests <1b>[0;32mOK<1b>[0m
     Running test_random_steps.R........... 4 tests <1b>[0;32mOK<1b>[0m
     Running test_random_steps.R........... 4 tests <1b>[0;32mOK<1b>[0m
     Running test_random_steps.R........... 4 tests <1b>[0;32mOK<1b>[0m
     Running test_random_steps.R........... 5 tests <1b>[0;32mOK<1b>[0m
     Running test_random_steps.R........... 5 tests <1b>[0;32mOK<1b>[0m
     Running test_random_steps.R........... 5 tests <1b>[0;32mOK<1b>[0m
     Running test_random_steps.R........... 6 tests <1b>[0;32mOK<1b>[0m
     Running test_random_steps.R........... 6 tests <1b>[0;32mOK<1b>[0m
     Running test_random_steps.R........... 6 tests <1b>[0;32mOK<1b>[0m
     Running test_random_steps.R........... 7 tests <1b>[0;32mOK<1b>[0m
     Running test_random_steps.R........... 7 tests <1b>[0;32mOK<1b>[0m
     Running test_random_steps.R........... 7 tests <1b>[0;32mOK<1b>[0m
     Running test_random_steps.R........... 8 tests <1b>[0;32mOK<1b>[0m
     Running test_random_steps.R........... 8 tests <1b>[0;32mOK<1b>[0m
     Running test_random_steps.R........... 8 tests <1b>[0;32mOK<1b>[0m
     Running test_random_steps.R........... 9 tests <1b>[0;32mOK<1b>[0m
     Running test_random_steps.R........... 9 tests <1b>[0;32mOK<1b>[0m
     Running test_random_steps.R........... 9 tests <1b>[0;32mOK<1b>[0m
     Running test_random_steps.R........... 10 tests <1b>[0;32mOK<1b>[0m
     Running test_random_steps.R........... 10 tests <1b>[0;32mOK<1b>[0m
     Running test_random_steps.R........... 10 tests <1b>[0;32mOK<1b>[0m
     Running test_random_steps.R........... 11 tests <1b>[0;32mOK<1b>[0m
     Running test_random_steps.R........... 12 tests <1b>[0;32mOK<1b>[0m
     Running test_random_steps.R........... 13 tests <1b>[0;32mOK<1b>[0m
     Running test_random_steps.R........... 14 tests <1b>[0;32mOK<1b>[0m
     Running test_random_steps.R........... 15 tests <1b>[0;32mOK<1b>[0m
     Running test_random_steps.R........... 16 tests <1b>[0;32mOK<1b>[0m
     Running test_random_steps.R........... 17 tests <1b>[0;32mOK<1b>[0m
     Running test_random_steps.R........... 18 tests <1b>[0;32mOK<1b>[0m
     Running test_random_steps.R........... 18 tests <1b>[0;32mOK<1b>[0m .t missing, creating `track_xy`.
    
     Running test_random_steps.R........... 18 tests <1b>[0;32mOK<1b>[0m
     Running test_random_steps.R........... 18 tests <1b>[0;32mOK<1b>[0m
     Running test_random_steps.R........... 19 tests <1b>[0;32mOK<1b>[0m
     Running test_random_steps.R........... 20 tests <1b>[0;32mOK<1b>[0m
     Running test_random_steps.R........... 20 tests <1b>[0;32mOK<1b>[0m
     Running test_random_steps.R........... 21 tests <1b>[0;32mOK<1b>[0m
     Running test_random_steps.R........... 22 tests <1b>[0;32mOK<1b>[0m
     Running test_random_steps.R........... 22 tests <1b>[0;32mOK<1b>[0m
     Running test_random_steps.R........... 23 tests <1b>[0;32mOK<1b>[0m
     Running test_random_steps.R........... 24 tests <1b>[0;32mOK<1b>[0m
     Running test_random_steps.R........... 24 tests <1b>[0;32mOK<1b>[0m .t missing, creating `track_xy`.
    
     Running test_random_steps.R........... 24 tests <1b>[0;32mOK<1b>[0m
     Running test_random_steps.R........... 24 tests <1b>[0;32mOK<1b>[0m
     Running test_random_steps.R........... 24 tests <1b>[0;32mOK<1b>[0m
     Running test_random_steps.R........... 24 tests <1b>[0;32mOK<1b>[0m
     Running test_random_steps.R........... 25 tests <1b>[0;31m1 fails<1b>[0m
     Running test_random_steps.R........... 26 tests <1b>[0;31m1 fails<1b>[0m
     Running test_random_steps.R........... 26 tests <1b>[0;31m1 fails<1b>[0m .t missing, creating `track_xy`.
    
     Running test_random_steps.R........... 26 tests <1b>[0;31m1 fails<1b>[0m
     Running test_random_steps.R........... 26 tests <1b>[0;31m1 fails<1b>[0m
     Running test_random_steps.R........... 26 tests <1b>[0;31m1 fails<1b>[0m
     Running test_random_steps.R........... 27 tests <1b>[0;31m1 fails<1b>[0m
     Running test_random_steps.R........... 28 tests <1b>[0;31m1 fails<1b>[0m
    
     Running test_steps.R.................. 0 tests .t missing, creating `track_xy`.
    
     Running test_steps.R.................. 0 tests .t found, creating `track_xyt`.
    
     Running test_steps.R.................. 0 tests
     Running test_steps.R.................. 1 tests <1b>[0;32mOK<1b>[0m
     Running test_steps.R.................. 2 tests <1b>[0;32mOK<1b>[0m
     Running test_steps.R.................. 3 tests <1b>[0;32mOK<1b>[0m
     Running test_steps.R.................. 4 tests <1b>[0;32mOK<1b>[0m
     Running test_steps.R.................. 5 tests <1b>[0;32mOK<1b>[0m
     Running test_steps.R.................. 6 tests <1b>[0;32mOK<1b>[0m
     Running test_steps.R.................. 7 tests <1b>[0;32mOK<1b>[0m
     Running test_steps.R.................. 7 tests <1b>[0;32mOK<1b>[0m
     Running test_steps.R.................. 8 tests <1b>[0;32mOK<1b>[0m
     Running test_steps.R.................. 9 tests <1b>[0;32mOK<1b>[0m
     Running test_steps.R.................. 10 tests <1b>[0;32mOK<1b>[0m
    
     Running test_track.R.................. 0 tests
     Running test_track.R.................. 0 tests .t missing, creating `track_xy`.
    
     Running test_track.R.................. 0 tests .t missing, creating `track_xy`.
    
     Running test_track.R.................. 0 tests .t missing, creating `track_xy`.
    
     Running test_track.R.................. 0 tests .t missing, creating `track_xy`.
    
     Running test_track.R.................. 0 tests
     Running test_track.R.................. 0 tests
     Running test_track.R.................. 1 tests <1b>[0;32mOK<1b>[0m
     Running test_track.R.................. 2 tests <1b>[0;32mOK<1b>[0m
     Running test_track.R.................. 3 tests <1b>[0;32mOK<1b>[0m
     Running test_track.R.................. 4 tests <1b>[0;32mOK<1b>[0m
     Running test_track.R.................. 5 tests <1b>[0;32mOK<1b>[0m
     Running test_track.R.................. 6 tests <1b>[0;32mOK<1b>[0m
     Running test_track.R.................. 7 tests <1b>[0;32mOK<1b>[0m
     Running test_track.R.................. 8 tests <1b>[0;32mOK<1b>[0m
     Running test_track.R.................. 9 tests <1b>[0;32mOK<1b>[0m
     Running test_track.R.................. 9 tests <1b>[0;32mOK<1b>[0m .t found, creating `track_xyt`.
    
     Running test_track.R.................. 9 tests <1b>[0;32mOK<1b>[0m .t found, creating `track_xyt`.
    
     Running test_track.R.................. 9 tests <1b>[0;32mOK<1b>[0m .t found, creating `track_xyt`.
    
     Running test_track.R.................. 9 tests <1b>[0;32mOK<1b>[0m .t missing, creating `track_xy`.
    
     Running test_track.R.................. 9 tests <1b>[0;32mOK<1b>[0m .t missing, creating `track_xy`.
    
     Running test_track.R.................. 9 tests <1b>[0;32mOK<1b>[0m .t missing, creating `track_xy`.
    
     Running test_track.R.................. 9 tests <1b>[0;32mOK<1b>[0m
     Running test_track.R.................. 10 tests <1b>[0;32mOK<1b>[0m
     Running test_track.R.................. 11 tests <1b>[0;32mOK<1b>[0m
     Running test_track.R.................. 12 tests <1b>[0;32mOK<1b>[0m
     Running test_track.R.................. 13 tests <1b>[0;32mOK<1b>[0m
     Running test_track.R.................. 14 tests <1b>[0;32mOK<1b>[0m
     Running test_track.R.................. 15 tests <1b>[0;32mOK<1b>[0m
     Running test_track.R.................. 16 tests <1b>[0;32mOK<1b>[0m
     Running test_track.R.................. 17 tests <1b>[0;32mOK<1b>[0m
     Running test_track.R.................. 18 tests <1b>[0;32mOK<1b>[0m
     Running test_track.R.................. 19 tests <1b>[0;32mOK<1b>[0m
     Running test_track.R.................. 20 tests <1b>[0;32mOK<1b>[0m
     Running test_track.R.................. 21 tests <1b>[0;32mOK<1b>[0m
     Running test_track.R.................. 22 tests <1b>[0;32mOK<1b>[0m
     Running test_track.R.................. 23 tests <1b>[0;32mOK<1b>[0m
     Running test_track.R.................. 24 tests <1b>[0;32mOK<1b>[0m .t found, creating `track_xyt`.
    
     Running test_track.R.................. 25 tests <1b>[0;32mOK<1b>[0m .t found, creating `track_xyt`.
    
     Running test_track.R.................. 26 tests <1b>[0;32mOK<1b>[0m .t missing, creating `track_xy`.
    
     Running test_track.R.................. 27 tests <1b>[0;32mOK<1b>[0m .t missing, creating `track_xy`.
    
     Running test_track.R.................. 28 tests <1b>[0;32mOK<1b>[0m
     Running test_track.R.................. 29 tests <1b>[0;32mOK<1b>[0m
     Running test_track.R.................. 30 tests <1b>[0;32mOK<1b>[0m
     Running test_track.R.................. 31 tests <1b>[0;32mOK<1b>[0m
     Running test_track.R.................. 32 tests <1b>[0;32mOK<1b>[0m
     Running test_track.R.................. 33 tests <1b>[0;32mOK<1b>[0m
     Running test_track.R.................. 34 tests <1b>[0;32mOK<1b>[0m
     Running test_track.R.................. 35 tests <1b>[0;32mOK<1b>[0m
     Running test_track.R.................. 36 tests <1b>[0;32mOK<1b>[0m
     Running test_track.R.................. 37 tests <1b>[0;32mOK<1b>[0m
     Running test_track.R.................. 38 tests <1b>[0;32mOK<1b>[0m
     Running test_track.R.................. 39 tests <1b>[0;32mOK<1b>[0m
     Running test_track.R.................. 40 tests <1b>[0;32mOK<1b>[0m
     Running test_track.R.................. 41 tests <1b>[0;32mOK<1b>[0m
     Running test_track.R.................. 42 tests <1b>[0;32mOK<1b>[0m
     Running test_track.R.................. 43 tests <1b>[0;32mOK<1b>[0m
     Running test_track.R.................. 44 tests <1b>[0;32mOK<1b>[0m
     Running test_track.R.................. 45 tests <1b>[0;32mOK<1b>[0m
     Running test_track.R.................. 46 tests <1b>[0;32mOK<1b>[0m
     Running test_track.R.................. 47 tests <1b>[0;32mOK<1b>[0m
     Running test_track.R.................. 48 tests <1b>[0;32mOK<1b>[0m
     Running test_track.R.................. 49 tests <1b>[0;32mOK<1b>[0m
     Running test_track.R.................. 50 tests <1b>[0;32mOK<1b>[0m
     Running test_track.R.................. 51 tests <1b>[0;32mOK<1b>[0m
     Running test_track.R.................. 52 tests <1b>[0;32mOK<1b>[0m
     Running test_track.R.................. 53 tests <1b>[0;32mOK<1b>[0m
     Running test_track.R.................. 54 tests <1b>[0;32mOK<1b>[0m
     Running test_track.R.................. 55 tests <1b>[0;32mOK<1b>[0m
     Running test_track.R.................. 56 tests <1b>[0;32mOK<1b>[0m
     Running test_track.R.................. 57 tests <1b>[0;32mOK<1b>[0m
     Running test_track.R.................. 58 tests <1b>[0;32mOK<1b>[0m
     Running test_track.R.................. 59 tests <1b>[0;32mOK<1b>[0m
     Running test_track.R.................. 60 tests <1b>[0;32mOK<1b>[0m
     Running test_track.R.................. 61 tests <1b>[0;32mOK<1b>[0m
     Running test_track.R.................. 62 tests <1b>[0;32mOK<1b>[0m
     Running test_track.R.................. 63 tests <1b>[0;32mOK<1b>[0m
     Error: ----- FAILED[data]: test_random_steps.R<89--89>
     call| expect_equal(rs[1, 1:6], rs[2, 1:6])
     diff| Component "x2_": Names: 1 string mismatch
     diff| Component "y2_": Names: 1 string mismatch
     diff| Component "sl_": Names: 1 string mismatch
     diff| Component "ta_": Names: 1 string mismatch
     Execution halted
Flavor: r-devel-linux-x86_64-fedora-clang

Version: 0.1.1
Check: tests
Result: ERROR
     Running ‘tinytest.R’ [38s/115s]
    Running the tests in ‘tests/tinytest.R’ failed.
    Complete output:
     >
     > if ( requireNamespace("tinytest", quietly=TRUE) ){
     + tinytest::test_package("amt")
     + }
    
     Attaching package: 'amt'
    
     The following object is masked from 'package:stats':
    
     filter
    
    
     Running test_crs.R.................... 0 tests
     Attaching package: 'lubridate'
    
     The following objects are masked from 'package:base':
    
     date, intersect, setdiff, union
    
    
     Running test_crs.R.................... 0 tests
     Running test_crs.R.................... 0 tests
     Running test_crs.R.................... 0 tests .t found, creating `track_xyt`.
    
     Running test_crs.R.................... 0 tests
     Running test_crs.R.................... 0 tests
     Running test_crs.R.................... 0 tests
     Running test_crs.R.................... 0 tests
     Running test_crs.R.................... 0 tests
     Running test_crs.R.................... 0 tests
     Running test_crs.R.................... 0 tests
     Running test_crs.R.................... 0 tests
     Running test_crs.R.................... 0 tests
     Running test_crs.R.................... 0 tests
     Running test_crs.R.................... 0 tests
     Running test_crs.R.................... 1 tests <1b>[0;32mOK<1b>[0m
     Running test_crs.R.................... 2 tests <1b>[0;32mOK<1b>[0m
     Running test_crs.R.................... 3 tests <1b>[0;32mOK<1b>[0m
     Running test_crs.R.................... 4 tests <1b>[0;32mOK<1b>[0m
     Running test_crs.R.................... 5 tests <1b>[0;32mOK<1b>[0m
     Running test_crs.R.................... 6 tests <1b>[0;32mOK<1b>[0m
     Running test_crs.R.................... 7 tests <1b>[0;32mOK<1b>[0m
     Running test_crs.R.................... 8 tests <1b>[0;32mOK<1b>[0m
     Running test_crs.R.................... 9 tests <1b>[0;32mOK<1b>[0m
     Running test_crs.R.................... 10 tests <1b>[0;32mOK<1b>[0m
     Running test_crs.R.................... 11 tests <1b>[0;32mOK<1b>[0m
     Running test_crs.R.................... 12 tests <1b>[0;32mOK<1b>[0m
     Running test_crs.R.................... 13 tests <1b>[0;32mOK<1b>[0m
     Running test_crs.R.................... 14 tests <1b>[0;32mOK<1b>[0m
     Running test_crs.R.................... 15 tests <1b>[0;32mOK<1b>[0m
     Running test_crs.R.................... 16 tests <1b>[0;32mOK<1b>[0m
     Running test_crs.R.................... 17 tests <1b>[0;32mOK<1b>[0m
     Running test_crs.R.................... 18 tests <1b>[0;32mOK<1b>[0m
    
     Running test_distributions.R.......... 0 tests
     Running test_distributions.R.......... 0 tests
     Running test_distributions.R.......... 0 tests
     Running test_distributions.R.......... 1 tests <1b>[0;32mOK<1b>[0m
     Running test_distributions.R.......... 2 tests <1b>[0;32mOK<1b>[0m
     Running test_distributions.R.......... 3 tests <1b>[0;32mOK<1b>[0m
     Running test_distributions.R.......... 3 tests <1b>[0;32mOK<1b>[0m
     Running test_distributions.R.......... 3 tests <1b>[0;32mOK<1b>[0m
     Running test_distributions.R.......... 3 tests <1b>[0;32mOK<1b>[0m
     Running test_distributions.R.......... 4 tests <1b>[0;32mOK<1b>[0m
     Running test_distributions.R.......... 5 tests <1b>[0;32mOK<1b>[0m
     Running test_distributions.R.......... 6 tests <1b>[0;32mOK<1b>[0m
     Running test_distributions.R.......... 7 tests <1b>[0;32mOK<1b>[0m
     Running test_distributions.R.......... 8 tests <1b>[0;32mOK<1b>[0m
     Running test_distributions.R.......... 9 tests <1b>[0;32mOK<1b>[0m
     Running test_distributions.R.......... 10 tests <1b>[0;32mOK<1b>[0m
     Running test_distributions.R.......... 11 tests <1b>[0;32mOK<1b>[0m
     Loading required package: sp
    
     Attaching package: 'sp'
    
     The following object is masked from 'package:amt':
    
     bbox
    
    
     Attaching package: 'raster'
    
     The following object is masked from 'package:amt':
    
     select
    
    
     Running test_extract_covariates.R..... 0 tests
     Running test_extract_covariates.R..... 0 tests
     Running test_extract_covariates.R..... 0 tests
     Running test_extract_covariates.R..... 0 tests
     Running test_extract_covariates.R..... 0 tests .t missing, creating `track_xy`.
    
     Running test_extract_covariates.R..... 0 tests .t found, creating `track_xyt`.
    
     Running test_extract_covariates.R..... 0 tests
     Running test_extract_covariates.R..... 0 tests
     Running test_extract_covariates.R..... 0 tests
     Running test_extract_covariates.R..... 0 tests
     Running test_extract_covariates.R..... 0 tests
     Running test_extract_covariates.R..... 1 tests <1b>[0;32mOK<1b>[0m
     Running test_extract_covariates.R..... 2 tests <1b>[0;32mOK<1b>[0m
     Running test_extract_covariates.R..... 3 tests <1b>[0;32mOK<1b>[0m
     Running test_extract_covariates.R..... 4 tests <1b>[0;32mOK<1b>[0m
     Running test_extract_covariates.R..... 5 tests <1b>[0;32mOK<1b>[0m
     Running test_extract_covariates.R..... 6 tests <1b>[0;32mOK<1b>[0m
     Running test_extract_covariates.R..... 6 tests <1b>[0;32mOK<1b>[0m
     Running test_extract_covariates.R..... 7 tests <1b>[0;32mOK<1b>[0m
     Running test_extract_covariates.R..... 8 tests <1b>[0;32mOK<1b>[0m
     Running test_extract_covariates.R..... 9 tests <1b>[0;32mOK<1b>[0m
     Running test_extract_covariates.R..... 9 tests <1b>[0;32mOK<1b>[0m
     Running test_extract_covariates.R..... 9 tests <1b>[0;32mOK<1b>[0m
     Running test_extract_covariates.R..... 10 tests <1b>[0;32mOK<1b>[0m
     Running test_extract_covariates.R..... 11 tests <1b>[0;32mOK<1b>[0m
     Running test_extract_covariates.R..... 12 tests <1b>[0;32mOK<1b>[0m
     Running test_extract_covariates.R..... 13 tests <1b>[0;32mOK<1b>[0m
     Running test_extract_covariates.R..... 14 tests <1b>[0;32mOK<1b>[0m
     Running test_extract_covariates.R..... 15 tests <1b>[0;32mOK<1b>[0m
     Running test_extract_covariates.R..... 16 tests <1b>[0;32mOK<1b>[0m
     Running test_extract_covariates.R..... 17 tests <1b>[0;32mOK<1b>[0m
     Running test_extract_covariates.R..... 18 tests <1b>[0;32mOK<1b>[0m
     Running test_extract_covariates.R..... 19 tests <1b>[0;32mOK<1b>[0m
     Running test_extract_covariates.R..... 20 tests <1b>[0;32mOK<1b>[0m
     Running test_extract_covariates.R..... 21 tests <1b>[0;32mOK<1b>[0m
     Running test_extract_covariates.R..... 22 tests <1b>[0;32mOK<1b>[0m
     Running test_extract_covariates.R..... 23 tests <1b>[0;32mOK<1b>[0m
     Running test_extract_covariates.R..... 24 tests <1b>[0;32mOK<1b>[0m
     Running test_extract_covariates.R..... 25 tests <1b>[0;32mOK<1b>[0m
     Running test_extract_covariates.R..... 26 tests <1b>[0;32mOK<1b>[0m
     Running test_extract_covariates.R..... 27 tests <1b>[0;32mOK<1b>[0m
     Running test_extract_covariates.R..... 28 tests <1b>[0;32mOK<1b>[0m
     Running test_extract_covariates.R..... 29 tests <1b>[0;32mOK<1b>[0m
     Running test_extract_covariates.R..... 30 tests <1b>[0;32mOK<1b>[0m
     Running test_extract_covariates.R..... 31 tests <1b>[0;32mOK<1b>[0m
     Running test_extract_covariates.R..... 32 tests <1b>[0;32mOK<1b>[0m
     Running test_extract_covariates.R..... 33 tests <1b>[0;32mOK<1b>[0m
     Running test_extract_covariates.R..... 34 tests <1b>[0;32mOK<1b>[0m
     Running test_extract_covariates.R..... 35 tests <1b>[0;32mOK<1b>[0m
     Running test_extract_covariates.R..... 36 tests <1b>[0;32mOK<1b>[0m
     Running test_extract_covariates.R..... 37 tests <1b>[0;32mOK<1b>[0m
     Running test_extract_covariates.R..... 38 tests <1b>[0;32mOK<1b>[0m
     Running test_extract_covariates.R..... 39 tests <1b>[0;32mOK<1b>[0m
     Running test_extract_covariates.R..... 40 tests <1b>[0;32mOK<1b>[0m
     Running test_extract_covariates.R..... 41 tests <1b>[0;32mOK<1b>[0m
     Running test_extract_covariates.R..... 42 tests <1b>[0;32mOK<1b>[0m
    
     Running test_fit_ctmm.R............... 0 tests
     Running test_fit_ctmm.R............... 0 tests .t found, creating `track_xyt`.
    
     Running test_fit_ctmm.R............... 0 tests Minimum sampling interval of 24 hours in unknown
    
     Running test_fit_ctmm.R............... 0 tests
     Running test_fit_ctmm.R............... 0 tests
     Running test_fit_ctmm.R............... 1 tests <1b>[0;32mOK<1b>[0m
     Running test_fit_ctmm.R............... 2 tests <1b>[0;32mOK<1b>[0m
    
     Running test_hr.R..................... 0 tests
     Running test_hr.R..................... 0 tests
     Running test_hr.R..................... 0 tests
     Running test_hr.R..................... 0 tests
     Running test_hr.R..................... 1 tests <1b>[0;32mOK<1b>[0m
     Running test_hr.R..................... 2 tests <1b>[0;32mOK<1b>[0m
     Running test_hr.R..................... 3 tests <1b>[0;32mOK<1b>[0m
     Running test_hr.R..................... 4 tests <1b>[0;32mOK<1b>[0m
     Running test_hr.R..................... 5 tests <1b>[0;32mOK<1b>[0m
     Running test_hr.R..................... 6 tests <1b>[0;32mOK<1b>[0m
     Running test_hr.R..................... 7 tests <1b>[0;32mOK<1b>[0m
     Running test_hr.R..................... 8 tests <1b>[0;32mOK<1b>[0m
    
     Running test_random_steps.R........... 0 tests
     Running test_random_steps.R........... 0 tests
     Running test_random_steps.R........... 1 tests <1b>[0;32mOK<1b>[0m
     Running test_random_steps.R........... 1 tests <1b>[0;32mOK<1b>[0m
     Running test_random_steps.R........... 1 tests <1b>[0;32mOK<1b>[0m
     Running test_random_steps.R........... 2 tests <1b>[0;32mOK<1b>[0m
     Running test_random_steps.R........... 2 tests <1b>[0;32mOK<1b>[0m
     Running test_random_steps.R........... 2 tests <1b>[0;32mOK<1b>[0m
     Running test_random_steps.R........... 3 tests <1b>[0;32mOK<1b>[0m
     Running test_random_steps.R........... 3 tests <1b>[0;32mOK<1b>[0m
     Running test_random_steps.R........... 3 tests <1b>[0;32mOK<1b>[0m
     Running test_random_steps.R........... 4 tests <1b>[0;32mOK<1b>[0m
     Running test_random_steps.R........... 4 tests <1b>[0;32mOK<1b>[0m
     Running test_random_steps.R........... 4 tests <1b>[0;32mOK<1b>[0m
     Running test_random_steps.R........... 5 tests <1b>[0;32mOK<1b>[0m
     Running test_random_steps.R........... 5 tests <1b>[0;32mOK<1b>[0m
     Running test_random_steps.R........... 5 tests <1b>[0;32mOK<1b>[0m
     Running test_random_steps.R........... 6 tests <1b>[0;32mOK<1b>[0m
     Running test_random_steps.R........... 6 tests <1b>[0;32mOK<1b>[0m
     Running test_random_steps.R........... 6 tests <1b>[0;32mOK<1b>[0m
     Running test_random_steps.R........... 7 tests <1b>[0;32mOK<1b>[0m
     Running test_random_steps.R........... 7 tests <1b>[0;32mOK<1b>[0m
     Running test_random_steps.R........... 7 tests <1b>[0;32mOK<1b>[0m
     Running test_random_steps.R........... 8 tests <1b>[0;32mOK<1b>[0m
     Running test_random_steps.R........... 8 tests <1b>[0;32mOK<1b>[0m
     Running test_random_steps.R........... 8 tests <1b>[0;32mOK<1b>[0m
     Running test_random_steps.R........... 9 tests <1b>[0;32mOK<1b>[0m
     Running test_random_steps.R........... 9 tests <1b>[0;32mOK<1b>[0m
     Running test_random_steps.R........... 9 tests <1b>[0;32mOK<1b>[0m
     Running test_random_steps.R........... 10 tests <1b>[0;32mOK<1b>[0m
     Running test_random_steps.R........... 10 tests <1b>[0;32mOK<1b>[0m
     Running test_random_steps.R........... 10 tests <1b>[0;32mOK<1b>[0m
     Running test_random_steps.R........... 11 tests <1b>[0;32mOK<1b>[0m
     Running test_random_steps.R........... 12 tests <1b>[0;32mOK<1b>[0m
     Running test_random_steps.R........... 13 tests <1b>[0;32mOK<1b>[0m
     Running test_random_steps.R........... 14 tests <1b>[0;32mOK<1b>[0m
     Running test_random_steps.R........... 15 tests <1b>[0;32mOK<1b>[0m
     Running test_random_steps.R........... 16 tests <1b>[0;32mOK<1b>[0m
     Running test_random_steps.R........... 17 tests <1b>[0;32mOK<1b>[0m
     Running test_random_steps.R........... 18 tests <1b>[0;32mOK<1b>[0m
     Running test_random_steps.R........... 18 tests <1b>[0;32mOK<1b>[0m .t missing, creating `track_xy`.
    
     Running test_random_steps.R........... 18 tests <1b>[0;32mOK<1b>[0m
     Running test_random_steps.R........... 18 tests <1b>[0;32mOK<1b>[0m
     Running test_random_steps.R........... 19 tests <1b>[0;32mOK<1b>[0m
     Running test_random_steps.R........... 20 tests <1b>[0;32mOK<1b>[0m
     Running test_random_steps.R........... 20 tests <1b>[0;32mOK<1b>[0m
     Running test_random_steps.R........... 21 tests <1b>[0;32mOK<1b>[0m
     Running test_random_steps.R........... 22 tests <1b>[0;32mOK<1b>[0m
     Running test_random_steps.R........... 22 tests <1b>[0;32mOK<1b>[0m
     Running test_random_steps.R........... 23 tests <1b>[0;32mOK<1b>[0m
     Running test_random_steps.R........... 24 tests <1b>[0;32mOK<1b>[0m
     Running test_random_steps.R........... 24 tests <1b>[0;32mOK<1b>[0m .t missing, creating `track_xy`.
    
     Running test_random_steps.R........... 24 tests <1b>[0;32mOK<1b>[0m
     Running test_random_steps.R........... 24 tests <1b>[0;32mOK<1b>[0m
     Running test_random_steps.R........... 24 tests <1b>[0;32mOK<1b>[0m
     Running test_random_steps.R........... 24 tests <1b>[0;32mOK<1b>[0m
     Running test_random_steps.R........... 25 tests <1b>[0;31m1 fails<1b>[0m
     Running test_random_steps.R........... 26 tests <1b>[0;31m1 fails<1b>[0m
     Running test_random_steps.R........... 26 tests <1b>[0;31m1 fails<1b>[0m .t missing, creating `track_xy`.
    
     Running test_random_steps.R........... 26 tests <1b>[0;31m1 fails<1b>[0m
     Running test_random_steps.R........... 26 tests <1b>[0;31m1 fails<1b>[0m
     Running test_random_steps.R........... 26 tests <1b>[0;31m1 fails<1b>[0m
     Running test_random_steps.R........... 27 tests <1b>[0;31m1 fails<1b>[0m
     Running test_random_steps.R........... 28 tests <1b>[0;31m1 fails<1b>[0m
    
     Running test_steps.R.................. 0 tests .t missing, creating `track_xy`.
    
     Running test_steps.R.................. 0 tests .t found, creating `track_xyt`.
    
     Running test_steps.R.................. 0 tests
     Running test_steps.R.................. 1 tests <1b>[0;32mOK<1b>[0m
     Running test_steps.R.................. 2 tests <1b>[0;32mOK<1b>[0m
     Running test_steps.R.................. 3 tests <1b>[0;32mOK<1b>[0m
     Running test_steps.R.................. 4 tests <1b>[0;32mOK<1b>[0m
     Running test_steps.R.................. 5 tests <1b>[0;32mOK<1b>[0m
     Running test_steps.R.................. 6 tests <1b>[0;32mOK<1b>[0m
     Running test_steps.R.................. 7 tests <1b>[0;32mOK<1b>[0m
     Running test_steps.R.................. 7 tests <1b>[0;32mOK<1b>[0m
     Running test_steps.R.................. 8 tests <1b>[0;32mOK<1b>[0m
     Running test_steps.R.................. 9 tests <1b>[0;32mOK<1b>[0m
     Running test_steps.R.................. 10 tests <1b>[0;32mOK<1b>[0m
    
     Running test_track.R.................. 0 tests
     Running test_track.R.................. 0 tests .t missing, creating `track_xy`.
    
     Running test_track.R.................. 0 tests .t missing, creating `track_xy`.
    
     Running test_track.R.................. 0 tests .t missing, creating `track_xy`.
    
     Running test_track.R.................. 0 tests .t missing, creating `track_xy`.
    
     Running test_track.R.................. 0 tests
     Running test_track.R.................. 0 tests
     Running test_track.R.................. 1 tests <1b>[0;32mOK<1b>[0m
     Running test_track.R.................. 2 tests <1b>[0;32mOK<1b>[0m
     Running test_track.R.................. 3 tests <1b>[0;32mOK<1b>[0m
     Running test_track.R.................. 4 tests <1b>[0;32mOK<1b>[0m
     Running test_track.R.................. 5 tests <1b>[0;32mOK<1b>[0m
     Running test_track.R.................. 6 tests <1b>[0;32mOK<1b>[0m
     Running test_track.R.................. 7 tests <1b>[0;32mOK<1b>[0m
     Running test_track.R.................. 8 tests <1b>[0;32mOK<1b>[0m
     Running test_track.R.................. 9 tests <1b>[0;32mOK<1b>[0m
     Running test_track.R.................. 9 tests <1b>[0;32mOK<1b>[0m .t found, creating `track_xyt`.
    
     Running test_track.R.................. 9 tests <1b>[0;32mOK<1b>[0m .t found, creating `track_xyt`.
    
     Running test_track.R.................. 9 tests <1b>[0;32mOK<1b>[0m .t found, creating `track_xyt`.
    
     Running test_track.R.................. 9 tests <1b>[0;32mOK<1b>[0m .t missing, creating `track_xy`.
    
     Running test_track.R.................. 9 tests <1b>[0;32mOK<1b>[0m .t missing, creating `track_xy`.
    
     Running test_track.R.................. 9 tests <1b>[0;32mOK<1b>[0m .t missing, creating `track_xy`.
    
     Running test_track.R.................. 9 tests <1b>[0;32mOK<1b>[0m
     Running test_track.R.................. 10 tests <1b>[0;32mOK<1b>[0m
     Running test_track.R.................. 11 tests <1b>[0;32mOK<1b>[0m
     Running test_track.R.................. 12 tests <1b>[0;32mOK<1b>[0m
     Running test_track.R.................. 13 tests <1b>[0;32mOK<1b>[0m
     Running test_track.R.................. 14 tests <1b>[0;32mOK<1b>[0m
     Running test_track.R.................. 15 tests <1b>[0;32mOK<1b>[0m
     Running test_track.R.................. 16 tests <1b>[0;32mOK<1b>[0m
     Running test_track.R.................. 17 tests <1b>[0;32mOK<1b>[0m
     Running test_track.R.................. 18 tests <1b>[0;32mOK<1b>[0m
     Running test_track.R.................. 19 tests <1b>[0;32mOK<1b>[0m
     Running test_track.R.................. 20 tests <1b>[0;32mOK<1b>[0m
     Running test_track.R.................. 21 tests <1b>[0;32mOK<1b>[0m
     Running test_track.R.................. 22 tests <1b>[0;32mOK<1b>[0m
     Running test_track.R.................. 23 tests <1b>[0;32mOK<1b>[0m
     Running test_track.R.................. 24 tests <1b>[0;32mOK<1b>[0m .t found, creating `track_xyt`.
    
     Running test_track.R.................. 25 tests <1b>[0;32mOK<1b>[0m .t found, creating `track_xyt`.
    
     Running test_track.R.................. 26 tests <1b>[0;32mOK<1b>[0m .t missing, creating `track_xy`.
    
     Running test_track.R.................. 27 tests <1b>[0;32mOK<1b>[0m .t missing, creating `track_xy`.
    
     Running test_track.R.................. 28 tests <1b>[0;32mOK<1b>[0m
     Running test_track.R.................. 29 tests <1b>[0;32mOK<1b>[0m
     Running test_track.R.................. 30 tests <1b>[0;32mOK<1b>[0m
     Running test_track.R.................. 31 tests <1b>[0;32mOK<1b>[0m
     Running test_track.R.................. 32 tests <1b>[0;32mOK<1b>[0m
     Running test_track.R.................. 33 tests <1b>[0;32mOK<1b>[0m
     Running test_track.R.................. 34 tests <1b>[0;32mOK<1b>[0m
     Running test_track.R.................. 35 tests <1b>[0;32mOK<1b>[0m
     Running test_track.R.................. 36 tests <1b>[0;32mOK<1b>[0m
     Running test_track.R.................. 37 tests <1b>[0;32mOK<1b>[0m
     Running test_track.R.................. 38 tests <1b>[0;32mOK<1b>[0m
     Running test_track.R.................. 39 tests <1b>[0;32mOK<1b>[0m
     Running test_track.R.................. 40 tests <1b>[0;32mOK<1b>[0m
     Running test_track.R.................. 41 tests <1b>[0;32mOK<1b>[0m
     Running test_track.R.................. 42 tests <1b>[0;32mOK<1b>[0m
     Running test_track.R.................. 43 tests <1b>[0;32mOK<1b>[0m
     Running test_track.R.................. 44 tests <1b>[0;32mOK<1b>[0m
     Running test_track.R.................. 45 tests <1b>[0;32mOK<1b>[0m
     Running test_track.R.................. 46 tests <1b>[0;32mOK<1b>[0m
     Running test_track.R.................. 47 tests <1b>[0;32mOK<1b>[0m
     Running test_track.R.................. 48 tests <1b>[0;32mOK<1b>[0m
     Running test_track.R.................. 49 tests <1b>[0;32mOK<1b>[0m
     Running test_track.R.................. 50 tests <1b>[0;32mOK<1b>[0m
     Running test_track.R.................. 51 tests <1b>[0;32mOK<1b>[0m
     Running test_track.R.................. 52 tests <1b>[0;32mOK<1b>[0m
     Running test_track.R.................. 53 tests <1b>[0;32mOK<1b>[0m
     Running test_track.R.................. 54 tests <1b>[0;32mOK<1b>[0m
     Running test_track.R.................. 55 tests <1b>[0;32mOK<1b>[0m
     Running test_track.R.................. 56 tests <1b>[0;32mOK<1b>[0m
     Running test_track.R.................. 57 tests <1b>[0;32mOK<1b>[0m
     Running test_track.R.................. 58 tests <1b>[0;32mOK<1b>[0m
     Running test_track.R.................. 59 tests <1b>[0;32mOK<1b>[0m
     Running test_track.R.................. 60 tests <1b>[0;32mOK<1b>[0m
     Running test_track.R.................. 61 tests <1b>[0;32mOK<1b>[0m
     Running test_track.R.................. 62 tests <1b>[0;32mOK<1b>[0m
     Running test_track.R.................. 63 tests <1b>[0;32mOK<1b>[0m
     Error: ----- FAILED[data]: test_random_steps.R<89--89>
     call| expect_equal(rs[1, 1:6], rs[2, 1:6])
     diff| Component "x2_": Names: 1 string mismatch
     diff| Component "y2_": Names: 1 string mismatch
     diff| Component "sl_": Names: 1 string mismatch
     diff| Component "ta_": Names: 1 string mismatch
     Execution halted
Flavor: r-devel-linux-x86_64-fedora-gcc

Version: 0.1.1
Check: tests
Result: ERROR
     Running ‘tinytest.R’ [45s/55s]
    Running the tests in ‘tests/tinytest.R’ failed.
    Complete output:
     >
     > if ( requireNamespace("tinytest", quietly=TRUE) ){
     + tinytest::test_package("amt")
     + }
    
     Attaching package: 'amt'
    
     The following object is masked from 'package:stats':
    
     filter
    
    
     Running test_crs.R.................... 0 tests
     Attaching package: 'lubridate'
    
     The following objects are masked from 'package:base':
    
     date, intersect, setdiff, union
    
    
     Running test_crs.R.................... 0 tests
     Running test_crs.R.................... 0 tests
     Running test_crs.R.................... 0 tests .t found, creating `track_xyt`.
    
     Running test_crs.R.................... 0 tests
     Running test_crs.R.................... 0 tests
     Running test_crs.R.................... 0 tests
     Running test_crs.R.................... 0 tests
     Running test_crs.R.................... 0 tests
     Running test_crs.R.................... 0 tests
     Running test_crs.R.................... 0 tests
     Running test_crs.R.................... 0 tests
     Running test_crs.R.................... 0 tests
     Running test_crs.R.................... 0 tests
     Running test_crs.R.................... 0 tests
     Running test_crs.R.................... 1 tests <1b>[0;32mOK<1b>[0m
     Running test_crs.R.................... 2 tests <1b>[0;32mOK<1b>[0m
     Running test_crs.R.................... 3 tests <1b>[0;32mOK<1b>[0m
     Running test_crs.R.................... 4 tests <1b>[0;32mOK<1b>[0m
     Running test_crs.R.................... 5 tests <1b>[0;32mOK<1b>[0m
     Running test_crs.R.................... 6 tests <1b>[0;32mOK<1b>[0m
     Running test_crs.R.................... 7 tests <1b>[0;32mOK<1b>[0m
     Running test_crs.R.................... 8 tests <1b>[0;32mOK<1b>[0m
     Running test_crs.R.................... 9 tests <1b>[0;32mOK<1b>[0m
     Running test_crs.R.................... 10 tests <1b>[0;32mOK<1b>[0m
     Running test_crs.R.................... 11 tests <1b>[0;32mOK<1b>[0m
     Running test_crs.R.................... 12 tests <1b>[0;32mOK<1b>[0m
     Running test_crs.R.................... 13 tests <1b>[0;32mOK<1b>[0m
     Running test_crs.R.................... 14 tests <1b>[0;32mOK<1b>[0m
     Running test_crs.R.................... 15 tests <1b>[0;32mOK<1b>[0m
     Running test_crs.R.................... 16 tests <1b>[0;32mOK<1b>[0m
     Running test_crs.R.................... 17 tests <1b>[0;32mOK<1b>[0m
     Running test_crs.R.................... 18 tests <1b>[0;32mOK<1b>[0m
    
     Running test_distributions.R.......... 0 tests
     Running test_distributions.R.......... 0 tests
     Running test_distributions.R.......... 0 tests
     Running test_distributions.R.......... 1 tests <1b>[0;32mOK<1b>[0m
     Running test_distributions.R.......... 2 tests <1b>[0;32mOK<1b>[0m
     Running test_distributions.R.......... 3 tests <1b>[0;32mOK<1b>[0m
     Running test_distributions.R.......... 3 tests <1b>[0;32mOK<1b>[0m
     Running test_distributions.R.......... 3 tests <1b>[0;32mOK<1b>[0m
     Running test_distributions.R.......... 3 tests <1b>[0;32mOK<1b>[0m
     Running test_distributions.R.......... 4 tests <1b>[0;32mOK<1b>[0m
     Running test_distributions.R.......... 5 tests <1b>[0;32mOK<1b>[0m
     Running test_distributions.R.......... 6 tests <1b>[0;32mOK<1b>[0m
     Running test_distributions.R.......... 7 tests <1b>[0;32mOK<1b>[0m
     Running test_distributions.R.......... 8 tests <1b>[0;32mOK<1b>[0m
     Running test_distributions.R.......... 9 tests <1b>[0;32mOK<1b>[0m
     Running test_distributions.R.......... 10 tests <1b>[0;32mOK<1b>[0m
     Running test_distributions.R.......... 11 tests <1b>[0;32mOK<1b>[0m
     Loading required package: sp
    
     Attaching package: 'sp'
    
     The following object is masked from 'package:amt':
    
     bbox
    
    
     Attaching package: 'raster'
    
     The following object is masked from 'package:amt':
    
     select
    
    
     Running test_extract_covariates.R..... 0 tests
     Running test_extract_covariates.R..... 0 tests
     Running test_extract_covariates.R..... 0 tests
     Running test_extract_covariates.R..... 0 tests
     Running test_extract_covariates.R..... 0 tests .t missing, creating `track_xy`.
    
     Running test_extract_covariates.R..... 0 tests .t found, creating `track_xyt`.
    
     Running test_extract_covariates.R..... 0 tests
     Running test_extract_covariates.R..... 0 tests
     Running test_extract_covariates.R..... 0 tests
     Running test_extract_covariates.R..... 0 tests
     Running test_extract_covariates.R..... 0 tests
     Running test_extract_covariates.R..... 1 tests <1b>[0;32mOK<1b>[0m
     Running test_extract_covariates.R..... 2 tests <1b>[0;32mOK<1b>[0m
     Running test_extract_covariates.R..... 3 tests <1b>[0;32mOK<1b>[0m
     Running test_extract_covariates.R..... 4 tests <1b>[0;32mOK<1b>[0m
     Running test_extract_covariates.R..... 5 tests <1b>[0;32mOK<1b>[0m
     Running test_extract_covariates.R..... 6 tests <1b>[0;32mOK<1b>[0m
     Running test_extract_covariates.R..... 6 tests <1b>[0;32mOK<1b>[0m
     Running test_extract_covariates.R..... 7 tests <1b>[0;32mOK<1b>[0m
     Running test_extract_covariates.R..... 8 tests <1b>[0;32mOK<1b>[0m
     Running test_extract_covariates.R..... 9 tests <1b>[0;32mOK<1b>[0m
     Running test_extract_covariates.R..... 9 tests <1b>[0;32mOK<1b>[0m
     Running test_extract_covariates.R..... 9 tests <1b>[0;32mOK<1b>[0m
     Running test_extract_covariates.R..... 10 tests <1b>[0;32mOK<1b>[0m
     Running test_extract_covariates.R..... 11 tests <1b>[0;32mOK<1b>[0m
     Running test_extract_covariates.R..... 12 tests <1b>[0;32mOK<1b>[0m
     Running test_extract_covariates.R..... 13 tests <1b>[0;32mOK<1b>[0m
     Running test_extract_covariates.R..... 14 tests <1b>[0;32mOK<1b>[0m
     Running test_extract_covariates.R..... 15 tests <1b>[0;32mOK<1b>[0m
     Running test_extract_covariates.R..... 16 tests <1b>[0;32mOK<1b>[0m
     Running test_extract_covariates.R..... 17 tests <1b>[0;32mOK<1b>[0m
     Running test_extract_covariates.R..... 18 tests <1b>[0;32mOK<1b>[0m
     Running test_extract_covariates.R..... 19 tests <1b>[0;32mOK<1b>[0m
     Running test_extract_covariates.R..... 20 tests <1b>[0;32mOK<1b>[0m
     Running test_extract_covariates.R..... 21 tests <1b>[0;32mOK<1b>[0m
     Running test_extract_covariates.R..... 22 tests <1b>[0;32mOK<1b>[0m
     Running test_extract_covariates.R..... 23 tests <1b>[0;32mOK<1b>[0m
     Running test_extract_covariates.R..... 24 tests <1b>[0;32mOK<1b>[0m
     Running test_extract_covariates.R..... 25 tests <1b>[0;32mOK<1b>[0m
     Running test_extract_covariates.R..... 26 tests <1b>[0;32mOK<1b>[0m
     Running test_extract_covariates.R..... 27 tests <1b>[0;32mOK<1b>[0m
     Running test_extract_covariates.R..... 28 tests <1b>[0;32mOK<1b>[0m
     Running test_extract_covariates.R..... 29 tests <1b>[0;32mOK<1b>[0m
     Running test_extract_covariates.R..... 30 tests <1b>[0;32mOK<1b>[0m
     Running test_extract_covariates.R..... 31 tests <1b>[0;32mOK<1b>[0m
     Running test_extract_covariates.R..... 32 tests <1b>[0;32mOK<1b>[0m
     Running test_extract_covariates.R..... 33 tests <1b>[0;32mOK<1b>[0m
     Running test_extract_covariates.R..... 34 tests <1b>[0;32mOK<1b>[0m
     Running test_extract_covariates.R..... 35 tests <1b>[0;32mOK<1b>[0m
     Running test_extract_covariates.R..... 36 tests <1b>[0;32mOK<1b>[0m
     Running test_extract_covariates.R..... 37 tests <1b>[0;32mOK<1b>[0m
     Running test_extract_covariates.R..... 38 tests <1b>[0;32mOK<1b>[0m
     Running test_extract_covariates.R..... 39 tests <1b>[0;32mOK<1b>[0m
     Running test_extract_covariates.R..... 40 tests <1b>[0;32mOK<1b>[0m
     Running test_extract_covariates.R..... 41 tests <1b>[0;32mOK<1b>[0m
     Running test_extract_covariates.R..... 42 tests <1b>[0;32mOK<1b>[0m
    
     Running test_fit_ctmm.R............... 0 tests
     Running test_fit_ctmm.R............... 0 tests .t found, creating `track_xyt`.
    
     Running test_fit_ctmm.R............... 0 tests Minimum sampling interval of 24 hours in unknown
    
     Running test_fit_ctmm.R............... 0 tests
     Running test_fit_ctmm.R............... 0 tests
     Running test_fit_ctmm.R............... 1 tests <1b>[0;32mOK<1b>[0m
     Running test_fit_ctmm.R............... 2 tests <1b>[0;32mOK<1b>[0m
    
     Running test_hr.R..................... 0 tests
     Running test_hr.R..................... 0 tests
     Running test_hr.R..................... 0 tests
     Running test_hr.R..................... 0 tests
     Running test_hr.R..................... 1 tests <1b>[0;32mOK<1b>[0m
     Running test_hr.R..................... 2 tests <1b>[0;32mOK<1b>[0m
     Running test_hr.R..................... 3 tests <1b>[0;32mOK<1b>[0m
     Running test_hr.R..................... 4 tests <1b>[0;32mOK<1b>[0m
     Running test_hr.R..................... 5 tests <1b>[0;32mOK<1b>[0m
     Running test_hr.R..................... 6 tests <1b>[0;32mOK<1b>[0m
     Running test_hr.R..................... 7 tests <1b>[0;32mOK<1b>[0m
     Running test_hr.R..................... 8 tests <1b>[0;32mOK<1b>[0m
    
     Running test_random_steps.R........... 0 tests
     Running test_random_steps.R........... 0 tests
     Running test_random_steps.R........... 1 tests <1b>[0;32mOK<1b>[0m
     Running test_random_steps.R........... 1 tests <1b>[0;32mOK<1b>[0m
     Running test_random_steps.R........... 1 tests <1b>[0;32mOK<1b>[0m
     Running test_random_steps.R........... 2 tests <1b>[0;32mOK<1b>[0m
     Running test_random_steps.R........... 2 tests <1b>[0;32mOK<1b>[0m
     Running test_random_steps.R........... 2 tests <1b>[0;32mOK<1b>[0m
     Running test_random_steps.R........... 3 tests <1b>[0;32mOK<1b>[0m
     Running test_random_steps.R........... 3 tests <1b>[0;32mOK<1b>[0m
     Running test_random_steps.R........... 3 tests <1b>[0;32mOK<1b>[0m
     Running test_random_steps.R........... 4 tests <1b>[0;32mOK<1b>[0m
     Running test_random_steps.R........... 4 tests <1b>[0;32mOK<1b>[0m
     Running test_random_steps.R........... 4 tests <1b>[0;32mOK<1b>[0m
     Running test_random_steps.R........... 5 tests <1b>[0;32mOK<1b>[0m
     Running test_random_steps.R........... 5 tests <1b>[0;32mOK<1b>[0m
     Running test_random_steps.R........... 5 tests <1b>[0;32mOK<1b>[0m
     Running test_random_steps.R........... 6 tests <1b>[0;32mOK<1b>[0m
     Running test_random_steps.R........... 6 tests <1b>[0;32mOK<1b>[0m
     Running test_random_steps.R........... 6 tests <1b>[0;32mOK<1b>[0m
     Running test_random_steps.R........... 7 tests <1b>[0;32mOK<1b>[0m
     Running test_random_steps.R........... 7 tests <1b>[0;32mOK<1b>[0m
     Running test_random_steps.R........... 7 tests <1b>[0;32mOK<1b>[0m
     Running test_random_steps.R........... 8 tests <1b>[0;32mOK<1b>[0m
     Running test_random_steps.R........... 8 tests <1b>[0;32mOK<1b>[0m
     Running test_random_steps.R........... 8 tests <1b>[0;32mOK<1b>[0m
     Running test_random_steps.R........... 9 tests <1b>[0;32mOK<1b>[0m
     Running test_random_steps.R........... 9 tests <1b>[0;32mOK<1b>[0m
     Running test_random_steps.R........... 9 tests <1b>[0;32mOK<1b>[0m
     Running test_random_steps.R........... 10 tests <1b>[0;32mOK<1b>[0m
     Running test_random_steps.R........... 10 tests <1b>[0;32mOK<1b>[0m
     Running test_random_steps.R........... 10 tests <1b>[0;32mOK<1b>[0m
     Running test_random_steps.R........... 11 tests <1b>[0;32mOK<1b>[0m
     Running test_random_steps.R........... 12 tests <1b>[0;32mOK<1b>[0m
     Running test_random_steps.R........... 13 tests <1b>[0;32mOK<1b>[0m
     Running test_random_steps.R........... 14 tests <1b>[0;32mOK<1b>[0m
     Running test_random_steps.R........... 15 tests <1b>[0;32mOK<1b>[0m
     Running test_random_steps.R........... 16 tests <1b>[0;32mOK<1b>[0m
     Running test_random_steps.R........... 17 tests <1b>[0;32mOK<1b>[0m
     Running test_random_steps.R........... 18 tests <1b>[0;32mOK<1b>[0m
     Running test_random_steps.R........... 18 tests <1b>[0;32mOK<1b>[0m .t missing, creating `track_xy`.
    
     Running test_random_steps.R........... 18 tests <1b>[0;32mOK<1b>[0m
     Running test_random_steps.R........... 18 tests <1b>[0;32mOK<1b>[0m
     Running test_random_steps.R........... 19 tests <1b>[0;32mOK<1b>[0m
     Running test_random_steps.R........... 20 tests <1b>[0;32mOK<1b>[0m
     Running test_random_steps.R........... 20 tests <1b>[0;32mOK<1b>[0m
     Running test_random_steps.R........... 21 tests <1b>[0;32mOK<1b>[0m
     Running test_random_steps.R........... 22 tests <1b>[0;32mOK<1b>[0m
     Running test_random_steps.R........... 22 tests <1b>[0;32mOK<1b>[0m
     Running test_random_steps.R........... 23 tests <1b>[0;32mOK<1b>[0m
     Running test_random_steps.R........... 24 tests <1b>[0;32mOK<1b>[0m
     Running test_random_steps.R........... 24 tests <1b>[0;32mOK<1b>[0m .t missing, creating `track_xy`.
    
     Running test_random_steps.R........... 24 tests <1b>[0;32mOK<1b>[0m
     Running test_random_steps.R........... 24 tests <1b>[0;32mOK<1b>[0m
     Running test_random_steps.R........... 24 tests <1b>[0;32mOK<1b>[0m
     Running test_random_steps.R........... 24 tests <1b>[0;32mOK<1b>[0m
     Running test_random_steps.R........... 25 tests <1b>[0;31m1 fails<1b>[0m
     Running test_random_steps.R........... 26 tests <1b>[0;31m1 fails<1b>[0m
     Running test_random_steps.R........... 26 tests <1b>[0;31m1 fails<1b>[0m .t missing, creating `track_xy`.
    
     Running test_random_steps.R........... 26 tests <1b>[0;31m1 fails<1b>[0m
     Running test_random_steps.R........... 26 tests <1b>[0;31m1 fails<1b>[0m
     Running test_random_steps.R........... 26 tests <1b>[0;31m1 fails<1b>[0m
     Running test_random_steps.R........... 27 tests <1b>[0;31m1 fails<1b>[0m
     Running test_random_steps.R........... 28 tests <1b>[0;31m1 fails<1b>[0m
    
     Running test_steps.R.................. 0 tests .t missing, creating `track_xy`.
    
     Running test_steps.R.................. 0 tests .t found, creating `track_xyt`.
    
     Running test_steps.R.................. 0 tests
     Running test_steps.R.................. 1 tests <1b>[0;32mOK<1b>[0m
     Running test_steps.R.................. 2 tests <1b>[0;32mOK<1b>[0m
     Running test_steps.R.................. 3 tests <1b>[0;32mOK<1b>[0m
     Running test_steps.R.................. 4 tests <1b>[0;32mOK<1b>[0m
     Running test_steps.R.................. 5 tests <1b>[0;32mOK<1b>[0m
     Running test_steps.R.................. 6 tests <1b>[0;32mOK<1b>[0m
     Running test_steps.R.................. 7 tests <1b>[0;32mOK<1b>[0m
     Running test_steps.R.................. 7 tests <1b>[0;32mOK<1b>[0m
     Running test_steps.R.................. 8 tests <1b>[0;32mOK<1b>[0m
     Running test_steps.R.................. 9 tests <1b>[0;32mOK<1b>[0m
     Running test_steps.R.................. 10 tests <1b>[0;32mOK<1b>[0m
    
     Running test_track.R.................. 0 tests
     Running test_track.R.................. 0 tests .t missing, creating `track_xy`.
    
     Running test_track.R.................. 0 tests .t missing, creating `track_xy`.
    
     Running test_track.R.................. 0 tests .t missing, creating `track_xy`.
    
     Running test_track.R.................. 0 tests .t missing, creating `track_xy`.
    
     Running test_track.R.................. 0 tests
     Running test_track.R.................. 0 tests
     Running test_track.R.................. 1 tests <1b>[0;32mOK<1b>[0m
     Running test_track.R.................. 2 tests <1b>[0;32mOK<1b>[0m
     Running test_track.R.................. 3 tests <1b>[0;32mOK<1b>[0m
     Running test_track.R.................. 4 tests <1b>[0;32mOK<1b>[0m
     Running test_track.R.................. 5 tests <1b>[0;32mOK<1b>[0m
     Running test_track.R.................. 6 tests <1b>[0;32mOK<1b>[0m
     Running test_track.R.................. 7 tests <1b>[0;32mOK<1b>[0m
     Running test_track.R.................. 8 tests <1b>[0;32mOK<1b>[0m
     Running test_track.R.................. 9 tests <1b>[0;32mOK<1b>[0m
     Running test_track.R.................. 9 tests <1b>[0;32mOK<1b>[0m .t found, creating `track_xyt`.
    
     Running test_track.R.................. 9 tests <1b>[0;32mOK<1b>[0m .t found, creating `track_xyt`.
    
     Running test_track.R.................. 9 tests <1b>[0;32mOK<1b>[0m .t found, creating `track_xyt`.
    
     Running test_track.R.................. 9 tests <1b>[0;32mOK<1b>[0m .t missing, creating `track_xy`.
    
     Running test_track.R.................. 9 tests <1b>[0;32mOK<1b>[0m .t missing, creating `track_xy`.
    
     Running test_track.R.................. 9 tests <1b>[0;32mOK<1b>[0m .t missing, creating `track_xy`.
    
     Running test_track.R.................. 9 tests <1b>[0;32mOK<1b>[0m
     Running test_track.R.................. 10 tests <1b>[0;32mOK<1b>[0m
     Running test_track.R.................. 11 tests <1b>[0;32mOK<1b>[0m
     Running test_track.R.................. 12 tests <1b>[0;32mOK<1b>[0m
     Running test_track.R.................. 13 tests <1b>[0;32mOK<1b>[0m
     Running test_track.R.................. 14 tests <1b>[0;32mOK<1b>[0m
     Running test_track.R.................. 15 tests <1b>[0;32mOK<1b>[0m
     Running test_track.R.................. 16 tests <1b>[0;32mOK<1b>[0m
     Running test_track.R.................. 17 tests <1b>[0;32mOK<1b>[0m
     Running test_track.R.................. 18 tests <1b>[0;32mOK<1b>[0m
     Running test_track.R.................. 19 tests <1b>[0;32mOK<1b>[0m
     Running test_track.R.................. 20 tests <1b>[0;32mOK<1b>[0m
     Running test_track.R.................. 21 tests <1b>[0;32mOK<1b>[0m
     Running test_track.R.................. 22 tests <1b>[0;32mOK<1b>[0m
     Running test_track.R.................. 23 tests <1b>[0;32mOK<1b>[0m
     Running test_track.R.................. 24 tests <1b>[0;32mOK<1b>[0m .t found, creating `track_xyt`.
    
     Running test_track.R.................. 25 tests <1b>[0;32mOK<1b>[0m .t found, creating `track_xyt`.
    
     Running test_track.R.................. 26 tests <1b>[0;32mOK<1b>[0m .t missing, creating `track_xy`.
    
     Running test_track.R.................. 27 tests <1b>[0;32mOK<1b>[0m .t missing, creating `track_xy`.
    
     Running test_track.R.................. 28 tests <1b>[0;32mOK<1b>[0m
     Running test_track.R.................. 29 tests <1b>[0;32mOK<1b>[0m
     Running test_track.R.................. 30 tests <1b>[0;32mOK<1b>[0m
     Running test_track.R.................. 31 tests <1b>[0;32mOK<1b>[0m
     Running test_track.R.................. 32 tests <1b>[0;32mOK<1b>[0m
     Running test_track.R.................. 33 tests <1b>[0;32mOK<1b>[0m
     Running test_track.R.................. 34 tests <1b>[0;32mOK<1b>[0m
     Running test_track.R.................. 35 tests <1b>[0;32mOK<1b>[0m
     Running test_track.R.................. 36 tests <1b>[0;32mOK<1b>[0m
     Running test_track.R.................. 37 tests <1b>[0;32mOK<1b>[0m
     Running test_track.R.................. 38 tests <1b>[0;32mOK<1b>[0m
     Running test_track.R.................. 39 tests <1b>[0;32mOK<1b>[0m
     Running test_track.R.................. 40 tests <1b>[0;32mOK<1b>[0m
     Running test_track.R.................. 41 tests <1b>[0;32mOK<1b>[0m
     Running test_track.R.................. 42 tests <1b>[0;32mOK<1b>[0m
     Running test_track.R.................. 43 tests <1b>[0;32mOK<1b>[0m
     Running test_track.R.................. 44 tests <1b>[0;32mOK<1b>[0m
     Running test_track.R.................. 45 tests <1b>[0;32mOK<1b>[0m
     Running test_track.R.................. 46 tests <1b>[0;32mOK<1b>[0m
     Running test_track.R.................. 47 tests <1b>[0;32mOK<1b>[0m
     Running test_track.R.................. 48 tests <1b>[0;32mOK<1b>[0m
     Running test_track.R.................. 49 tests <1b>[0;32mOK<1b>[0m
     Running test_track.R.................. 50 tests <1b>[0;32mOK<1b>[0m
     Running test_track.R.................. 51 tests <1b>[0;32mOK<1b>[0m
     Running test_track.R.................. 52 tests <1b>[0;32mOK<1b>[0m
     Running test_track.R.................. 53 tests <1b>[0;32mOK<1b>[0m
     Running test_track.R.................. 54 tests <1b>[0;32mOK<1b>[0m
     Running test_track.R.................. 55 tests <1b>[0;32mOK<1b>[0m
     Running test_track.R.................. 56 tests <1b>[0;32mOK<1b>[0m
     Running test_track.R.................. 57 tests <1b>[0;32mOK<1b>[0m
     Running test_track.R.................. 58 tests <1b>[0;32mOK<1b>[0m
     Running test_track.R.................. 59 tests <1b>[0;32mOK<1b>[0m
     Running test_track.R.................. 60 tests <1b>[0;32mOK<1b>[0m
     Running test_track.R.................. 61 tests <1b>[0;32mOK<1b>[0m
     Running test_track.R.................. 62 tests <1b>[0;32mOK<1b>[0m
     Running test_track.R.................. 63 tests <1b>[0;32mOK<1b>[0m
     Error: ----- FAILED[data]: test_random_steps.R<89--89>
     call| expect_equal(rs[1, 1:6], rs[2, 1:6])
     diff| Component "x2_": Names: 1 string mismatch
     diff| Component "y2_": Names: 1 string mismatch
     diff| Component "sl_": Names: 1 string mismatch
     diff| Component "ta_": Names: 1 string mismatch
     Execution halted
Flavor: r-patched-solaris-x86

Version: 0.1.1
Check: tests
Result: ERROR
     Running ‘tinytest.R’ [25s/29s]
    Running the tests in ‘tests/tinytest.R’ failed.
    Complete output:
     >
     > if ( requireNamespace("tinytest", quietly=TRUE) ){
     + tinytest::test_package("amt")
     + }
    
     Attaching package: 'amt'
    
     The following object is masked from 'package:stats':
    
     filter
    
    
     Running test_crs.R.................... 0 tests
     Attaching package: 'lubridate'
    
     The following objects are masked from 'package:base':
    
     date, intersect, setdiff, union
    
    
     Running test_crs.R.................... 0 tests
     Running test_crs.R.................... 0 tests
     Running test_crs.R.................... 0 tests .t found, creating `track_xyt`.
    
     Running test_crs.R.................... 0 tests
     Running test_crs.R.................... 0 tests
     Running test_crs.R.................... 0 tests
     Running test_crs.R.................... 0 tests
     Running test_crs.R.................... 0 tests
     Running test_crs.R.................... 0 tests
     Running test_crs.R.................... 0 tests
     Running test_crs.R.................... 0 tests
     Running test_crs.R.................... 0 tests
     Running test_crs.R.................... 0 tests
     Running test_crs.R.................... 0 tests
     Running test_crs.R.................... 1 tests <1b>[0;32mOK<1b>[0m
     Running test_crs.R.................... 2 tests <1b>[0;32mOK<1b>[0m
     Running test_crs.R.................... 3 tests <1b>[0;32mOK<1b>[0m
     Running test_crs.R.................... 4 tests <1b>[0;32mOK<1b>[0m
     Running test_crs.R.................... 5 tests <1b>[0;32mOK<1b>[0m
     Running test_crs.R.................... 6 tests <1b>[0;32mOK<1b>[0m
     Running test_crs.R.................... 7 tests <1b>[0;32mOK<1b>[0m
     Running test_crs.R.................... 8 tests <1b>[0;32mOK<1b>[0m
     Running test_crs.R.................... 9 tests <1b>[0;32mOK<1b>[0m
     Running test_crs.R.................... 10 tests <1b>[0;32mOK<1b>[0m
     Running test_crs.R.................... 11 tests <1b>[0;32mOK<1b>[0m
     Running test_crs.R.................... 12 tests <1b>[0;32mOK<1b>[0m
     Running test_crs.R.................... 13 tests <1b>[0;32mOK<1b>[0m
     Running test_crs.R.................... 14 tests <1b>[0;32mOK<1b>[0m
     Running test_crs.R.................... 15 tests <1b>[0;32mOK<1b>[0m
     Running test_crs.R.................... 16 tests <1b>[0;32mOK<1b>[0m
     Running test_crs.R.................... 17 tests <1b>[0;32mOK<1b>[0m
     Running test_crs.R.................... 18 tests <1b>[0;32mOK<1b>[0m
    
     Running test_distributions.R.......... 0 tests
     Running test_distributions.R.......... 0 tests
     Running test_distributions.R.......... 0 tests
     Running test_distributions.R.......... 1 tests <1b>[0;32mOK<1b>[0m
     Running test_distributions.R.......... 2 tests <1b>[0;32mOK<1b>[0m
     Running test_distributions.R.......... 3 tests <1b>[0;32mOK<1b>[0m
     Running test_distributions.R.......... 3 tests <1b>[0;32mOK<1b>[0m
     Running test_distributions.R.......... 3 tests <1b>[0;32mOK<1b>[0m
     Running test_distributions.R.......... 3 tests <1b>[0;32mOK<1b>[0m
     Running test_distributions.R.......... 4 tests <1b>[0;32mOK<1b>[0m
     Running test_distributions.R.......... 5 tests <1b>[0;32mOK<1b>[0m
     Running test_distributions.R.......... 6 tests <1b>[0;32mOK<1b>[0m
     Running test_distributions.R.......... 7 tests <1b>[0;32mOK<1b>[0m
     Running test_distributions.R.......... 8 tests <1b>[0;32mOK<1b>[0m
     Running test_distributions.R.......... 9 tests <1b>[0;32mOK<1b>[0m
     Running test_distributions.R.......... 10 tests <1b>[0;32mOK<1b>[0m
     Running test_distributions.R.......... 11 tests <1b>[0;32mOK<1b>[0m
     Loading required package: sp
    
     Attaching package: 'sp'
    
     The following object is masked from 'package:amt':
    
     bbox
    
    
     Attaching package: 'raster'
    
     The following object is masked from 'package:amt':
    
     select
    
    
     Running test_extract_covariates.R..... 0 tests
     Running test_extract_covariates.R..... 0 tests
     Running test_extract_covariates.R..... 0 tests
     Running test_extract_covariates.R..... 0 tests
     Running test_extract_covariates.R..... 0 tests .t missing, creating `track_xy`.
    
     Running test_extract_covariates.R..... 0 tests .t found, creating `track_xyt`.
    
     Running test_extract_covariates.R..... 0 tests
     Running test_extract_covariates.R..... 0 tests
     Running test_extract_covariates.R..... 0 tests
     Running test_extract_covariates.R..... 0 tests
     Running test_extract_covariates.R..... 0 tests
     Running test_extract_covariates.R..... 1 tests <1b>[0;32mOK<1b>[0m
     Running test_extract_covariates.R..... 2 tests <1b>[0;32mOK<1b>[0m
     Running test_extract_covariates.R..... 3 tests <1b>[0;32mOK<1b>[0m
     Running test_extract_covariates.R..... 4 tests <1b>[0;32mOK<1b>[0m
     Running test_extract_covariates.R..... 5 tests <1b>[0;32mOK<1b>[0m
     Running test_extract_covariates.R..... 6 tests <1b>[0;32mOK<1b>[0m
     Running test_extract_covariates.R..... 6 tests <1b>[0;32mOK<1b>[0m
     Running test_extract_covariates.R..... 7 tests <1b>[0;32mOK<1b>[0m
     Running test_extract_covariates.R..... 8 tests <1b>[0;32mOK<1b>[0m
     Running test_extract_covariates.R..... 9 tests <1b>[0;32mOK<1b>[0m
     Running test_extract_covariates.R..... 9 tests <1b>[0;32mOK<1b>[0m
     Running test_extract_covariates.R..... 9 tests <1b>[0;32mOK<1b>[0m
     Running test_extract_covariates.R..... 10 tests <1b>[0;32mOK<1b>[0m
     Running test_extract_covariates.R..... 11 tests <1b>[0;32mOK<1b>[0m
     Running test_extract_covariates.R..... 12 tests <1b>[0;32mOK<1b>[0m
     Running test_extract_covariates.R..... 13 tests <1b>[0;32mOK<1b>[0m
     Running test_extract_covariates.R..... 14 tests <1b>[0;32mOK<1b>[0m
     Running test_extract_covariates.R..... 15 tests <1b>[0;32mOK<1b>[0m
     Running test_extract_covariates.R..... 16 tests <1b>[0;32mOK<1b>[0m
     Running test_extract_covariates.R..... 17 tests <1b>[0;32mOK<1b>[0m
     Running test_extract_covariates.R..... 18 tests <1b>[0;32mOK<1b>[0m
     Running test_extract_covariates.R..... 19 tests <1b>[0;32mOK<1b>[0m
     Running test_extract_covariates.R..... 20 tests <1b>[0;32mOK<1b>[0m
     Running test_extract_covariates.R..... 21 tests <1b>[0;32mOK<1b>[0m
     Running test_extract_covariates.R..... 22 tests <1b>[0;32mOK<1b>[0m
     Running test_extract_covariates.R..... 23 tests <1b>[0;32mOK<1b>[0m
     Running test_extract_covariates.R..... 24 tests <1b>[0;32mOK<1b>[0m
     Running test_extract_covariates.R..... 25 tests <1b>[0;32mOK<1b>[0m
     Running test_extract_covariates.R..... 26 tests <1b>[0;32mOK<1b>[0m
     Running test_extract_covariates.R..... 27 tests <1b>[0;32mOK<1b>[0m
     Running test_extract_covariates.R..... 28 tests <1b>[0;32mOK<1b>[0m
     Running test_extract_covariates.R..... 29 tests <1b>[0;32mOK<1b>[0m
     Running test_extract_covariates.R..... 30 tests <1b>[0;32mOK<1b>[0m
     Running test_extract_covariates.R..... 31 tests <1b>[0;32mOK<1b>[0m
     Running test_extract_covariates.R..... 32 tests <1b>[0;32mOK<1b>[0m
     Running test_extract_covariates.R..... 33 tests <1b>[0;32mOK<1b>[0m
     Running test_extract_covariates.R..... 34 tests <1b>[0;32mOK<1b>[0m
     Running test_extract_covariates.R..... 35 tests <1b>[0;32mOK<1b>[0m
     Running test_extract_covariates.R..... 36 tests <1b>[0;32mOK<1b>[0m
     Running test_extract_covariates.R..... 37 tests <1b>[0;32mOK<1b>[0m
     Running test_extract_covariates.R..... 38 tests <1b>[0;32mOK<1b>[0m
     Running test_extract_covariates.R..... 39 tests <1b>[0;32mOK<1b>[0m
     Running test_extract_covariates.R..... 40 tests <1b>[0;32mOK<1b>[0m
     Running test_extract_covariates.R..... 41 tests <1b>[0;32mOK<1b>[0m
     Running test_extract_covariates.R..... 42 tests <1b>[0;32mOK<1b>[0m
    
     Running test_fit_ctmm.R............... 0 tests
     Running test_fit_ctmm.R............... 0 tests .t found, creating `track_xyt`.
    
     Running test_fit_ctmm.R............... 0 tests Minimum sampling interval of 24 hours in unknown
    
     Running test_fit_ctmm.R............... 0 tests
     Running test_fit_ctmm.R............... 0 tests
     Running test_fit_ctmm.R............... 1 tests <1b>[0;32mOK<1b>[0m
     Running test_fit_ctmm.R............... 2 tests <1b>[0;32mOK<1b>[0m
    
     Running test_hr.R..................... 0 tests
     Running test_hr.R..................... 0 tests
     Running test_hr.R..................... 0 tests
     Running test_hr.R..................... 0 tests
     Running test_hr.R..................... 1 tests <1b>[0;32mOK<1b>[0m
     Running test_hr.R..................... 2 tests <1b>[0;32mOK<1b>[0m
     Running test_hr.R..................... 3 tests <1b>[0;32mOK<1b>[0m
     Running test_hr.R..................... 4 tests <1b>[0;32mOK<1b>[0m ff is invalid
    
     Running test_hr.R..................... 5 tests <1b>[0;32mOK<1b>[0m ff is invalid
    
     Running test_hr.R..................... 6 tests <1b>[0;32mOK<1b>[0m
     Running test_hr.R..................... 7 tests <1b>[0;32mOK<1b>[0m
     Running test_hr.R..................... 8 tests <1b>[0;32mOK<1b>[0m
    
     Running test_random_steps.R........... 0 tests
     Running test_random_steps.R........... 0 tests
     Running test_random_steps.R........... 1 tests <1b>[0;32mOK<1b>[0m
     Running test_random_steps.R........... 1 tests <1b>[0;32mOK<1b>[0m
     Running test_random_steps.R........... 1 tests <1b>[0;32mOK<1b>[0m
     Running test_random_steps.R........... 2 tests <1b>[0;32mOK<1b>[0m
     Running test_random_steps.R........... 2 tests <1b>[0;32mOK<1b>[0m
     Running test_random_steps.R........... 2 tests <1b>[0;32mOK<1b>[0m
     Running test_random_steps.R........... 3 tests <1b>[0;32mOK<1b>[0m
     Running test_random_steps.R........... 3 tests <1b>[0;32mOK<1b>[0m
     Running test_random_steps.R........... 3 tests <1b>[0;32mOK<1b>[0m
     Running test_random_steps.R........... 4 tests <1b>[0;32mOK<1b>[0m
     Running test_random_steps.R........... 4 tests <1b>[0;32mOK<1b>[0m
     Running test_random_steps.R........... 4 tests <1b>[0;32mOK<1b>[0m
     Running test_random_steps.R........... 5 tests <1b>[0;32mOK<1b>[0m
     Running test_random_steps.R........... 5 tests <1b>[0;32mOK<1b>[0m
     Running test_random_steps.R........... 5 tests <1b>[0;32mOK<1b>[0m
     Running test_random_steps.R........... 6 tests <1b>[0;32mOK<1b>[0m
     Running test_random_steps.R........... 6 tests <1b>[0;32mOK<1b>[0m
     Running test_random_steps.R........... 6 tests <1b>[0;32mOK<1b>[0m
     Running test_random_steps.R........... 7 tests <1b>[0;32mOK<1b>[0m
     Running test_random_steps.R........... 7 tests <1b>[0;32mOK<1b>[0m
     Running test_random_steps.R........... 7 tests <1b>[0;32mOK<1b>[0m
     Running test_random_steps.R........... 8 tests <1b>[0;32mOK<1b>[0m
     Running test_random_steps.R........... 8 tests <1b>[0;32mOK<1b>[0m
     Running test_random_steps.R........... 8 tests <1b>[0;32mOK<1b>[0m
     Running test_random_steps.R........... 9 tests <1b>[0;32mOK<1b>[0m
     Running test_random_steps.R........... 9 tests <1b>[0;32mOK<1b>[0m
     Running test_random_steps.R........... 9 tests <1b>[0;32mOK<1b>[0m
     Running test_random_steps.R........... 10 tests <1b>[0;32mOK<1b>[0m
     Running test_random_steps.R........... 10 tests <1b>[0;32mOK<1b>[0m
     Running test_random_steps.R........... 10 tests <1b>[0;32mOK<1b>[0m
     Running test_random_steps.R........... 11 tests <1b>[0;32mOK<1b>[0m
     Running test_random_steps.R........... 12 tests <1b>[0;32mOK<1b>[0m
     Running test_random_steps.R........... 13 tests <1b>[0;32mOK<1b>[0m
     Running test_random_steps.R........... 14 tests <1b>[0;32mOK<1b>[0m
     Running test_random_steps.R........... 15 tests <1b>[0;32mOK<1b>[0m
     Running test_random_steps.R........... 16 tests <1b>[0;32mOK<1b>[0m
     Running test_random_steps.R........... 17 tests <1b>[0;32mOK<1b>[0m
     Running test_random_steps.R........... 18 tests <1b>[0;32mOK<1b>[0m
     Running test_random_steps.R........... 18 tests <1b>[0;32mOK<1b>[0m .t missing, creating `track_xy`.
    
     Running test_random_steps.R........... 18 tests <1b>[0;32mOK<1b>[0m
     Running test_random_steps.R........... 18 tests <1b>[0;32mOK<1b>[0m
     Running test_random_steps.R........... 19 tests <1b>[0;32mOK<1b>[0m
     Running test_random_steps.R........... 20 tests <1b>[0;32mOK<1b>[0m
     Running test_random_steps.R........... 20 tests <1b>[0;32mOK<1b>[0m
     Running test_random_steps.R........... 21 tests <1b>[0;32mOK<1b>[0m
     Running test_random_steps.R........... 22 tests <1b>[0;32mOK<1b>[0m
     Running test_random_steps.R........... 22 tests <1b>[0;32mOK<1b>[0m
     Running test_random_steps.R........... 23 tests <1b>[0;32mOK<1b>[0m
     Running test_random_steps.R........... 24 tests <1b>[0;32mOK<1b>[0m
     Running test_random_steps.R........... 24 tests <1b>[0;32mOK<1b>[0m .t missing, creating `track_xy`.
    
     Running test_random_steps.R........... 24 tests <1b>[0;32mOK<1b>[0m
     Running test_random_steps.R........... 24 tests <1b>[0;32mOK<1b>[0m
     Running test_random_steps.R........... 24 tests <1b>[0;32mOK<1b>[0m
     Running test_random_steps.R........... 24 tests <1b>[0;32mOK<1b>[0m
     Running test_random_steps.R........... 25 tests <1b>[0;31m1 fails<1b>[0m
     Running test_random_steps.R........... 26 tests <1b>[0;31m1 fails<1b>[0m
     Running test_random_steps.R........... 26 tests <1b>[0;31m1 fails<1b>[0m .t missing, creating `track_xy`.
    
     Running test_random_steps.R........... 26 tests <1b>[0;31m1 fails<1b>[0m
     Running test_random_steps.R........... 26 tests <1b>[0;31m1 fails<1b>[0m
     Running test_random_steps.R........... 26 tests <1b>[0;31m1 fails<1b>[0m
     Running test_random_steps.R........... 27 tests <1b>[0;31m1 fails<1b>[0m
     Running test_random_steps.R........... 28 tests <1b>[0;31m1 fails<1b>[0m
    
     Running test_steps.R.................. 0 tests .t missing, creating `track_xy`.
    
     Running test_steps.R.................. 0 tests .t found, creating `track_xyt`.
    
     Running test_steps.R.................. 0 tests
     Running test_steps.R.................. 1 tests <1b>[0;32mOK<1b>[0m
     Running test_steps.R.................. 2 tests <1b>[0;32mOK<1b>[0m
     Running test_steps.R.................. 3 tests <1b>[0;32mOK<1b>[0m
     Running test_steps.R.................. 4 tests <1b>[0;32mOK<1b>[0m
     Running test_steps.R.................. 5 tests <1b>[0;32mOK<1b>[0m
     Running test_steps.R.................. 6 tests <1b>[0;32mOK<1b>[0m
     Running test_steps.R.................. 7 tests <1b>[0;32mOK<1b>[0m
     Running test_steps.R.................. 7 tests <1b>[0;32mOK<1b>[0m
     Running test_steps.R.................. 8 tests <1b>[0;32mOK<1b>[0m
     Running test_steps.R.................. 9 tests <1b>[0;32mOK<1b>[0m
     Running test_steps.R.................. 10 tests <1b>[0;32mOK<1b>[0m
    
     Running test_track.R.................. 0 tests
     Running test_track.R.................. 0 tests .t missing, creating `track_xy`.
    
     Running test_track.R.................. 0 tests .t missing, creating `track_xy`.
    
     Running test_track.R.................. 0 tests .t missing, creating `track_xy`.
    
     Running test_track.R.................. 0 tests .t missing, creating `track_xy`.
    
     Running test_track.R.................. 0 tests
     Running test_track.R.................. 0 tests
     Running test_track.R.................. 1 tests <1b>[0;32mOK<1b>[0m
     Running test_track.R.................. 2 tests <1b>[0;32mOK<1b>[0m
     Running test_track.R.................. 3 tests <1b>[0;32mOK<1b>[0m
     Running test_track.R.................. 4 tests <1b>[0;32mOK<1b>[0m
     Running test_track.R.................. 5 tests <1b>[0;32mOK<1b>[0m
     Running test_track.R.................. 6 tests <1b>[0;32mOK<1b>[0m
     Running test_track.R.................. 7 tests <1b>[0;32mOK<1b>[0m
     Running test_track.R.................. 8 tests <1b>[0;32mOK<1b>[0m
     Running test_track.R.................. 9 tests <1b>[0;32mOK<1b>[0m
     Running test_track.R.................. 9 tests <1b>[0;32mOK<1b>[0m .t found, creating `track_xyt`.
    
     Running test_track.R.................. 9 tests <1b>[0;32mOK<1b>[0m .t found, creating `track_xyt`.
    
     Running test_track.R.................. 9 tests <1b>[0;32mOK<1b>[0m .t found, creating `track_xyt`.
    
     Running test_track.R.................. 9 tests <1b>[0;32mOK<1b>[0m .t missing, creating `track_xy`.
    
     Running test_track.R.................. 9 tests <1b>[0;32mOK<1b>[0m .t missing, creating `track_xy`.
    
     Running test_track.R.................. 9 tests <1b>[0;32mOK<1b>[0m .t missing, creating `track_xy`.
    
     Running test_track.R.................. 9 tests <1b>[0;32mOK<1b>[0m
     Running test_track.R.................. 10 tests <1b>[0;32mOK<1b>[0m
     Running test_track.R.................. 11 tests <1b>[0;32mOK<1b>[0m
     Running test_track.R.................. 12 tests <1b>[0;32mOK<1b>[0m
     Running test_track.R.................. 13 tests <1b>[0;32mOK<1b>[0m
     Running test_track.R.................. 14 tests <1b>[0;32mOK<1b>[0m
     Running test_track.R.................. 15 tests <1b>[0;32mOK<1b>[0m
     Running test_track.R.................. 16 tests <1b>[0;32mOK<1b>[0m
     Running test_track.R.................. 17 tests <1b>[0;32mOK<1b>[0m
     Running test_track.R.................. 18 tests <1b>[0;32mOK<1b>[0m
     Running test_track.R.................. 19 tests <1b>[0;32mOK<1b>[0m
     Running test_track.R.................. 20 tests <1b>[0;32mOK<1b>[0m
     Running test_track.R.................. 21 tests <1b>[0;32mOK<1b>[0m
     Running test_track.R.................. 22 tests <1b>[0;32mOK<1b>[0m
     Running test_track.R.................. 23 tests <1b>[0;32mOK<1b>[0m
     Running test_track.R.................. 24 tests <1b>[0;32mOK<1b>[0m .t found, creating `track_xyt`.
    
     Running test_track.R.................. 25 tests <1b>[0;32mOK<1b>[0m .t found, creating `track_xyt`.
    
     Running test_track.R.................. 26 tests <1b>[0;32mOK<1b>[0m .t missing, creating `track_xy`.
    
     Running test_track.R.................. 27 tests <1b>[0;32mOK<1b>[0m .t missing, creating `track_xy`.
    
     Running test_track.R.................. 28 tests <1b>[0;32mOK<1b>[0m
     Running test_track.R.................. 29 tests <1b>[0;32mOK<1b>[0m
     Running test_track.R.................. 30 tests <1b>[0;32mOK<1b>[0m
     Running test_track.R.................. 31 tests <1b>[0;32mOK<1b>[0m
     Running test_track.R.................. 32 tests <1b>[0;32mOK<1b>[0m
     Running test_track.R.................. 33 tests <1b>[0;32mOK<1b>[0m
     Running test_track.R.................. 34 tests <1b>[0;32mOK<1b>[0m
     Running test_track.R.................. 35 tests <1b>[0;32mOK<1b>[0m
     Running test_track.R.................. 36 tests <1b>[0;32mOK<1b>[0m
     Running test_track.R.................. 37 tests <1b>[0;32mOK<1b>[0m
     Running test_track.R.................. 38 tests <1b>[0;32mOK<1b>[0m
     Running test_track.R.................. 39 tests <1b>[0;32mOK<1b>[0m
     Running test_track.R.................. 40 tests <1b>[0;32mOK<1b>[0m
     Running test_track.R.................. 41 tests <1b>[0;32mOK<1b>[0m
     Running test_track.R.................. 42 tests <1b>[0;32mOK<1b>[0m
     Running test_track.R.................. 43 tests <1b>[0;32mOK<1b>[0m
     Running test_track.R.................. 44 tests <1b>[0;32mOK<1b>[0m
     Running test_track.R.................. 45 tests <1b>[0;32mOK<1b>[0m
     Running test_track.R.................. 46 tests <1b>[0;32mOK<1b>[0m
     Running test_track.R.................. 47 tests <1b>[0;32mOK<1b>[0m
     Running test_track.R.................. 48 tests <1b>[0;32mOK<1b>[0m
     Running test_track.R.................. 49 tests <1b>[0;32mOK<1b>[0m
     Running test_track.R.................. 50 tests <1b>[0;32mOK<1b>[0m
     Running test_track.R.................. 51 tests <1b>[0;32mOK<1b>[0m
     Running test_track.R.................. 52 tests <1b>[0;32mOK<1b>[0m
     Running test_track.R.................. 53 tests <1b>[0;32mOK<1b>[0m
     Running test_track.R.................. 54 tests <1b>[0;32mOK<1b>[0m
     Running test_track.R.................. 55 tests <1b>[0;32mOK<1b>[0m
     Running test_track.R.................. 56 tests <1b>[0;32mOK<1b>[0m
     Running test_track.R.................. 57 tests <1b>[0;32mOK<1b>[0m
     Running test_track.R.................. 58 tests <1b>[0;32mOK<1b>[0m
     Running test_track.R.................. 59 tests <1b>[0;32mOK<1b>[0m
     Running test_track.R.................. 60 tests <1b>[0;32mOK<1b>[0m
     Running test_track.R.................. 61 tests <1b>[0;32mOK<1b>[0m
     Running test_track.R.................. 62 tests <1b>[0;32mOK<1b>[0m
     Running test_track.R.................. 63 tests <1b>[0;32mOK<1b>[0m
     Error: ----- FAILED[data]: test_random_steps.R<89--89>
     call| expect_equal(rs[1, 1:6], rs[2, 1:6])
     diff| Component "x2_": Names: 1 string mismatch
     diff| Component "y2_": Names: 1 string mismatch
     diff| Component "sl_": Names: 1 string mismatch
     diff| Component "ta_": Names: 1 string mismatch
     Execution halted
Flavor: r-release-linux-x86_64