CRAN Package Check Results for Package amt

Last updated on 2019-11-18 20:47:12 CET.

Flavor Version Tinstall Tcheck Ttotal Status Flags
r-devel-linux-x86_64-debian-clang 0.0.7 60.76 208.82 269.58 OK
r-devel-linux-x86_64-debian-gcc 0.0.7 39.10 162.66 201.76 OK
r-devel-linux-x86_64-fedora-clang 0.0.7 310.48 NOTE
r-devel-linux-x86_64-fedora-gcc 0.0.7 320.21 NOTE
r-devel-windows-ix86+x86_64 0.0.7 159.00 391.00 550.00 OK
r-patched-linux-x86_64 0.0.7 41.84 189.18 231.02 OK
r-patched-solaris-x86 0.0.7 413.70 NOTE
r-release-linux-x86_64 0.0.7 44.05 190.08 234.13 OK
r-release-windows-ix86+x86_64 0.0.7 90.00 273.00 363.00 OK
r-release-osx-x86_64 0.0.7 NOTE
r-oldrel-windows-ix86+x86_64 0.0.7 82.00 267.00 349.00 OK
r-oldrel-osx-x86_64 0.0.7 NOTE

Check Details

Version: 0.0.7
Check: dependencies in R code
Result: NOTE
    Namespaces in Imports field not imported from:
     ‘Rcpp’ ‘magrittr’
     All declared Imports should be used.
Flavors: r-devel-linux-x86_64-fedora-clang, r-devel-linux-x86_64-fedora-gcc, r-patched-solaris-x86, r-release-osx-x86_64, r-oldrel-osx-x86_64