CRAN Package Check Results for Package analogsea

Last updated on 2020-06-06 04:48:39 CEST.

Flavor Version Tinstall Tcheck Ttotal Status Flags
r-devel-linux-x86_64-debian-clang 0.8.0 5.48 39.05 44.53 OK
r-devel-linux-x86_64-debian-gcc 0.8.0 3.97 30.70 34.67 OK
r-devel-linux-x86_64-fedora-clang 0.8.0 62.14 OK
r-devel-linux-x86_64-fedora-gcc 0.8.0 52.04 OK
r-devel-windows-ix86+x86_64 0.8.0 13.00 72.00 85.00 OK
r-patched-linux-x86_64 0.8.0 5.54 39.20 44.74 OK
r-patched-solaris-x86 0.8.0 76.40 NOTE
r-release-linux-x86_64 0.8.0 5.63 39.14 44.77 OK
r-release-osx-x86_64 0.8.0 OK
r-release-windows-ix86+x86_64 0.8.0 19.00 84.00 103.00 OK
r-oldrel-osx-x86_64 0.8.0 OK
r-oldrel-windows-ix86+x86_64 0.8.0 14.00 57.00 71.00 OK

Check Details

Version: 0.8.0
Check: package dependencies
Result: NOTE
    Package suggested but not available for checking: ‘ssh’
Flavor: r-patched-solaris-x86