CRAN Package Check Results for Package analogsea

Last updated on 2019-11-18 20:47:12 CET.

Flavor Version Tinstall Tcheck Ttotal Status Flags
r-devel-linux-x86_64-debian-clang 0.7.2 4.22 37.26 41.48 OK
r-devel-linux-x86_64-debian-gcc 0.7.2 4.10 30.02 34.12 OK
r-devel-linux-x86_64-fedora-clang 0.7.2 49.22 OK
r-devel-linux-x86_64-fedora-gcc 0.7.2 51.35 OK
r-devel-windows-ix86+x86_64 0.7.2 14.00 70.00 84.00 OK
r-patched-linux-x86_64 0.7.2 4.68 35.84 40.52 OK
r-patched-solaris-x86 0.7.2 70.10 NOTE
r-release-linux-x86_64 0.7.2 3.96 35.66 39.62 OK
r-release-windows-ix86+x86_64 0.7.2 8.00 83.00 91.00 OK
r-release-osx-x86_64 0.7.2 OK
r-oldrel-windows-ix86+x86_64 0.7.2 6.00 49.00 55.00 OK
r-oldrel-osx-x86_64 0.7.2 OK

Check Details

Version: 0.7.2
Check: package dependencies
Result: NOTE
    Package suggested but not available for checking: ‘ssh’
Flavor: r-patched-solaris-x86