CRAN Package Check Results for Package analogue

Last updated on 2020-09-30 08:48:36 CEST.

Flavor Version Tinstall Tcheck Ttotal Status Flags
r-devel-linux-x86_64-debian-clang 0.17-5 21.57 166.18 187.75 OK
r-devel-linux-x86_64-debian-gcc 0.17-5 15.54 123.62 139.16 OK
r-devel-linux-x86_64-fedora-clang 0.17-5 223.77 OK
r-devel-linux-x86_64-fedora-gcc 0.17-5 215.15 OK
r-devel-windows-ix86+x86_64 0.17-5 1.00 7.00 8.00 ERROR
r-patched-linux-x86_64 0.17-5 15.70 154.56 170.26 OK
r-patched-solaris-x86 0.17-5 291.30 OK
r-release-linux-x86_64 0.17-5 18.93 153.10 172.03 OK
r-release-macos-x86_64 0.17-5 OK
r-release-windows-ix86+x86_64 0.17-5 41.00 275.00 316.00 OK
r-oldrel-macos-x86_64 0.17-5 OK
r-oldrel-windows-ix86+x86_64 0.17-5 36.00 273.00 309.00 OK

Check Details

Version: 0.17-5
Check: package dependencies
Result: ERROR
    Package required but not available: 'brglm'
    
    See section 'The DESCRIPTION file' in the 'Writing R Extensions'
    manual.
Flavor: r-devel-windows-ix86+x86_64