CRAN Package Check Results for Package analytics

Last updated on 2019-11-18 20:47:12 CET.

Flavor Version Tinstall Tcheck Ttotal Status Flags
r-devel-linux-x86_64-debian-clang 3.0 18.62 139.72 158.34 NOTE
r-devel-linux-x86_64-debian-gcc 3.0 15.88 121.15 137.03 NOTE
r-devel-linux-x86_64-fedora-clang 3.0 178.71 NOTE
r-devel-linux-x86_64-fedora-gcc 3.0 199.42 NOTE
r-devel-windows-ix86+x86_64 3.0 62.00 202.00 264.00 OK
r-patched-linux-x86_64 3.0 17.97 128.40 146.37 OK
r-patched-solaris-x86 3.0 272.90 OK
r-release-linux-x86_64 3.0 18.27 131.09 149.36 OK
r-release-windows-ix86+x86_64 3.0 32.00 204.00 236.00 OK
r-release-osx-x86_64 3.0 OK
r-oldrel-windows-ix86+x86_64 3.0 21.00 175.00 196.00 OK
r-oldrel-osx-x86_64 3.0 OK

Check Details

Version: 3.0
Check: for non-standard things in the check directory
Result: NOTE
    Found the following files/directories:
     'NUL'
Flavors: r-devel-linux-x86_64-debian-clang, r-devel-linux-x86_64-debian-gcc, r-devel-linux-x86_64-fedora-clang, r-devel-linux-x86_64-fedora-gcc