CRAN Package Check Results for Package anoint

Last updated on 2020-12-01 23:48:21 CET.

Flavor Version Tinstall Tcheck Ttotal Status Flags
r-devel-linux-x86_64-debian-clang 1.4 14.41 80.83 95.24 NOTE
r-devel-linux-x86_64-debian-gcc 1.4 9.12 61.80 70.92 NOTE
r-devel-linux-x86_64-fedora-clang 1.4 115.82 NOTE
r-devel-linux-x86_64-fedora-gcc 1.4 107.25 NOTE
r-devel-windows-ix86+x86_64 1.4 24.00 103.00 127.00 NOTE
r-patched-linux-x86_64 1.4 11.12 75.16 86.28 NOTE
r-patched-solaris-x86 1.4 154.30 NOTE
r-release-linux-x86_64 1.4 11.17 75.15 86.32 NOTE
r-release-macos-x86_64 1.4 NOTE
r-release-windows-ix86+x86_64 1.4 26.00 77.00 103.00 NOTE
r-oldrel-macos-x86_64 1.4 NOTE
r-oldrel-windows-ix86+x86_64 1.4 16.00 94.00 110.00 NOTE

Check Details

Version: 1.4
Check: whether the namespace can be loaded with stated dependencies
Result: NOTE
    Warning: no function found corresponding to methods exports from 'anoint' for: 'show'
    
    A namespace must be able to be loaded with just the base namespace
    loaded: otherwise if the namespace gets loaded by a saved object, the
    session will be unable to start.
    
    Probably some imports need to be declared in the NAMESPACE file.
Flavors: r-devel-linux-x86_64-debian-clang, r-devel-linux-x86_64-debian-gcc, r-devel-linux-x86_64-fedora-clang, r-devel-linux-x86_64-fedora-gcc, r-devel-windows-ix86+x86_64, r-patched-linux-x86_64, r-patched-solaris-x86, r-release-linux-x86_64, r-release-macos-x86_64, r-release-windows-ix86+x86_64, r-oldrel-macos-x86_64, r-oldrel-windows-ix86+x86_64