CRAN Package Check Results for Package anoint

Last updated on 2019-11-21 23:48:33 CET.

Flavor Version Tinstall Tcheck Ttotal Status Flags
r-devel-linux-x86_64-debian-clang 1.4 11.59 69.39 80.98 NOTE
r-devel-linux-x86_64-debian-gcc 1.4 9.47 57.15 66.62 NOTE
r-devel-linux-x86_64-fedora-clang 1.4 94.23 NOTE
r-devel-linux-x86_64-fedora-gcc 1.4 99.08 NOTE
r-devel-windows-ix86+x86_64 1.4 26.00 115.00 141.00 NOTE
r-devel-windows-ix86+x86_64-gcc8 1.4 18.00 80.00 98.00 NOTE
r-patched-linux-x86_64 1.4 9.90 66.09 75.99 NOTE
r-patched-solaris-x86 1.4 148.00 NOTE
r-release-linux-x86_64 1.4 8.56 66.13 74.69 NOTE
r-release-windows-ix86+x86_64 1.4 25.00 76.00 101.00 NOTE
r-release-osx-x86_64 1.4 NOTE
r-oldrel-windows-ix86+x86_64 1.4 12.00 111.00 123.00 NOTE
r-oldrel-osx-x86_64 1.4 NOTE

Check Details

Version: 1.4
Check: whether the namespace can be loaded with stated dependencies
Result: NOTE
    Warning: no function found corresponding to methods exports from 'anoint' for: 'show'
    
    A namespace must be able to be loaded with just the base namespace
    loaded: otherwise if the namespace gets loaded by a saved object, the
    session will be unable to start.
    
    Probably some imports need to be declared in the NAMESPACE file.
Flavors: r-devel-linux-x86_64-debian-clang, r-devel-linux-x86_64-debian-gcc, r-devel-linux-x86_64-fedora-clang, r-devel-linux-x86_64-fedora-gcc, r-devel-windows-ix86+x86_64, r-devel-windows-ix86+x86_64-gcc8, r-patched-linux-x86_64, r-patched-solaris-x86, r-release-linux-x86_64, r-release-windows-ix86+x86_64, r-release-osx-x86_64, r-oldrel-windows-ix86+x86_64, r-oldrel-osx-x86_64