CRAN Package Check Results for Package anomaly

Last updated on 2020-06-06 04:48:39 CEST.

Flavor Version Tinstall Tcheck Ttotal Status Flags
r-devel-linux-x86_64-debian-clang 3.0.1 67.69 92.38 160.07 OK
r-devel-linux-x86_64-debian-gcc 3.0.1 50.72 69.51 120.23 OK
r-devel-linux-x86_64-fedora-clang 3.0.1 240.91 NOTE
r-devel-linux-x86_64-fedora-gcc 3.0.1 186.70 OK
r-devel-windows-ix86+x86_64 3.0.1 220.00 238.00 458.00 NOTE
r-patched-linux-x86_64 3.0.1 49.25 89.83 139.08 OK
r-patched-solaris-x86 3.0.1 222.20 NOTE
r-release-linux-x86_64 3.0.1 51.82 90.45 142.27 OK
r-release-osx-x86_64 3.0.1 NOTE
r-release-windows-ix86+x86_64 3.0.1 200.00 228.00 428.00 NOTE
r-oldrel-osx-x86_64 3.0.1 NOTE
r-oldrel-windows-ix86+x86_64 3.0.1 204.00 225.00 429.00 NOTE

Additional issues

rchk

Check Details

Version: 3.0.1
Check: installed package size
Result: NOTE
     installed size is 7.3Mb
     sub-directories of 1Mb or more:
     data 4.1Mb
     libs 2.7Mb
Flavors: r-devel-linux-x86_64-fedora-clang, r-devel-windows-ix86+x86_64, r-patched-solaris-x86, r-release-osx-x86_64, r-release-windows-ix86+x86_64, r-oldrel-osx-x86_64, r-oldrel-windows-ix86+x86_64