CRAN Package Check Results for Package anomaly

Last updated on 2019-11-18 20:47:12 CET.

Flavor Version Tinstall Tcheck Ttotal Status Flags
r-devel-linux-x86_64-debian-clang 2.0.2 43.78 80.07 123.85 OK
r-devel-linux-x86_64-debian-gcc 2.0.2 30.59 65.52 96.11 OK
r-devel-linux-x86_64-fedora-clang 2.0.2 160.15 NOTE
r-devel-linux-x86_64-fedora-gcc 2.0.2 153.70 OK
r-devel-windows-ix86+x86_64 2.0.2 186.00 196.00 382.00 NOTE
r-patched-linux-x86_64 2.0.2 33.61 76.12 109.73 OK
r-patched-solaris-x86 2.0.2 187.10 NOTE
r-release-linux-x86_64 2.0.2 32.43 75.43 107.86 OK
r-release-windows-ix86+x86_64 2.0.2 105.00 220.00 325.00 NOTE
r-release-osx-x86_64 2.0.2 NOTE
r-oldrel-windows-ix86+x86_64 2.0.2 100.00 234.00 334.00 NOTE
r-oldrel-osx-x86_64 2.0.2 NOTE

Check Details

Version: 2.0.2
Check: installed package size
Result: NOTE
     installed size is 6.4Mb
     sub-directories of 1Mb or more:
     data 4.2Mb
     libs 1.8Mb
Flavors: r-devel-linux-x86_64-fedora-clang, r-devel-windows-ix86+x86_64, r-patched-solaris-x86, r-release-windows-ix86+x86_64, r-release-osx-x86_64, r-oldrel-windows-ix86+x86_64, r-oldrel-osx-x86_64