CRAN Package Check Results for Package antaresRead

Last updated on 2020-05-31 00:46:59 CEST.

Flavor Version Tinstall Tcheck Ttotal Status Flags
r-devel-linux-x86_64-debian-clang 2.2.5 8.97 262.91 271.88 OK
r-devel-linux-x86_64-debian-gcc 2.2.5 7.19 299.04 306.23 OK
r-devel-linux-x86_64-fedora-clang 2.2.5 230.15 OK
r-devel-linux-x86_64-fedora-gcc 2.2.5 194.36 OK
r-devel-windows-ix86+x86_64 2.2.5 21.00 224.00 245.00 OK
r-patched-linux-x86_64 2.2.5 8.83 241.07 249.90 OK
r-patched-solaris-x86 2.2.5 240.40 WARN
r-release-linux-x86_64 2.2.5 7.60 233.32 240.92 OK
r-release-osx-x86_64 2.2.5 OK
r-release-windows-ix86+x86_64 2.2.5 16.00 296.00 312.00 OK
r-oldrel-osx-x86_64 2.2.5 WARN
r-oldrel-windows-ix86+x86_64 2.2.5 13.00 168.00 181.00 OK

Check Details

Version: 2.2.5
Check: re-building of vignette outputs
Result: WARN
    Error(s) in re-building vignettes:
     ...
    --- re-building ‘antaresH5.Rmd’ using rmarkdown
    Warning in engine$weave(file, quiet = quiet, encoding = enc) :
     Pandoc (>= 1.12.3) and/or pandoc-citeproc not available. Falling back to R Markdown v1.
    Quitting from lines 51-85 (antaresH5.Rmd)
    Error: processing vignette 'antaresH5.Rmd' failed with diagnostics:
    there is no package called 'webshot'
    --- failed re-building ‘antaresH5.Rmd’
    
    --- re-building ‘antaresRead.Rmd’ using rmarkdown
    Warning in engine$weave(file, quiet = quiet, encoding = enc) :
     Pandoc (>= 1.12.3) and/or pandoc-citeproc not available. Falling back to R Markdown v1.
    --- finished re-building ‘antaresRead.Rmd’
    
    SUMMARY: processing the following file failed:
     ‘antaresH5.Rmd’
    
    Error: Vignette re-building failed.
    Execution halted
Flavor: r-patched-solaris-x86

Version: 2.2.5
Check: re-building of vignette outputs
Result: WARN
    Error(s) in re-building vignettes:
     ...
    --- re-building ‘antaresH5.Rmd’ using rmarkdown
    Warning in engine$weave(file, quiet = quiet, encoding = enc) :
     Pandoc (>= 1.12.3) and/or pandoc-citeproc not available. Falling back to R Markdown v1.
    Quitting from lines 51-85 (antaresH5.Rmd)
    Error: processing vignette 'antaresH5.Rmd' failed with diagnostics:
    cannot open the connection
    --- failed re-building ‘antaresH5.Rmd’
    
    --- re-building ‘antaresRead.Rmd’ using rmarkdown
    Warning in engine$weave(file, quiet = quiet, encoding = enc) :
     Pandoc (>= 1.12.3) and/or pandoc-citeproc not available. Falling back to R Markdown v1.
    --- finished re-building ‘antaresRead.Rmd’
    
    SUMMARY: processing the following file failed:
     ‘antaresH5.Rmd’
    
    Error: Vignette re-building failed.
    Execution halted
Flavor: r-oldrel-osx-x86_64