CRAN Package Check Results for Package aods3

Last updated on 2020-05-31 00:46:59 CEST.

Flavor Version Tinstall Tcheck Ttotal Status Flags
r-devel-linux-x86_64-debian-clang 0.4-1.1 11.06 70.05 81.11 NOTE
r-devel-linux-x86_64-debian-gcc 0.4-1.1 7.51 54.97 62.48 NOTE
r-devel-linux-x86_64-fedora-clang 0.4-1.1 96.03 NOTE
r-devel-linux-x86_64-fedora-gcc 0.4-1.1 96.05 NOTE
r-devel-windows-ix86+x86_64 0.4-1.1 23.00 76.00 99.00 NOTE
r-patched-linux-x86_64 0.4-1.1 9.61 69.25 78.86 NOTE
r-patched-solaris-x86 0.4-1.1 140.00 NOTE
r-release-linux-x86_64 0.4-1.1 8.88 69.19 78.07 NOTE
r-release-osx-x86_64 0.4-1.1 NOTE
r-release-windows-ix86+x86_64 0.4-1.1 15.00 104.00 119.00 NOTE
r-oldrel-osx-x86_64 0.4-1.1 NOTE
r-oldrel-windows-ix86+x86_64 0.4-1.1 16.00 82.00 98.00 NOTE

Check Details

Version: 0.4-1.1
Check: dependencies in R code
Result: NOTE
    Packages in Depends field not imported from:
     'boot' 'lme4'
     These packages need to be imported from (in the NAMESPACE file)
     for when this namespace is loaded but not attached.
Flavors: r-devel-linux-x86_64-debian-clang, r-devel-linux-x86_64-debian-gcc, r-devel-linux-x86_64-fedora-clang, r-devel-linux-x86_64-fedora-gcc, r-devel-windows-ix86+x86_64, r-patched-linux-x86_64, r-patched-solaris-x86, r-release-linux-x86_64, r-release-osx-x86_64, r-release-windows-ix86+x86_64, r-oldrel-osx-x86_64, r-oldrel-windows-ix86+x86_64