CRAN Package Check Results for Package aods3

Last updated on 2019-11-12 20:48:54 CET.

Flavor Version Tinstall Tcheck Ttotal Status Flags
r-devel-linux-x86_64-debian-clang 0.4-1.1 9.34 64.17 73.51 NOTE
r-devel-linux-x86_64-debian-gcc 0.4-1.1 7.63 49.06 56.69 NOTE
r-devel-linux-x86_64-fedora-clang 0.4-1.1 86.54 NOTE
r-devel-linux-x86_64-fedora-gcc 0.4-1.1 87.02 NOTE
r-devel-windows-ix86+x86_64 0.4-1.1 25.00 105.00 130.00 NOTE
r-patched-linux-x86_64 0.4-1.1 8.11 60.89 69.00 NOTE
r-patched-solaris-x86 0.4-1.1 126.40 NOTE
r-release-linux-x86_64 0.4-1.1 8.02 61.29 69.31 NOTE
r-release-windows-ix86+x86_64 0.4-1.1 25.00 77.00 102.00 NOTE
r-release-osx-x86_64 0.4-1.1 NOTE
r-oldrel-windows-ix86+x86_64 0.4-1.1 11.00 102.00 113.00 NOTE
r-oldrel-osx-x86_64 0.4-1.1 NOTE

Check Details

Version: 0.4-1.1
Check: dependencies in R code
Result: NOTE
    Packages in Depends field not imported from:
     'boot' 'lme4'
     These packages need to be imported from (in the NAMESPACE file)
     for when this namespace is loaded but not attached.
Flavors: r-devel-linux-x86_64-debian-clang, r-devel-linux-x86_64-debian-gcc, r-devel-linux-x86_64-fedora-clang, r-devel-linux-x86_64-fedora-gcc, r-devel-windows-ix86+x86_64, r-patched-linux-x86_64, r-patched-solaris-x86, r-release-linux-x86_64, r-release-windows-ix86+x86_64, r-release-osx-x86_64, r-oldrel-windows-ix86+x86_64, r-oldrel-osx-x86_64