CRAN Package Check Results for Package apTreeshape

Last updated on 2020-09-30 20:46:37 CEST.

Flavor Version Tinstall Tcheck Ttotal Status Flags
r-devel-linux-x86_64-debian-clang 1.5-0 14.38 121.84 136.22 NOTE
r-devel-linux-x86_64-debian-gcc 1.5-0 11.88 90.41 102.29 NOTE
r-devel-linux-x86_64-fedora-clang 1.5-0 170.93 NOTE
r-devel-linux-x86_64-fedora-gcc 1.5-0 160.34 NOTE
r-devel-windows-ix86+x86_64 1.5-0 26.00 149.00 175.00 OK
r-patched-linux-x86_64 1.5-0 14.90 113.73 128.63 OK
r-patched-solaris-x86 1.5-0 213.40 OK
r-release-linux-x86_64 1.5-0 15.30 114.21 129.51 OK
r-release-macos-x86_64 1.5-0 OK
r-release-windows-ix86+x86_64 1.5-0 28.00 151.00 179.00 OK
r-oldrel-macos-x86_64 1.5-0 OK
r-oldrel-windows-ix86+x86_64 1.5-0 23.00 143.00 166.00 OK

Check Details

Version: 1.5-0
Check: R code for possible problems
Result: NOTE
    Possibly missing '()' after 'return' in the following function:
     'maxlik.betasplit'
Flavors: r-devel-linux-x86_64-debian-clang, r-devel-linux-x86_64-debian-gcc, r-devel-linux-x86_64-fedora-clang, r-devel-linux-x86_64-fedora-gcc