CRAN Package Check Results for Package apexcharter

Last updated on 2020-12-02 03:52:25 CET.

Flavor Version Tinstall Tcheck Ttotal Status Flags
r-devel-linux-x86_64-debian-clang 0.1.8 9.22 105.22 114.44 OK
r-devel-linux-x86_64-debian-gcc 0.1.8 6.79 79.91 86.70 OK
r-devel-linux-x86_64-fedora-clang 0.1.8 138.75 NOTE
r-devel-linux-x86_64-fedora-gcc 0.1.8 128.79 NOTE
r-devel-windows-ix86+x86_64 0.1.8 18.00 151.00 169.00 OK
r-patched-linux-x86_64 0.1.8 7.87 101.60 109.47 OK
r-patched-solaris-x86 0.1.8 161.70 WARN
r-release-linux-x86_64 0.1.8 8.36 100.79 109.15 OK
r-release-macos-x86_64 0.1.8 WARN
r-release-windows-ix86+x86_64 0.1.8 12.00 114.00 126.00 OK
r-oldrel-macos-x86_64 0.1.8 WARN
r-oldrel-windows-ix86+x86_64 0.1.8 13.00 148.00 161.00 OK

Check Details

Version: 0.1.8
Check: data for non-ASCII characters
Result: NOTE
     Note: found 230 marked UTF-8 strings
Flavors: r-devel-linux-x86_64-fedora-clang, r-devel-linux-x86_64-fedora-gcc, r-patched-solaris-x86, r-release-macos-x86_64, r-oldrel-macos-x86_64

Version: 0.1.8
Check: re-building of vignette outputs
Result: WARN
    Error(s) in re-building vignettes:
     ...
    --- re-building ‘apexcharter.Rmd’ using rmarkdown
    Warning in engine$weave(file, quiet = quiet, encoding = enc) :
     Pandoc (>= 1.12.3) and/or pandoc-citeproc not available. Falling back to R Markdown v1.
    
    Attaching package: 'dplyr'
    
    The following objects are masked from 'package:stats':
    
     filter, lag
    
    The following objects are masked from 'package:base':
    
     intersect, setdiff, setequal, union
    
    Quitting from lines 37-41 (apexcharter.Rmd)
    Error: processing vignette 'apexcharter.Rmd' failed with diagnostics:
    there is no package called 'webshot'
    --- failed re-building ‘apexcharter.Rmd’
    
    --- re-building ‘chart-options.Rmd’ using rmarkdown
    Warning in engine$weave(file, quiet = quiet, encoding = enc) :
     Pandoc (>= 1.12.3) and/or pandoc-citeproc not available. Falling back to R Markdown v1.
    
    Attaching package: 'dplyr'
    
    The following objects are masked from 'package:stats':
    
     filter, lag
    
    The following objects are masked from 'package:base':
    
     intersect, setdiff, setequal, union
    
    Quitting from lines 36-43 (chart-options.Rmd)
    Error: processing vignette 'chart-options.Rmd' failed with diagnostics:
    there is no package called 'webshot'
    --- failed re-building ‘chart-options.Rmd’
    
    --- re-building ‘shiny-integration.Rmd’ using rmarkdown
    Warning in engine$weave(file, quiet = quiet, encoding = enc) :
     Pandoc (>= 1.12.3) and/or pandoc-citeproc not available. Falling back to R Markdown v1.
    Quitting from lines 91-98 (shiny-integration.Rmd)
    Error: processing vignette 'shiny-integration.Rmd' failed with diagnostics:
    there is no package called 'webshot'
    --- failed re-building ‘shiny-integration.Rmd’
    
    --- re-building ‘spark-box.Rmd’ using rmarkdown
    Warning in engine$weave(file, quiet = quiet, encoding = enc) :
     Pandoc (>= 1.12.3) and/or pandoc-citeproc not available. Falling back to R Markdown v1.
    Quitting from lines 31-36 (spark-box.Rmd)
    Error: processing vignette 'spark-box.Rmd' failed with diagnostics:
    there is no package called 'webshot'
    --- failed re-building ‘spark-box.Rmd’
    
    --- re-building ‘sync-charts.Rmd’ using rmarkdown
    Warning in engine$weave(file, quiet = quiet, encoding = enc) :
     Pandoc (>= 1.12.3) and/or pandoc-citeproc not available. Falling back to R Markdown v1.
    Quitting from lines 45-46 (sync-charts.Rmd)
    Error: processing vignette 'sync-charts.Rmd' failed with diagnostics:
    there is no package called 'webshot'
    --- failed re-building ‘sync-charts.Rmd’
    
    SUMMARY: processing the following files failed:
     ‘apexcharter.Rmd’ ‘chart-options.Rmd’ ‘shiny-integration.Rmd’
     ‘spark-box.Rmd’ ‘sync-charts.Rmd’
    
    Error: Vignette re-building failed.
    Execution halted
Flavor: r-patched-solaris-x86

Version: 0.1.8
Check: re-building of vignette outputs
Result: WARN
    Error(s) in re-building vignettes:
    --- re-building ‘apexcharter.Rmd’ using rmarkdown
    Warning in engine$weave(file, quiet = quiet, encoding = enc) :
     Pandoc (>= 1.12.3) and/or pandoc-citeproc not available. Falling back to R Markdown v1.
    
    Attaching package: 'dplyr'
    
    The following objects are masked from 'package:stats':
    
     filter, lag
    
    The following objects are masked from 'package:base':
    
     intersect, setdiff, setequal, union
    
    Quitting from lines 37-41 (apexcharter.Rmd)
    Error: processing vignette 'apexcharter.Rmd' failed with diagnostics:
    cannot open the connection
    --- failed re-building ‘apexcharter.Rmd’
    
    --- re-building ‘chart-options.Rmd’ using rmarkdown
    Warning in engine$weave(file, quiet = quiet, encoding = enc) :
     Pandoc (>= 1.12.3) and/or pandoc-citeproc not available. Falling back to R Markdown v1.
    
    Attaching package: 'dplyr'
    
    The following objects are masked from 'package:stats':
    
     filter, lag
    
    The following objects are masked from 'package:base':
    
     intersect, setdiff, setequal, union
    
    Quitting from lines 36-43 (chart-options.Rmd)
    Error: processing vignette 'chart-options.Rmd' failed with diagnostics:
    cannot open the connection
    --- failed re-building ‘chart-options.Rmd’
    
    --- re-building ‘shiny-integration.Rmd’ using rmarkdown
    Warning in engine$weave(file, quiet = quiet, encoding = enc) :
     Pandoc (>= 1.12.3) and/or pandoc-citeproc not available. Falling back to R Markdown v1.
    Quitting from lines 91-98 (shiny-integration.Rmd)
    Error: processing vignette 'shiny-integration.Rmd' failed with diagnostics:
    cannot open the connection
    --- failed re-building ‘shiny-integration.Rmd’
    
    --- re-building ‘spark-box.Rmd’ using rmarkdown
    Warning in engine$weave(file, quiet = quiet, encoding = enc) :
     Pandoc (>= 1.12.3) and/or pandoc-citeproc not available. Falling back to R Markdown v1.
    Quitting from lines 31-36 (spark-box.Rmd)
    Error: processing vignette 'spark-box.Rmd' failed with diagnostics:
    cannot open the connection
    --- failed re-building ‘spark-box.Rmd’
    
    --- re-building ‘sync-charts.Rmd’ using rmarkdown
    Warning in engine$weave(file, quiet = quiet, encoding = enc) :
     Pandoc (>= 1.12.3) and/or pandoc-citeproc not available. Falling back to R Markdown v1.
    Quitting from lines 45-46 (sync-charts.Rmd)
    Error: processing vignette 'sync-charts.Rmd' failed with diagnostics:
    cannot open the connection
    --- failed re-building ‘sync-charts.Rmd’
    
    SUMMARY: processing the following files failed:
     ‘apexcharter.Rmd’ ‘chart-options.Rmd’ ‘shiny-integration.Rmd’
     ‘spark-box.Rmd’ ‘sync-charts.Rmd’
    
    Error: Vignette re-building failed.
    Execution halted
Flavors: r-release-macos-x86_64, r-oldrel-macos-x86_64