CRAN Package Check Results for Package apexcharter

Last updated on 2019-11-21 23:48:33 CET.

Flavor Version Tinstall Tcheck Ttotal Status Flags
r-devel-linux-x86_64-debian-clang 0.1.2 4.89 58.43 63.32 OK
r-devel-linux-x86_64-debian-gcc 0.1.2 4.23 47.91 52.14 OK
r-devel-linux-x86_64-fedora-clang 0.1.2 74.83 NOTE
r-devel-linux-x86_64-fedora-gcc 0.1.2 78.06 NOTE
r-devel-windows-ix86+x86_64 0.1.2 29.00 110.00 139.00 OK
r-devel-windows-ix86+x86_64-gcc8 0.1.2 15.00 81.00 96.00 OK
r-patched-linux-x86_64 0.1.2 4.54 56.17 60.71 OK
r-patched-solaris-x86 0.1.2 100.30 WARN
r-release-linux-x86_64 0.1.2 3.67 55.43 59.10 OK
r-release-windows-ix86+x86_64 0.1.2 18.00 79.00 97.00 OK
r-release-osx-x86_64 0.1.2 WARN
r-oldrel-windows-ix86+x86_64 0.1.2 8.00 75.00 83.00 WARN
r-oldrel-osx-x86_64 0.1.2 WARN

Check Details

Version: 0.1.2
Check: dependencies in R code
Result: NOTE
    Namespace in Imports field not imported from: ‘scales’
     All declared Imports should be used.
Flavors: r-devel-linux-x86_64-fedora-clang, r-devel-linux-x86_64-fedora-gcc, r-patched-solaris-x86, r-release-osx-x86_64, r-oldrel-osx-x86_64

Version: 0.1.2
Check: data for non-ASCII characters
Result: NOTE
     Note: found 230 marked UTF-8 strings
Flavors: r-devel-linux-x86_64-fedora-clang, r-devel-linux-x86_64-fedora-gcc, r-patched-solaris-x86, r-release-osx-x86_64, r-oldrel-osx-x86_64

Version: 0.1.2
Check: re-building of vignette outputs
Result: WARN
    Error(s) in re-building vignettes:
     ...
    --- re-building ‘labs.Rmd’ using rmarkdown
    Warning in engine$weave(file, quiet = quiet, encoding = enc) :
     Pandoc (>= 1.12.3) and/or pandoc-citeproc not available. Falling back to R Markdown v1.
    
    Attaching package: 'dplyr'
    
    The following objects are masked from 'package:stats':
    
     filter, lag
    
    The following objects are masked from 'package:base':
    
     intersect, setdiff, setequal, union
    
    Quitting from lines 32-34 (labs.Rmd)
    Error: processing vignette 'labs.Rmd' failed with diagnostics:
    there is no package called 'webshot'
    --- failed re-building ‘labs.Rmd’
    
    --- re-building ‘lines.Rmd’ using rmarkdown
    Warning in engine$weave(file, quiet = quiet, encoding = enc) :
     Pandoc (>= 1.12.3) and/or pandoc-citeproc not available. Falling back to R Markdown v1.
    
    Attaching package: 'dplyr'
    
    The following objects are masked from 'package:stats':
    
     filter, lag
    
    The following objects are masked from 'package:base':
    
     intersect, setdiff, setequal, union
    
    Quitting from lines 39-40 (lines.Rmd)
    Error: processing vignette 'lines.Rmd' failed with diagnostics:
    there is no package called 'webshot'
    --- failed re-building ‘lines.Rmd’
    
    --- re-building ‘starting-with-apexcharts.Rmd’ using rmarkdown
    Warning in engine$weave(file, quiet = quiet, encoding = enc) :
     Pandoc (>= 1.12.3) and/or pandoc-citeproc not available. Falling back to R Markdown v1.
    
    Attaching package: 'dplyr'
    
    The following objects are masked from 'package:stats':
    
     filter, lag
    
    The following objects are masked from 'package:base':
    
     intersect, setdiff, setequal, union
    
    Quitting from lines 36-40 (starting-with-apexcharts.Rmd)
    Error: processing vignette 'starting-with-apexcharts.Rmd' failed with diagnostics:
    there is no package called 'webshot'
    --- failed re-building ‘starting-with-apexcharts.Rmd’
    
    SUMMARY: processing the following files failed:
     ‘labs.Rmd’ ‘lines.Rmd’ ‘starting-with-apexcharts.Rmd’
    
    Error: Vignette re-building failed.
    Execution halted
Flavor: r-patched-solaris-x86

Version: 0.1.2
Check: re-building of vignette outputs
Result: WARN
    Error(s) in re-building vignettes:
    --- re-building ‘labs.Rmd’ using rmarkdown
    Warning in engine$weave(file, quiet = quiet, encoding = enc) :
     Pandoc (>= 1.12.3) and/or pandoc-citeproc not available. Falling back to R Markdown v1.
    
    Attaching package: 'dplyr'
    
    The following objects are masked from 'package:stats':
    
     filter, lag
    
    The following objects are masked from 'package:base':
    
     intersect, setdiff, setequal, union
    
    Quitting from lines 32-34 (labs.Rmd)
    Error: processing vignette 'labs.Rmd' failed with diagnostics:
    cannot open the connection
    --- failed re-building ‘labs.Rmd’
    
    --- re-building ‘lines.Rmd’ using rmarkdown
    Warning in engine$weave(file, quiet = quiet, encoding = enc) :
     Pandoc (>= 1.12.3) and/or pandoc-citeproc not available. Falling back to R Markdown v1.
    
    Attaching package: 'dplyr'
    
    The following objects are masked from 'package:stats':
    
     filter, lag
    
    The following objects are masked from 'package:base':
    
     intersect, setdiff, setequal, union
    
    Quitting from lines 39-40 (lines.Rmd)
    Error: processing vignette 'lines.Rmd' failed with diagnostics:
    cannot open the connection
    --- failed re-building ‘lines.Rmd’
    
    --- re-building ‘starting-with-apexcharts.Rmd’ using rmarkdown
    Warning in engine$weave(file, quiet = quiet, encoding = enc) :
     Pandoc (>= 1.12.3) and/or pandoc-citeproc not available. Falling back to R Markdown v1.
    
    Attaching package: 'dplyr'
    
    The following objects are masked from 'package:stats':
    
     filter, lag
    
    The following objects are masked from 'package:base':
    
     intersect, setdiff, setequal, union
    
    Quitting from lines 36-40 (starting-with-apexcharts.Rmd)
    Error: processing vignette 'starting-with-apexcharts.Rmd' failed with diagnostics:
    cannot open the connection
    --- failed re-building ‘starting-with-apexcharts.Rmd’
    
    SUMMARY: processing the following files failed:
     ‘labs.Rmd’ ‘lines.Rmd’ ‘starting-with-apexcharts.Rmd’
    
    Error: Vignette re-building failed.
    Execution halted
Flavor: r-release-osx-x86_64

Version: 0.1.2
Check: whether package can be installed
Result: WARN
    Found the following significant warnings:
     Warning: S3 methods '[.fun_list', '[.grouped_df', 'all.equal.tbl_df', 'anti_join.data.frame', 'anti_join.tbl_df', 'arrange.data.frame', 'arrange.default', 'arrange.grouped_df', 'arrange.tbl_df', 'arrange_.data.frame', 'arrange_.tbl_df', 'as.data.frame.grouped_df', 'as.data.frame.rowwise_df', 'as.data.frame.tbl_cube', 'as.table.tbl_cube', 'as.tbl.data.frame', 'as.tbl.tbl', 'as.tbl_cube.array', 'as.tbl_cube.data.frame', 'as.tbl_cube.matrix', 'as.tbl_cube.table', 'as_tibble.grouped_df', 'as_tibble.tbl_cube', 'auto_copy.tbl_cube', 'auto_copy.tbl_df', 'cbind.grouped_df', 'collapse.data.frame', 'collect.data.frame', 'common_by.NULL', 'common_by.character', 'common_by.default', 'common_by.list', 'compute.data.frame', 'copy_to.DBIConnection', 'copy_to.src_local', 'default_missing.data.frame', 'default_missing.default', 'dim.tbl_cube', 'distinct.data.frame', 'distinct.default', 'distinct.grouped_df', 'distinct.tbl_df', 'distinct_.data.frame', 'distinct_.grouped_df', 'distinct_.tbl_df', 'do.NULL', 'do.da [... truncated]
Flavor: r-oldrel-windows-ix86+x86_64

Version: 0.1.2
Check: re-building of vignette outputs
Result: WARN
    Error in re-building vignettes:
     ...
    Warning in engine$weave(file, quiet = quiet, encoding = enc) :
     Pandoc (>= 1.12.3) and/or pandoc-citeproc not available. Falling back to R Markdown v1.
    
    Attaching package: 'dplyr'
    
    The following objects are masked from 'package:stats':
    
     filter, lag
    
    The following objects are masked from 'package:base':
    
     intersect, setdiff, setequal, union
    
    Quitting from lines 32-34 (labs.Rmd)
    Error: processing vignette 'labs.Rmd' failed with diagnostics:
    cannot open the connection
    Execution halted
Flavor: r-oldrel-osx-x86_64