CRAN Package Check Results for Package apng

Last updated on 2019-11-18 20:47:12 CET.

Flavor Version Tinstall Tcheck Ttotal Status Flags
r-devel-linux-x86_64-debian-clang 1.0 2.22 18.43 20.65 NOTE
r-devel-linux-x86_64-debian-gcc 1.0 1.66 15.10 16.76 NOTE
r-devel-linux-x86_64-fedora-clang 1.0 25.57 NOTE
r-devel-linux-x86_64-fedora-gcc 1.0 26.16 NOTE
r-devel-windows-ix86+x86_64 1.0 5.00 32.00 37.00 OK
r-patched-linux-x86_64 1.0 1.79 17.69 19.48 OK
r-patched-solaris-x86 1.0 36.60 OK
r-release-linux-x86_64 1.0 1.68 17.81 19.49 OK
r-release-windows-ix86+x86_64 1.0 4.00 41.00 45.00 OK
r-release-osx-x86_64 1.0 OK
r-oldrel-windows-ix86+x86_64 1.0 3.00 27.00 30.00 OK
r-oldrel-osx-x86_64 1.0 OK

Check Details

Version: 1.0
Check: for non-standard things in the check directory
Result: NOTE
    Found the following files/directories:
     '1.png' '2.png' 'output.png'
Flavors: r-devel-linux-x86_64-debian-clang, r-devel-linux-x86_64-debian-gcc, r-devel-linux-x86_64-fedora-clang, r-devel-linux-x86_64-fedora-gcc