CRAN Package Check Results for Package apng

Last updated on 2020-05-30 04:49:31 CEST.

Flavor Version Tinstall Tcheck Ttotal Status Flags
r-devel-linux-x86_64-debian-clang 1.0 1.88 19.63 21.51 NOTE
r-devel-linux-x86_64-debian-gcc 1.0 1.57 15.76 17.33 NOTE
r-devel-linux-x86_64-fedora-clang 1.0 27.17 NOTE
r-devel-linux-x86_64-fedora-gcc 1.0 26.36 NOTE
r-devel-windows-ix86+x86_64 1.0 7.00 45.00 52.00 OK
r-patched-linux-x86_64 1.0 2.14 19.94 22.08 NOTE
r-patched-solaris-x86 1.0 39.80 NOTE
r-release-linux-x86_64 1.0 2.18 19.32 21.50 NOTE
r-release-osx-x86_64 1.0 OK
r-release-windows-ix86+x86_64 1.0 5.00 32.00 37.00 OK
r-oldrel-osx-x86_64 1.0 OK
r-oldrel-windows-ix86+x86_64 1.0 4.00 41.00 45.00 OK

Check Details

Version: 1.0
Check: for non-standard things in the check directory
Result: NOTE
    Found the following files/directories:
     '1.png' '2.png' 'output.png'
Flavors: r-devel-linux-x86_64-debian-clang, r-devel-linux-x86_64-debian-gcc, r-devel-linux-x86_64-fedora-clang, r-devel-linux-x86_64-fedora-gcc, r-patched-linux-x86_64, r-patched-solaris-x86, r-release-linux-x86_64