CRAN Package Check Results for Package aprof

Last updated on 2019-11-18 20:47:12 CET.

Flavor Version Tinstall Tcheck Ttotal Status Flags
r-devel-linux-x86_64-debian-clang 0.4.1 2.67 19.12 21.79 OK
r-devel-linux-x86_64-debian-gcc 0.4.1 2.04 15.82 17.86 OK
r-devel-linux-x86_64-fedora-clang 0.4.1 26.56 NOTE
r-devel-linux-x86_64-fedora-gcc 0.4.1 27.02 NOTE
r-devel-windows-ix86+x86_64 0.4.1 8.00 39.00 47.00 OK
r-patched-linux-x86_64 0.4.1 2.06 18.38 20.44 OK
r-patched-solaris-x86 0.4.1 38.70 NOTE
r-release-linux-x86_64 0.4.1 2.14 18.43 20.57 OK
r-release-windows-ix86+x86_64 0.4.1 5.00 45.00 50.00 OK
r-release-osx-x86_64 0.4.1 NOTE
r-oldrel-windows-ix86+x86_64 0.4.1 3.00 48.00 51.00 OK
r-oldrel-osx-x86_64 0.4.1 NOTE

Check Details

Version: 0.4.1
Check: dependencies in R code
Result: NOTE
    Namespace in Imports field not imported from: ‘testthat’
     All declared Imports should be used.
Flavors: r-devel-linux-x86_64-fedora-clang, r-devel-linux-x86_64-fedora-gcc, r-patched-solaris-x86, r-release-osx-x86_64, r-oldrel-osx-x86_64