CRAN Package Check Results for Package aprof

Last updated on 2020-05-31 00:46:59 CEST.

Flavor Version Tinstall Tcheck Ttotal Status Flags
r-devel-linux-x86_64-debian-clang 0.4.1 2.16 20.11 22.27 OK
r-devel-linux-x86_64-debian-gcc 0.4.1 1.96 15.99 17.95 OK
r-devel-linux-x86_64-fedora-clang 0.4.1 28.27 NOTE
r-devel-linux-x86_64-fedora-gcc 0.4.1 27.27 NOTE
r-devel-windows-ix86+x86_64 0.4.1 10.00 31.00 41.00 OK
r-patched-linux-x86_64 0.4.1 2.73 20.28 23.01 OK
r-patched-solaris-x86 0.4.1 41.20 NOTE
r-release-linux-x86_64 0.4.1 2.45 20.42 22.87 OK
r-release-osx-x86_64 0.4.1 NOTE
r-release-windows-ix86+x86_64 0.4.1 6.00 42.00 48.00 OK
r-oldrel-osx-x86_64 0.4.1 NOTE
r-oldrel-windows-ix86+x86_64 0.4.1 5.00 32.00 37.00 OK

Check Details

Version: 0.4.1
Check: dependencies in R code
Result: NOTE
    Namespace in Imports field not imported from: ‘testthat’
     All declared Imports should be used.
Flavors: r-devel-linux-x86_64-fedora-clang, r-devel-linux-x86_64-fedora-gcc, r-patched-solaris-x86, r-release-osx-x86_64, r-oldrel-osx-x86_64