CRAN Package Check Results for Package aqp

Last updated on 2020-09-30 20:46:37 CEST.

Flavor Version Tinstall Tcheck Ttotal Status Flags
r-devel-linux-x86_64-debian-clang 1.19 14.91 141.60 156.51 OK
r-devel-linux-x86_64-debian-gcc 1.19 12.22 107.39 119.61 OK
r-devel-linux-x86_64-fedora-clang 1.19 188.72 NOTE
r-devel-linux-x86_64-fedora-gcc 1.19 181.92 NOTE
r-devel-windows-ix86+x86_64 1.19 31.00 181.00 212.00 OK
r-patched-linux-x86_64 1.19 14.84 134.97 149.81 OK
r-patched-solaris-x86 1.19 230.00 NOTE
r-release-linux-x86_64 1.19 15.15 133.85 149.00 OK
r-release-macos-x86_64 1.19 NOTE
r-release-windows-ix86+x86_64 1.19 25.00 184.00 209.00 OK
r-oldrel-macos-x86_64 1.19 NOTE
r-oldrel-windows-ix86+x86_64 1.19 22.00 181.00 203.00 OK

Check Details

Version: 1.19
Check: data for non-ASCII characters
Result: NOTE
     Note: found 1 marked Latin-1 string
Flavors: r-devel-linux-x86_64-fedora-clang, r-devel-linux-x86_64-fedora-gcc, r-patched-solaris-x86, r-release-macos-x86_64, r-oldrel-macos-x86_64