CRAN Package Check Results for Package aqp

Last updated on 2019-11-21 23:48:33 CET.

Flavor Version Tinstall Tcheck Ttotal Status Flags
r-devel-linux-x86_64-debian-clang 1.18 11.75 120.15 131.90 NOTE
r-devel-linux-x86_64-debian-gcc 1.18 10.30 96.91 107.21 OK
r-devel-linux-x86_64-fedora-clang 1.18 176.67 NOTE
r-devel-linux-x86_64-fedora-gcc 1.18 89.88 NOTE
r-devel-windows-ix86+x86_64 1.18 28.00 177.00 205.00 OK
r-devel-windows-ix86+x86_64-gcc8 1.18 20.00 140.00 160.00 OK
r-patched-linux-x86_64 1.18 10.64 113.99 124.63 NOTE
r-patched-solaris-x86 1.18 189.60 NOTE
r-release-linux-x86_64 1.18 11.52 114.92 126.44 NOTE
r-release-windows-ix86+x86_64 1.18 29.00 172.00 201.00 OK
r-release-osx-x86_64 1.18 NOTE
r-oldrel-windows-ix86+x86_64 1.18 12.00 119.00 131.00 OK
r-oldrel-osx-x86_64 1.18 NOTE

Check Details

Version: 1.18
Check: package dependencies
Result: NOTE
    Package suggested but not available for checking: 'sharpshootR'
Flavors: r-devel-linux-x86_64-debian-clang, r-patched-linux-x86_64, r-release-linux-x86_64

Version: 1.18
Check: data for non-ASCII characters
Result: NOTE
     Note: found 1 marked Latin-1 string
Flavors: r-devel-linux-x86_64-fedora-clang, r-devel-linux-x86_64-fedora-gcc, r-patched-solaris-x86, r-release-osx-x86_64, r-oldrel-osx-x86_64