CRAN Package Check Results for Package arena2r

Last updated on 2020-09-30 16:47:20 CEST.

Flavor Version Tinstall Tcheck Ttotal Status Flags
r-devel-linux-x86_64-debian-clang 1.0.0 2.63 34.42 37.05 OK
r-devel-linux-x86_64-debian-gcc 1.0.0 1.95 26.44 28.39 OK
r-devel-linux-x86_64-fedora-clang 1.0.0 53.12 NOTE
r-devel-linux-x86_64-fedora-gcc 1.0.0 49.20 NOTE
r-devel-windows-ix86+x86_64 1.0.0 8.00 52.00 60.00 OK
r-patched-linux-x86_64 1.0.0 2.62 33.11 35.73 OK
r-patched-solaris-x86 1.0.0 66.40 NOTE
r-release-linux-x86_64 1.0.0 2.61 33.09 35.70 OK
r-release-macos-x86_64 1.0.0 NOTE
r-release-windows-ix86+x86_64 1.0.0 8.00 42.00 50.00 OK
r-oldrel-macos-x86_64 1.0.0 NOTE
r-oldrel-windows-ix86+x86_64 1.0.0 5.00 52.00 57.00 OK

Check Details

Version: 1.0.0
Check: dependencies in R code
Result: NOTE
    Namespaces in Imports field not imported from:
     ‘purrr’ ‘shinyBS’ ‘shinydashboard’ ‘shinyjs’
     All declared Imports should be used.
Flavors: r-devel-linux-x86_64-fedora-clang, r-devel-linux-x86_64-fedora-gcc, r-patched-solaris-x86, r-release-macos-x86_64, r-oldrel-macos-x86_64