CRAN Package Check Results for Package arena2r

Last updated on 2019-11-21 23:48:33 CET.

Flavor Version Tinstall Tcheck Ttotal Status Flags
r-devel-linux-x86_64-debian-clang 1.0.0 2.26 35.00 37.26 OK
r-devel-linux-x86_64-debian-gcc 1.0.0 1.97 28.41 30.38 OK
r-devel-linux-x86_64-fedora-clang 1.0.0 45.03 NOTE
r-devel-linux-x86_64-fedora-gcc 1.0.0 46.30 NOTE
r-devel-windows-ix86+x86_64 1.0.0 16.00 63.00 79.00 OK
r-devel-windows-ix86+x86_64-gcc8 1.0.0 9.00 46.00 55.00 OK
r-patched-linux-x86_64 1.0.0 1.59 34.39 35.98 OK
r-patched-solaris-x86 1.0.0 59.30 NOTE
r-release-linux-x86_64 1.0.0 1.91 34.30 36.21 OK
r-release-windows-ix86+x86_64 1.0.0 12.00 65.00 77.00 OK
r-release-osx-x86_64 1.0.0 NOTE
r-oldrel-windows-ix86+x86_64 1.0.0 4.00 72.00 76.00 OK
r-oldrel-osx-x86_64 1.0.0 NOTE

Check Details

Version: 1.0.0
Check: dependencies in R code
Result: NOTE
    Namespaces in Imports field not imported from:
     ‘purrr’ ‘shinyBS’ ‘shinydashboard’ ‘shinyjs’
     All declared Imports should be used.
Flavors: r-devel-linux-x86_64-fedora-clang, r-devel-linux-x86_64-fedora-gcc, r-patched-solaris-x86, r-release-osx-x86_64, r-oldrel-osx-x86_64