CRAN Package Check Results for Package arkdb

Last updated on 2020-06-06 00:49:20 CEST.

Flavor Version Tinstall Tcheck Ttotal Status Flags
r-devel-linux-x86_64-debian-clang 0.0.5 3.64 212.40 216.04 NOTE
r-devel-linux-x86_64-debian-gcc 0.0.5 2.71 170.88 173.59 NOTE
r-devel-linux-x86_64-fedora-clang 0.0.5 276.23 NOTE
r-devel-linux-x86_64-fedora-gcc 0.0.5 271.54 NOTE
r-devel-windows-ix86+x86_64 0.0.5 10.00 258.00 268.00 NOTE
r-patched-linux-x86_64 0.0.5 3.37 210.67 214.04 NOTE
r-patched-solaris-x86 0.0.5 354.20 NOTE
r-release-linux-x86_64 0.0.5 3.18 211.93 215.11 NOTE
r-release-osx-x86_64 0.0.5 NOTE
r-release-windows-ix86+x86_64 0.0.5 22.00 285.00 307.00 NOTE
r-oldrel-osx-x86_64 0.0.5 OK
r-oldrel-windows-ix86+x86_64 0.0.5 10.00 316.00 326.00 OK

Check Details

Version: 0.0.5
Check: package dependencies
Result: NOTE
    Package suggested but not available for checking: 'MonetDBLite'
Flavors: r-devel-linux-x86_64-debian-clang, r-devel-linux-x86_64-debian-gcc, r-devel-linux-x86_64-fedora-clang, r-devel-linux-x86_64-fedora-gcc, r-devel-windows-ix86+x86_64, r-patched-linux-x86_64, r-patched-solaris-x86, r-release-linux-x86_64, r-release-osx-x86_64, r-release-windows-ix86+x86_64