CRAN Package Check Results for Package arnie

Last updated on 2020-06-06 04:48:39 CEST.

Flavor Version Tinstall Tcheck Ttotal Status Flags
r-devel-linux-x86_64-debian-clang 0.1.2 1.70 17.48 19.18 NOTE
r-devel-linux-x86_64-debian-gcc 0.1.2 1.39 14.03 15.42 NOTE
r-devel-linux-x86_64-fedora-clang 0.1.2 32.76 NOTE
r-devel-linux-x86_64-fedora-gcc 0.1.2 22.91 NOTE
r-devel-windows-ix86+x86_64 0.1.2 5.00 36.00 41.00 NOTE
r-patched-linux-x86_64 0.1.2 1.69 17.70 19.39 NOTE
r-patched-solaris-x86 0.1.2 36.80 NOTE
r-release-linux-x86_64 0.1.2 1.65 17.22 18.87 NOTE
r-release-osx-x86_64 0.1.2 NOTE
r-release-windows-ix86+x86_64 0.1.2 4.00 29.00 33.00 NOTE
r-oldrel-osx-x86_64 0.1.2 NOTE
r-oldrel-windows-ix86+x86_64 0.1.2 3.00 38.00 41.00 NOTE

Check Details

Version: 0.1.2
Check: DESCRIPTION meta-information
Result: NOTE
    Malformed Description field: should contain one or more complete sentences.
Flavors: r-devel-linux-x86_64-debian-clang, r-devel-linux-x86_64-debian-gcc, r-devel-linux-x86_64-fedora-clang, r-devel-linux-x86_64-fedora-gcc, r-devel-windows-ix86+x86_64, r-patched-linux-x86_64, r-patched-solaris-x86, r-release-linux-x86_64, r-release-osx-x86_64, r-release-windows-ix86+x86_64, r-oldrel-osx-x86_64, r-oldrel-windows-ix86+x86_64