CRAN Package Check Results for Package arnie

Last updated on 2019-11-18 20:47:12 CET.

Flavor Version Tinstall Tcheck Ttotal Status Flags
r-devel-linux-x86_64-debian-clang 0.1.2 1.50 16.70 18.20 NOTE
r-devel-linux-x86_64-debian-gcc 0.1.2 1.30 13.59 14.89 NOTE
r-devel-linux-x86_64-fedora-clang 0.1.2 22.83 NOTE
r-devel-linux-x86_64-fedora-gcc 0.1.2 23.02 NOTE
r-devel-windows-ix86+x86_64 0.1.2 4.00 27.00 31.00 NOTE
r-patched-linux-x86_64 0.1.2 1.35 16.13 17.48 NOTE
r-patched-solaris-x86 0.1.2 34.30 NOTE
r-release-linux-x86_64 0.1.2 1.22 15.80 17.02 NOTE
r-release-windows-ix86+x86_64 0.1.2 3.00 38.00 41.00 NOTE
r-release-osx-x86_64 0.1.2 NOTE
r-oldrel-windows-ix86+x86_64 0.1.2 2.00 25.00 27.00 NOTE
r-oldrel-osx-x86_64 0.1.2 NOTE

Check Details

Version: 0.1.2
Check: DESCRIPTION meta-information
Result: NOTE
    Malformed Description field: should contain one or more complete sentences.
Flavors: r-devel-linux-x86_64-debian-clang, r-devel-linux-x86_64-debian-gcc, r-devel-linux-x86_64-fedora-clang, r-devel-linux-x86_64-fedora-gcc, r-devel-windows-ix86+x86_64, r-patched-linux-x86_64, r-patched-solaris-x86, r-release-linux-x86_64, r-release-windows-ix86+x86_64, r-release-osx-x86_64, r-oldrel-windows-ix86+x86_64, r-oldrel-osx-x86_64