CRAN Package Check Results for Package aroma.core

Last updated on 2019-11-21 23:48:33 CET.

Flavor Version Tinstall Tcheck Ttotal Status Flags
r-devel-linux-x86_64-debian-clang 3.2.0 27.21 154.45 181.66 NOTE
r-devel-linux-x86_64-debian-gcc 3.2.0 24.39 123.49 147.88 NOTE
r-devel-linux-x86_64-fedora-clang 3.2.0 210.94 NOTE
r-devel-linux-x86_64-fedora-gcc 3.2.0 221.33 NOTE
r-devel-windows-ix86+x86_64 3.2.0 69.00 235.00 304.00 NOTE
r-devel-windows-ix86+x86_64-gcc8 3.2.0 48.00 158.00 206.00 NOTE
r-patched-linux-x86_64 3.2.0 25.78 147.33 173.11 NOTE
r-patched-solaris-x86 3.2.0 266.90 NOTE
r-release-linux-x86_64 3.2.0 23.26 150.49 173.75 NOTE
r-release-windows-ix86+x86_64 3.2.0 73.00 226.00 299.00 NOTE
r-release-osx-x86_64 3.2.0 NOTE
r-oldrel-windows-ix86+x86_64 3.2.0 29.00 195.00 224.00 NOTE
r-oldrel-osx-x86_64 3.2.0 NOTE

Check Details

Version: 3.2.0
Check: package dependencies
Result: NOTE
    Packages suggested but not available for checking:
     'sfit', 'expectile', 'HaarSeg', 'mpcbs'
Flavors: r-devel-linux-x86_64-debian-clang, r-devel-linux-x86_64-debian-gcc, r-devel-linux-x86_64-fedora-clang, r-devel-linux-x86_64-fedora-gcc, r-devel-windows-ix86+x86_64, r-devel-windows-ix86+x86_64-gcc8, r-patched-linux-x86_64, r-patched-solaris-x86, r-release-linux-x86_64, r-release-windows-ix86+x86_64

Version: 3.2.0
Check: package dependencies
Result: NOTE
    Packages suggested but not available for checking:
     'GLAD', 'sfit', 'expectile', 'HaarSeg', 'mpcbs'
Flavor: r-release-osx-x86_64

Version: 3.2.0
Check: Rd cross-references
Result: NOTE
    Package unavailable to check Rd xrefs: ‘GLAD’
Flavors: r-release-osx-x86_64, r-oldrel-osx-x86_64

Version: 3.2.0
Check: package dependencies
Result: NOTE
    Packages suggested but not available for checking:
     'sfit' 'expectile' 'HaarSeg' 'mpcbs'
Flavor: r-oldrel-windows-ix86+x86_64

Version: 3.2.0
Check: package dependencies
Result: NOTE
    Packages suggested but not available for checking:
     ‘GLAD’ ‘sfit’ ‘expectile’ ‘HaarSeg’ ‘mpcbs’
Flavor: r-oldrel-osx-x86_64