CRAN Package Check Results for Package arrow

Last updated on 2019-11-21 19:48:32 CET.

Flavor Version Tinstall Tcheck Ttotal Status Flags
r-devel-linux-x86_64-debian-clang 0.15.1.1 218.37 45.39 263.76 OK
r-devel-linux-x86_64-debian-gcc 0.15.1.1 141.35 37.19 178.54 OK
r-devel-linux-x86_64-fedora-clang 0.15.1.1 372.06 OK
r-devel-linux-x86_64-fedora-gcc 0.15.1.1 333.30 OK
r-devel-windows-ix86+x86_64 0.15.1.1 926.00 195.00 1121.00 NOTE
r-devel-windows-ix86+x86_64-gcc8 0.15.1.1 759.00 136.00 895.00 NOTE
r-patched-linux-x86_64 0.15.1.1 151.13 43.77 194.90 OK
r-patched-solaris-x86 0.15.1.1 318.60 OK
r-release-linux-x86_64 0.15.1.1 155.84 43.61 199.45 OK
r-release-windows-ix86+x86_64 0.15.1.1 960.00 188.00 1148.00 NOTE
r-release-osx-x86_64 0.15.1.1 NOTE
r-oldrel-windows-ix86+x86_64 0.15.1.1 688.00 198.00 886.00 NOTE
r-oldrel-osx-x86_64 0.15.1.1 NOTE

Check Details

Version: 0.15.1.1
Check: installed package size
Result: NOTE
     installed size is 15.6Mb
     sub-directories of 1Mb or more:
     R 2.4Mb
     libs 12.9Mb
Flavors: r-devel-windows-ix86+x86_64, r-devel-windows-ix86+x86_64-gcc8, r-release-windows-ix86+x86_64, r-release-osx-x86_64, r-oldrel-windows-ix86+x86_64, r-oldrel-osx-x86_64