CRAN Package Check Results for Package arrow

Last updated on 2020-12-01 23:48:21 CET.

Flavor Version Tinstall Tcheck Ttotal Status Flags
r-devel-linux-x86_64-debian-clang 2.0.0 1975.76 99.55 2075.31 OK
r-devel-linux-x86_64-debian-gcc 2.0.0 973.93 77.57 1051.50 OK
r-devel-linux-x86_64-fedora-clang 2.0.0 2145.73 NOTE
r-devel-linux-x86_64-fedora-gcc 2.0.0 1794.40 OK
r-devel-windows-ix86+x86_64 2.0.0 497.00 275.00 772.00 NOTE
r-patched-linux-x86_64 2.0.0 0.90 5.61 6.51 ERROR
r-release-linux-x86_64 2.0.0 1134.69 95.11 1229.80 OK
r-release-macos-x86_64 2.0.0 NOTE
r-release-windows-ix86+x86_64 2.0.0 506.00 235.00 741.00 NOTE
r-oldrel-macos-x86_64 2.0.0 NOTE
r-oldrel-windows-ix86+x86_64 2.0.0 453.00 253.00 706.00 NOTE

Check Details

Version: 2.0.0
Check: installed package size
Result: NOTE
     installed size is 37.3Mb
     sub-directories of 1Mb or more:
     R 3.4Mb
     libs 33.4Mb
Flavors: r-devel-linux-x86_64-fedora-clang, r-devel-windows-ix86+x86_64, r-release-macos-x86_64, r-release-windows-ix86+x86_64, r-oldrel-macos-x86_64, r-oldrel-windows-ix86+x86_64

Version: 2.0.0
Check: whether package can be installed
Result: ERROR
    Installation failed.
Flavor: r-patched-linux-x86_64