CRAN Package Check Results for Package arulesSequences

Last updated on 2020-06-06 00:49:20 CEST.

Flavor Version Tinstall Tcheck Ttotal Status Flags
r-devel-linux-x86_64-debian-clang 0.2-25 33.00 135.17 168.17 OK
r-devel-linux-x86_64-debian-gcc 0.2-25 26.48 102.81 129.29 OK
r-devel-linux-x86_64-fedora-clang 0.2-25 224.37 OK
r-devel-linux-x86_64-fedora-gcc 0.2-25 198.74 OK
r-devel-windows-ix86+x86_64 0.2-25 96.00 262.00 358.00 NOTE
r-patched-linux-x86_64 0.2-25 28.41 135.40 163.81 OK
r-patched-solaris-x86 0.2-25 285.40 OK
r-release-linux-x86_64 0.2-25 31.97 134.62 166.59 OK
r-release-osx-x86_64 0.2-25 OK
r-release-windows-ix86+x86_64 0.2-25 89.00 292.00 381.00 NOTE
r-oldrel-osx-x86_64 0.2-25 OK
r-oldrel-windows-ix86+x86_64 0.2-25 106.00 210.00 316.00 NOTE

Check Details

Version: 0.2-25
Check: installed package size
Result: NOTE
     installed size is 26.0Mb
     sub-directories of 1Mb or more:
     bin 22.9Mb
     misc 2.1Mb
Flavors: r-devel-windows-ix86+x86_64, r-release-windows-ix86+x86_64, r-oldrel-windows-ix86+x86_64