CRAN Package Check Results for Package arulesViz

Last updated on 2020-09-30 16:47:20 CEST.

Flavor Version Tinstall Tcheck Ttotal Status Flags
r-devel-linux-x86_64-debian-clang 1.3-3 13.52 145.10 158.62 OK
r-devel-linux-x86_64-debian-gcc 1.3-3 12.62 108.01 120.63 OK
r-devel-linux-x86_64-fedora-clang 1.3-3 202.52 OK
r-devel-linux-x86_64-fedora-gcc 1.3-3 185.05 OK
r-devel-windows-ix86+x86_64 1.3-3 34.00 168.00 202.00 OK
r-patched-linux-x86_64 1.3-3 12.07 133.94 146.01 OK
r-patched-solaris-x86 1.3-3 246.60 OK
r-release-linux-x86_64 1.3-3 15.57 131.75 147.32 OK
r-release-macos-x86_64 1.3-3 OK
r-release-windows-ix86+x86_64 1.3-3 34.00 147.00 181.00 OK
r-oldrel-macos-x86_64 1.3-3 NOTE
r-oldrel-windows-ix86+x86_64 1.3-3 29.00 165.00 194.00 OK

Check Details

Version: 1.3-3
Check: package dependencies
Result: NOTE
    Packages suggested but not available for checking: 'graph', 'Rgraphviz'
Flavor: r-oldrel-macos-x86_64