CRAN Package Check Results for Package arulesViz

Last updated on 2019-11-21 19:48:32 CET.

Flavor Version Tinstall Tcheck Ttotal Status Flags
r-devel-linux-x86_64-debian-clang 1.3-3 13.13 127.83 140.96 OK
r-devel-linux-x86_64-debian-gcc 1.3-3 13.65 102.28 115.93 OK
r-devel-linux-x86_64-fedora-clang 1.3-3 169.72 OK
r-devel-linux-x86_64-fedora-gcc 1.3-3 174.26 OK
r-devel-windows-ix86+x86_64 1.3-3 51.00 188.00 239.00 OK
r-devel-windows-ix86+x86_64-gcc8 1.3-3 33.00 132.00 165.00 OK
r-patched-linux-x86_64 1.3-3 12.46 121.94 134.40 OK
r-patched-solaris-x86 1.3-3 234.50 OK
r-release-linux-x86_64 1.3-3 13.86 120.77 134.63 OK
r-release-windows-ix86+x86_64 1.3-3 47.00 183.00 230.00 OK
r-release-osx-x86_64 1.3-3 NOTE
r-oldrel-windows-ix86+x86_64 1.3-3 14.00 223.00 237.00 OK
r-oldrel-osx-x86_64 1.3-3 OK

Check Details

Version: 1.3-3
Check: package dependencies
Result: NOTE
    Packages suggested but not available for checking: 'graph', 'Rgraphviz'
Flavor: r-release-osx-x86_64