CRAN Package Check Results for Package aslib

Last updated on 2019-11-21 19:48:32 CET.

Flavor Version Tinstall Tcheck Ttotal Status Flags
r-devel-linux-x86_64-debian-clang 0.1 18.84 158.23 177.07 OK
r-devel-linux-x86_64-debian-gcc 0.1 13.94 123.57 137.51 OK
r-devel-linux-x86_64-fedora-clang 0.1 203.83 OK
r-devel-linux-x86_64-fedora-gcc 0.1 219.42 OK
r-devel-windows-ix86+x86_64 0.1 31.00 6.00 37.00 ERROR
r-devel-windows-ix86+x86_64-gcc8 0.1 19.00 6.00 25.00 ERROR
r-patched-linux-x86_64 0.1 18.26 148.55 166.81 OK
r-release-linux-x86_64 0.1 17.26 147.84 165.10 OK
r-release-windows-ix86+x86_64 0.1 48.00 214.00 262.00 OK
r-release-osx-x86_64 0.1 OK
r-oldrel-windows-ix86+x86_64 0.1 16.00 254.00 270.00 OK
r-oldrel-osx-x86_64 0.1 OK

Check Details

Version: 0.1
Check: whether package can be installed
Result: ERROR
    Installation failed.
Flavors: r-devel-windows-ix86+x86_64, r-devel-windows-ix86+x86_64-gcc8