CRAN Package Check Results for Package assertive.reflection

Last updated on 2020-09-30 08:48:36 CEST.

Flavor Version Tinstall Tcheck Ttotal Status Flags
r-devel-linux-x86_64-debian-clang 0.0-5 3.31 27.94 31.25 OK
r-devel-linux-x86_64-debian-gcc 0.0-5 2.47 21.60 24.07 OK
r-devel-linux-x86_64-fedora-clang 0.0-5 47.20 NOTE
r-devel-linux-x86_64-fedora-gcc 0.0-5 36.70 OK
r-devel-windows-ix86+x86_64 0.0-5 6.00 46.00 52.00 OK
r-patched-linux-x86_64 0.0-5 2.60 26.56 29.16 OK
r-patched-solaris-x86 0.0-5 53.90 OK
r-release-linux-x86_64 0.0-5 3.21 26.60 29.81 OK
r-release-macos-x86_64 0.0-5 OK
r-release-windows-ix86+x86_64 0.0-5 15.00 46.00 61.00 OK
r-oldrel-macos-x86_64 0.0-5 OK
r-oldrel-windows-ix86+x86_64 0.0-5 5.00 47.00 52.00 OK

Check Details

Version: 0.0-5
Check: Rd cross-references
Result: NOTE
    Undeclared package ‘rstudioapi’ in Rd xrefs
Flavor: r-devel-linux-x86_64-fedora-clang