CRAN Package Check Results for Package bayesDP

Last updated on 2019-04-22 01:47:30 CEST.

Flavor Version Tinstall Tcheck Ttotal Status Flags
r-devel-linux-x86_64-debian-clang 1.3.2 42.72 107.91 150.63 OK
r-devel-linux-x86_64-debian-gcc 1.3.2 38.30 87.83 126.13 OK
r-devel-linux-x86_64-fedora-clang 1.3.2 161.15 NOTE
r-devel-linux-x86_64-fedora-gcc 1.3.2 159.22 NOTE
r-devel-windows-ix86+x86_64 1.3.2 111.00 153.00 264.00 OK
r-patched-linux-x86_64 1.3.2 45.23 104.19 149.42 OK
r-patched-solaris-x86 1.3.2 244.30 NOTE
r-release-linux-x86_64 1.3.2 42.28 93.64 135.92 OK
r-release-windows-ix86+x86_64 1.3.2 79.00 174.00 253.00 OK
r-release-osx-x86_64 1.3.2 NOTE
r-oldrel-windows-ix86+x86_64 1.3.2 114.00 204.00 318.00 OK
r-oldrel-osx-x86_64 1.3.2 NOTE

Check Details

Version: 1.3.2
Check: dependencies in R code
Result: NOTE
    Namespace in Imports field not imported from: ‘Rcpp’
     All declared Imports should be used.
Flavors: r-devel-linux-x86_64-fedora-clang, r-devel-linux-x86_64-fedora-gcc, r-patched-solaris-x86, r-release-osx-x86_64, r-oldrel-osx-x86_64