CRAN Package Check Results for Package bbo

Last updated on 2019-10-15 20:48:39 CEST.

Flavor Version Tinstall Tcheck Ttotal Status Flags
r-devel-linux-x86_64-debian-clang 0.2 1.80 21.70 23.50 NOTE
r-devel-linux-x86_64-debian-gcc 0.2 1.64 17.74 19.38 NOTE
r-devel-linux-x86_64-fedora-clang 0.2 31.25 NOTE
r-devel-linux-x86_64-fedora-gcc 0.2 31.27 NOTE
r-devel-windows-ix86+x86_64 0.2 7.00 39.00 46.00 NOTE
r-patched-linux-x86_64 0.2 1.66 21.31 22.97 NOTE
r-patched-solaris-x86 0.2 44.50 NOTE
r-release-linux-x86_64 0.2 1.56 21.55 23.11 NOTE
r-release-windows-ix86+x86_64 0.2 4.00 50.00 54.00 NOTE
r-release-osx-x86_64 0.2 NOTE
r-oldrel-windows-ix86+x86_64 0.2 2.00 39.00 41.00 NOTE
r-oldrel-osx-x86_64 0.2 NOTE

Check Details

Version: 0.2
Check: R code for possible problems
Result: NOTE
    bbo: no visible global function definition for 'runif'
    bbo: no visible global function definition for 'tail'
    plot.bbo: no visible global function definition for 'plot'
    Undefined global functions or variables:
     plot runif tail
    Consider adding
     importFrom("graphics", "plot")
     importFrom("stats", "runif")
     importFrom("utils", "tail")
    to your NAMESPACE file.
Flavors: r-devel-linux-x86_64-debian-clang, r-devel-linux-x86_64-debian-gcc, r-devel-linux-x86_64-fedora-clang, r-devel-linux-x86_64-fedora-gcc, r-devel-windows-ix86+x86_64, r-patched-linux-x86_64, r-patched-solaris-x86, r-release-linux-x86_64, r-release-windows-ix86+x86_64, r-release-osx-x86_64, r-oldrel-windows-ix86+x86_64, r-oldrel-osx-x86_64