CRAN Package Check Results for Package bigQueryR

Last updated on 2020-07-15 04:47:24 CEST.

Flavor Version Tinstall Tcheck Ttotal Status Flags
r-devel-linux-x86_64-debian-clang 0.5.0 4.64 37.87 42.51 OK
r-devel-linux-x86_64-debian-gcc 0.5.0 3.64 30.39 34.03 OK
r-devel-linux-x86_64-fedora-clang 0.5.0 61.13 NOTE
r-devel-linux-x86_64-fedora-gcc 0.5.0 54.18 OK
r-devel-windows-ix86+x86_64 0.5.0 19.00 71.00 90.00 OK
r-patched-linux-x86_64 0.5.0 4.42 38.51 42.93 OK
r-patched-solaris-x86 0.5.0 74.80 OK
r-release-linux-x86_64 0.5.0 3.76 37.59 41.35 OK
r-release-macos-x86_64 0.5.0 ERROR
r-release-windows-ix86+x86_64 0.5.0 14.00 57.00 71.00 OK
r-oldrel-macos-x86_64 0.5.0 OK
r-oldrel-windows-ix86+x86_64 0.5.0 11.00 76.00 87.00 OK

Check Details

Version: 0.5.0
Check: Rd cross-references
Result: NOTE
    Undeclared package ‘bigrquery’ in Rd xrefs
Flavor: r-devel-linux-x86_64-fedora-clang

Version: 0.5.0
Check: whether package can be installed
Result: ERROR
    Installation failed.
Flavor: r-release-macos-x86_64